{"id":7217,"date":"2020-02-03T18:23:51","date_gmt":"2020-02-03T17:23:51","guid":{"rendered":"https:\/\/www.archiv-frau-musik.de\/?page_id=7217"},"modified":"2026-01-22T22:02:24","modified_gmt":"2026-01-22T21:02:24","slug":"woraufwartenwir","status":"publish","type":"page","link":"https:\/\/www.archiv-frau-musik.de\/fr\/woraufwartenwir","title":{"rendered":"#WoraufWartenWir? (Qu\u2019attendons-nous?)"},"content":{"rendered":"<p>En 2020, l&rsquo;Archive Frau und Musik ont lanc\u00e9 leur troisi\u00e8me projet de num\u00e9risation. Apr\u00e8s les projets <a href=\"https:\/\/www.archiv-frau-musik.de\/fr\/parfumo\"><em>PARFUMO \u2013 Projekt ARchiv Frau Und Musik Online<\/em><\/a> (2018) et <a href=\"https:\/\/www.archiv-frau-musik.de\/fr\/mascha\"><em>MASCHA \u2013 Musik-Akteurinnen SCHaffen Aufmerksamkeit<\/em><\/a> (2019), le projet <a href=\"https:\/\/www.archiv-frau-musik.de\/fr\/woraufwartenwir\"><em>Worauf warten wir?<\/em><\/a> (Qu&rsquo;attendons-nous ?) s&rsquo;est concentr\u00e9 en 2020 sur le patrimoine des compositrices <a href=\"https:\/\/www.archiv-frau-musik.de\/fr\/felicitas-kukuck-1914-2001\">Felicitas Kukuck<\/a>, <a href=\"https:\/\/www.archiv-frau-musik.de\/fr\/leni-alexander-1924-2005\">Leni Alexander<\/a>, Silvia Alvarez de la Fuente, et <a href=\"https:\/\/www.archiv-frau-musik.de\/fr\/weronika-aleksandra-markiewicz-1962-2003\">Weronika Aleksandra Markiewic<\/a>z. \u00ab\u00a0Le projet est con\u00e7u pour rendre visibles des facettes moins connues de l&rsquo;histoire de la musique\u00a0\u00bb, d\u00e9crit Mary Ellen Kitchens, membre du conseil d&rsquo;administration de l&rsquo;association Internationale Arbeitskreis Frau und Musik e. V. \u00ab\u00a0Comme les \u0153uvres des compositrices ne sont que rarement int\u00e9gr\u00e9es dans les canons traditionnels, l&rsquo;historiographie les marginalise encore aujourd&rsquo;hui\u00a0\u00bb.<\/p>\n<p>Une convention professionnelle a \u00e9t\u00e9 organis\u00e9e dans le cadre du travail de promotion de ce projet. Des \u0153uvres de Kukuck ainsi que d&rsquo;autres \u0153uvres chorales de compositrices y ont \u00e9t\u00e9 pr\u00e9sent\u00e9es, et une r\u00e9flexion a \u00e9t\u00e9 men\u00e9e sur les liens entre la musique chorale, les positions politiques, et le mouvement f\u00e9ministe. Outre le traitement et la mise en valeur de ces fonds (partiels), certaines parties de ces contenus ont \u00e9t\u00e9 num\u00e9ris\u00e9es et, apr\u00e8s clarification des droits, rendues accessibles \u00e0 un large public sur le portail sp\u00e9cialis\u00e9 des <em>Archives num\u00e9riques allemandes des femmes<\/em> (DDF). Comme dans les projets pr\u00e9c\u00e9dents, les documents num\u00e9ris\u00e9s ont \u00e9t\u00e9 contextualis\u00e9s par des dissertations th\u00e9matiques. Les num\u00e9risations r\u00e9alis\u00e9es dans le cadre de ce projet viennent s&rsquo;ajouter au nombre croissant de contenus publi\u00e9s <a href=\"https:\/\/www.digitales-deutsches-frauenarchiv.de\/start\" target=\"_blank\" rel=\"noopener\">sur la DDF depuis 2018<\/a>.<\/p>\n<p>Tous les projets DDF ont pour but de faciliter la recherche de mat\u00e9riel provenant d\u2019Archiv Frau und Musik, et d&rsquo;inciter \u00e0 se pencher sur ce mat\u00e9riel. Vous trouverez <a href=\"https:\/\/www.archiv-frau-musik.de\/wp-content\/uploads\/2019\/08\/AFM_PI_MASCHA_DDF.pdf\">plus d&rsquo;informations \u00e0 t\u00e9l\u00e9charger ici<\/a>.<\/p>\n<p><strong>\u00c9quipe de projet<\/strong><br \/>\nMary Ellen Kitchens M. A. (direction du projet) | Julian Fischer M. A. (coordination de projet) | Jelena Rothermel M. A. (assistance au projet)<\/p>\n<p>Voici le lien vers les contenus publi\u00e9s dans les <a href=\"https:\/\/www.digitales-deutsches-frauenarchiv.de\/suche?term=%22Archiv%20Frau%20und%20Musik%22\" target=\"_blank\" rel=\"noopener\">Archives Num\u00e9riques Allemandes des Femmes<\/a> (DDF).<\/p>\n<p>Dans le cadre du projet, les dissertations suivantes ont \u00e9t\u00e9 publi\u00e9es dans les <em>Archives f\u00e9minines num\u00e9riques allemandes<\/em> (DDF):<\/p>\n<ul>\n<li>Dissertation sur la compositrice <a href=\"https:\/\/www.digitales-deutsches-frauenarchiv.de\/akteurinnen\/weronika-aleksandra-markiewicz\" target=\"_blank\" rel=\"noopener\">Weronika Alexandra Markiewicz<\/a><\/li>\n<li>Dissertation sur la compositrice <a href=\"https:\/\/www.digitales-deutsches-frauenarchiv.de\/akteurinnen\/silvia-leonor-alvarez-de-la-fuente\" target=\"_blank\" rel=\"noopener\">Silvia Leonor Alvarez de la Fuentes<\/a><\/li>\n<li>Dissertation sur la compositrice <a href=\"https:\/\/www.digitales-deutsches-frauenarchiv.de\/akteurinnen\/leni-helene-alexander\" target=\"_blank\" rel=\"noopener\">Leni Alexander<\/a><\/li>\n<li>Dissertation sur le th\u00e8me <a href=\"https:\/\/www.digitales-deutsches-frauenarchiv.de\/themen\/musik-und-widerstand-engagierte-komponistinnen\" target=\"_blank\" rel=\"noopener\">\u00ab\u00a0Musique et r\u00e9sistance\u00a0\u00bb<\/a><\/li>\n<\/ul>\n<p><\/p>","protected":false},"excerpt":{"rendered":"<p>En 2020, l&rsquo;Archive Frau und Musik ont lanc\u00e9 leur troisi\u00e8me projet de num\u00e9risation. Apr\u00e8s les projets PARFUMO \u2013 Projekt ARchiv Frau Und Musik Online (2018) et MASCHA \u2013 Musik-Akteurinnen SCHaffen Aufmerksamkeit (2019), le projet Worauf warten wir? (Qu&rsquo;attendons-nous ?) s&rsquo;est concentr\u00e9 en 2020 sur le patrimoine des compositrices Felicitas Kukuck, Leni Alexander, Silvia Alvarez de &#8230; <a title=\"#WoraufWartenWir? (Qu\u2019attendons-nous?)\" class=\"read-more\" href=\"https:\/\/www.archiv-frau-musik.de\/fr\/woraufwartenwir\" aria-label=\"En savoir plus sur #WoraufWartenWir? (Qu\u2019attendons-nous?)\">Weiterlesen &#8230;<\/a><\/p>\n","protected":false},"author":5,"featured_media":0,"parent":0,"menu_order":0,"comment_status":"closed","ping_status":"closed","template":"","meta":{"generate_page_header":"","footnotes":""},"class_list":["post-7217","page","type-page","status-publish"],"yoast_head":"<!-- This site is optimized with the Yoast SEO plugin v27.4 - https:\/\/yoast.com\/product\/yoast-seo-wordpress\/ -->\n<title>#WoraufWartenWir? (Qu\u2019attendons-nous?) &#8211; Archiv Frau und Musik<\/title>\n<meta name=\"robots\" content=\"index, follow, max-snippet:-1, max-image-preview:large, max-video-preview:-1\" \/>\n<link rel=\"canonical\" href=\"https:\/\/www.archiv-frau-musik.de\/fr\/woraufwartenwir\" \/>\n<meta property=\"og:locale\" content=\"fr_FR\" \/>\n<meta property=\"og:type\" content=\"article\" \/>\n<meta property=\"og:title\" content=\"#WoraufWartenWir? (Qu\u2019attendons-nous?) &#8211; Archiv Frau und Musik\" \/>\n<meta property=\"og:description\" content=\"En 2020, l&rsquo;Archive Frau und Musik ont lanc\u00e9 leur troisi\u00e8me projet de num\u00e9risation. Apr\u00e8s les projets PARFUMO \u2013 Projekt ARchiv Frau Und Musik Online (2018) et MASCHA \u2013 Musik-Akteurinnen SCHaffen Aufmerksamkeit (2019), le projet Worauf warten wir? (Qu&rsquo;attendons-nous ?) s&rsquo;est concentr\u00e9 en 2020 sur le patrimoine des compositrices Felicitas Kukuck, Leni Alexander, Silvia Alvarez de ... Weiterlesen ...\" \/>\n<meta property=\"og:url\" content=\"https:\/\/www.archiv-frau-musik.de\/fr\/woraufwartenwir\" \/>\n<meta property=\"og:site_name\" content=\"Archiv Frau und Musik\" \/>\n<meta property=\"article:modified_time\" content=\"2026-01-22T21:02:24+00:00\" \/>\n<meta name=\"twitter:card\" content=\"summary_large_image\" \/>\n<meta name=\"twitter:label1\" content=\"Dur\u00e9e de lecture estim\u00e9e\" \/>\n\t<meta name=\"twitter:data1\" content=\"2 minutes\" \/>\n<script type=\"application\/ld+json\" class=\"yoast-schema-graph\">{\"@context\":\"https:\\\/\\\/schema.org\",\"@graph\":[{\"@type\":\"WebPage\",\"@id\":\"https:\\\/\\\/www.archiv-frau-musik.de\\\/fr\\\/woraufwartenwir\",\"url\":\"https:\\\/\\\/www.archiv-frau-musik.de\\\/fr\\\/woraufwartenwir\",\"name\":\"#WoraufWartenWir? (Qu\u2019attendons-nous?) &#8211; Archiv Frau und Musik\",\"isPartOf\":{\"@id\":\"https:\\\/\\\/www.archiv-frau-musik.de\\\/fr\\\/#website\"},\"datePublished\":\"2020-02-03T17:23:51+00:00\",\"dateModified\":\"2026-01-22T21:02:24+00:00\",\"breadcrumb\":{\"@id\":\"https:\\\/\\\/www.archiv-frau-musik.de\\\/fr\\\/woraufwartenwir#breadcrumb\"},\"inLanguage\":\"fr-FR\",\"potentialAction\":[{\"@type\":\"ReadAction\",\"target\":[[\"https:\\\/\\\/www.archiv-frau-musik.de\\\/fr\\\/woraufwartenwir\"]]}]},{\"@type\":\"BreadcrumbList\",\"@id\":\"https:\\\/\\\/www.archiv-frau-musik.de\\\/fr\\\/woraufwartenwir#breadcrumb\",\"itemListElement\":[{\"@type\":\"ListItem\",\"position\":1,\"name\":\"Startseite\",\"item\":\"https:\\\/\\\/www.archiv-frau-musik.de\\\/fr\\\/\"},{\"@type\":\"ListItem\",\"position\":2,\"name\":\"#WoraufWartenWir?\"}]},{\"@type\":\"WebSite\",\"@id\":\"https:\\\/\\\/www.archiv-frau-musik.de\\\/fr\\\/#website\",\"url\":\"https:\\\/\\\/www.archiv-frau-musik.de\\\/fr\\\/\",\"name\":\"Archiv Frau und Musik\",\"description\":\"\",\"potentialAction\":[{\"@type\":\"SearchAction\",\"target\":{\"@type\":\"EntryPoint\",\"urlTemplate\":\"https:\\\/\\\/www.archiv-frau-musik.de\\\/fr\\\/?s={search_term_string}\"},\"query-input\":{\"@type\":\"PropertyValueSpecification\",\"valueRequired\":true,\"valueName\":\"search_term_string\"}}],\"inLanguage\":\"fr-FR\"}]}<\/script>\n<!-- \/ Yoast SEO plugin. -->","yoast_head_json":{"title":"#WoraufWartenWir? (Qu\u2019attendons-nous?) &#8211; Archiv Frau und Musik","robots":{"index":"index","follow":"follow","max-snippet":"max-snippet:-1","max-image-preview":"max-image-preview:large","max-video-preview":"max-video-preview:-1"},"canonical":"https:\/\/www.archiv-frau-musik.de\/fr\/woraufwartenwir","og_locale":"fr_FR","og_type":"article","og_title":"#WoraufWartenWir? (Qu\u2019attendons-nous?) &#8211; Archiv Frau und Musik","og_description":"En 2020, l&rsquo;Archive Frau und Musik ont lanc\u00e9 leur troisi\u00e8me projet de num\u00e9risation. Apr\u00e8s les projets PARFUMO \u2013 Projekt ARchiv Frau Und Musik Online (2018) et MASCHA \u2013 Musik-Akteurinnen SCHaffen Aufmerksamkeit (2019), le projet Worauf warten wir? (Qu&rsquo;attendons-nous ?) s&rsquo;est concentr\u00e9 en 2020 sur le patrimoine des compositrices Felicitas Kukuck, Leni Alexander, Silvia Alvarez de ... Weiterlesen ...","og_url":"https:\/\/www.archiv-frau-musik.de\/fr\/woraufwartenwir","og_site_name":"Archiv Frau und Musik","article_modified_time":"2026-01-22T21:02:24+00:00","twitter_card":"summary_large_image","twitter_misc":{"Dur\u00e9e de lecture estim\u00e9e":"2 minutes"},"schema":{"@context":"https:\/\/schema.org","@graph":[{"@type":"WebPage","@id":"https:\/\/www.archiv-frau-musik.de\/fr\/woraufwartenwir","url":"https:\/\/www.archiv-frau-musik.de\/fr\/woraufwartenwir","name":"#WoraufWartenWir? (Qu\u2019attendons-nous?) &#8211; Archiv Frau und Musik","isPartOf":{"@id":"https:\/\/www.archiv-frau-musik.de\/fr\/#website"},"datePublished":"2020-02-03T17:23:51+00:00","dateModified":"2026-01-22T21:02:24+00:00","breadcrumb":{"@id":"https:\/\/www.archiv-frau-musik.de\/fr\/woraufwartenwir#breadcrumb"},"inLanguage":"fr-FR","potentialAction":[{"@type":"ReadAction","target":[["https:\/\/www.archiv-frau-musik.de\/fr\/woraufwartenwir"]]}]},{"@type":"BreadcrumbList","@id":"https:\/\/www.archiv-frau-musik.de\/fr\/woraufwartenwir#breadcrumb","itemListElement":[{"@type":"ListItem","position":1,"name":"Startseite","item":"https:\/\/www.archiv-frau-musik.de\/fr\/"},{"@type":"ListItem","position":2,"name":"#WoraufWartenWir?"}]},{"@type":"WebSite","@id":"https:\/\/www.archiv-frau-musik.de\/fr\/#website","url":"https:\/\/www.archiv-frau-musik.de\/fr\/","name":"Archiv Frau und Musik","description":"","potentialAction":[{"@type":"SearchAction","target":{"@type":"EntryPoint","urlTemplate":"https:\/\/www.archiv-frau-musik.de\/fr\/?s={search_term_string}"},"query-input":{"@type":"PropertyValueSpecification","valueRequired":true,"valueName":"search_term_string"}}],"inLanguage":"fr-FR"}]}},"_links":{"self":[{"href":"https:\/\/www.archiv-frau-musik.de\/fr\/wp-json\/wp\/v2\/pages\/7217","targetHints":{"allow":["GET"]}}],"collection":[{"href":"https:\/\/www.archiv-frau-musik.de\/fr\/wp-json\/wp\/v2\/pages"}],"about":[{"href":"https:\/\/www.archiv-frau-musik.de\/fr\/wp-json\/wp\/v2\/types\/page"}],"author":[{"embeddable":true,"href":"https:\/\/www.archiv-frau-musik.de\/fr\/wp-json\/wp\/v2\/users\/5"}],"replies":[{"embeddable":true,"href":"https:\/\/www.archiv-frau-musik.de\/fr\/wp-json\/wp\/v2\/comments?post=7217"}],"version-history":[{"count":16,"href":"https:\/\/www.archiv-frau-musik.de\/fr\/wp-json\/wp\/v2\/pages\/7217\/revisions"}],"predecessor-version":[{"id":16155,"href":"https:\/\/www.archiv-frau-musik.de\/fr\/wp-json\/wp\/v2\/pages\/7217\/revisions\/16155"}],"wp:attachment":[{"href":"https:\/\/www.archiv-frau-musik.de\/fr\/wp-json\/wp\/v2\/media?parent=7217"}],"curies":[{"name":"wp","href":"https:\/\/api.w.org\/{rel}","templated":true}]}}

<p>En 2020, l&rsquo;Archive Frau und Musik ont lancé leur troisième projet de numérisation. Après les projets <a href="https://www.archiv-frau-musik.de/fr/parfumo"><em>PARFUMO – Projekt ARchiv Frau Und Musik Online</em></a> (2018) et <a href="https://www.archiv-frau-musik.de/fr/mascha"><em>MASCHA – Musik-Akteurinnen SCHaffen Aufmerksamkeit</em></a> (2019), le projet <a href="https://www.archiv-frau-musik.de/fr/woraufwartenwir"><em>Worauf warten wir?</em></a> (Qu&rsquo;attendons-nous ?) s&rsquo;est concentré en 2020 sur le patrimoine des compositrices <a href="https://www.archiv-frau-musik.de/fr/felicitas-kukuck-1914-2001">Felicitas Kukuck</a>, <a href="https://www.archiv-frau-musik.de/fr/leni-alexander-1924-2005">Leni Alexander</a>, Silvia Alvarez de la Fuente, et <a href="https://www.archiv-frau-musik.de/fr/weronika-aleksandra-markiewicz-1962-2003">Weronika Aleksandra Markiewic</a>z. « Le projet est conçu pour rendre visibles des facettes moins connues de l&rsquo;histoire de la musique », décrit Mary Ellen Kitchens, membre du conseil d&rsquo;administration de l&rsquo;association Internationale Arbeitskreis Frau und Musik e. V. « Comme les œuvres des compositrices ne sont que rarement intégrées dans les canons traditionnels, l&rsquo;historiographie les marginalise encore aujourd&rsquo;hui ».</p>
<p>Une convention professionnelle a été organisée dans le cadre du travail de promotion de ce projet. Des œuvres de Kukuck ainsi que d&rsquo;autres œuvres chorales de compositrices y ont été présentées, et une réflexion a été menée sur les liens entre la musique chorale, les positions politiques, et le mouvement féministe. Outre le traitement et la mise en valeur de ces fonds (partiels), certaines parties de ces contenus ont été numérisées et, après clarification des droits, rendues accessibles à un large public sur le portail spécialisé des <em>Archives numériques allemandes des femmes</em> (DDF). Comme dans les projets précédents, les documents numérisés ont été contextualisés par des dissertations thématiques. Les numérisations réalisées dans le cadre de ce projet viennent s&rsquo;ajouter au nombre croissant de contenus publiés <a href="https://www.digitales-deutsches-frauenarchiv.de/start" target="_blank" rel="noopener">sur la DDF depuis 2018</a>.</p>
<p>Tous les projets DDF ont pour but de faciliter la recherche de matériel provenant d’Archiv Frau und Musik, et d&rsquo;inciter à se pencher sur ce matériel. Vous trouverez <a href="https://www.archiv-frau-musik.de/wp-content/uploads/2019/08/AFM_PI_MASCHA_DDF.pdf">plus d&rsquo;informations à télécharger ici</a>.</p>
<p><strong>Équipe de projet</strong><br />
Mary Ellen Kitchens M. A. (direction du projet) | Julian Fischer M. A. (coordination de projet) | Jelena Rothermel M. A. (assistance au projet)</p>
<p>Voici le lien vers les contenus publiés dans les <a href="https://www.digitales-deutsches-frauenarchiv.de/suche?term=%22Archiv%20Frau%20und%20Musik%22" target="_blank" rel="noopener">Archives Numériques Allemandes des Femmes</a> (DDF).</p>
<p>Dans le cadre du projet, les dissertations suivantes ont été publiées dans les <em>Archives féminines numériques allemandes</em> (DDF):</p>
<ul>
<li>Dissertation sur la compositrice <a href="https://www.digitales-deutsches-frauenarchiv.de/akteurinnen/weronika-aleksandra-markiewicz" target="_blank" rel="noopener">Weronika Alexandra Markiewicz</a></li>
<li>Dissertation sur la compositrice <a href="https://www.digitales-deutsches-frauenarchiv.de/akteurinnen/silvia-leonor-alvarez-de-la-fuente" target="_blank" rel="noopener">Silvia Leonor Alvarez de la Fuentes</a></li>
<li>Dissertation sur la compositrice <a href="https://www.digitales-deutsches-frauenarchiv.de/akteurinnen/leni-helene-alexander" target="_blank" rel="noopener">Leni Alexander</a></li>
<li>Dissertation sur le thème <a href="https://www.digitales-deutsches-frauenarchiv.de/themen/musik-und-widerstand-engagierte-komponistinnen" target="_blank" rel="noopener">« Musique et résistance »</a></li>
</ul>
<p></p>

<p>En 2020, l&rsquo;Archive Frau und Musik ont lancé leur troisième projet de numérisation. Après les projets PARFUMO – Projekt ARchiv Frau Und Musik Online (2018) et MASCHA – Musik-Akteurinnen SCHaffen Aufmerksamkeit (2019), le projet Worauf warten wir? (Qu&rsquo;attendons-nous ?) s&rsquo;est concentré en 2020 sur le patrimoine des compositrices Felicitas Kukuck, Leni Alexander, Silvia Alvarez de &#8230; <a title="#WoraufWartenWir? (Qu’attendons-nous?)" class="read-more" href="https://www.archiv-frau-musik.de/fr/woraufwartenwir" aria-label="En savoir plus sur #WoraufWartenWir? (Qu’attendons-nous?)">Weiterlesen &#8230;</a></p>

<!-- This site is optimized with the Yoast SEO plugin v27.4 - https://yoast.com/product/yoast-seo-wordpress/ -->
<title>#WoraufWartenWir? (Qu’attendons-nous?) &#8211; Archiv Frau und Musik</title>
<meta name="robots" content="index, follow, max-snippet:-1, max-image-preview:large, max-video-preview:-1" />
<link rel="canonical" href="https://www.archiv-frau-musik.de/fr/woraufwartenwir" />
<meta property="og:locale" content="fr_FR" />
<meta property="og:type" content="article" />
<meta property="og:title" content="#WoraufWartenWir? (Qu’attendons-nous?) &#8211; Archiv Frau und Musik" />
<meta property="og:description" content="En 2020, l&rsquo;Archive Frau und Musik ont lancé leur troisième projet de numérisation. Après les projets PARFUMO – Projekt ARchiv Frau Und Musik Online (2018) et MASCHA – Musik-Akteurinnen SCHaffen Aufmerksamkeit (2019), le projet Worauf warten wir? (Qu&rsquo;attendons-nous ?) s&rsquo;est concentré en 2020 sur le patrimoine des compositrices Felicitas Kukuck, Leni Alexander, Silvia Alvarez de ... Weiterlesen ..." />
<meta property="og:url" content="https://www.archiv-frau-musik.de/fr/woraufwartenwir" />
<meta property="og:site_name" content="Archiv Frau und Musik" />
<meta property="article:modified_time" content="2026-01-22T21:02:24+00:00" />
<meta name="twitter:card" content="summary_large_image" />
<meta name="twitter:label1" content="Durée de lecture estimée" />
	<meta name="twitter:data1" content="2 minutes" />
<script type="application/ld+json" class="yoast-schema-graph">{"@context":"https:\/\/schema.org","@graph":[{"@type":"WebPage","@id":"https:\/\/www.archiv-frau-musik.de\/fr\/woraufwartenwir","url":"https:\/\/www.archiv-frau-musik.de\/fr\/woraufwartenwir","name":"#WoraufWartenWir? (Qu’attendons-nous?) &#8211; Archiv Frau und Musik","isPartOf":{"@id":"https:\/\/www.archiv-frau-musik.de\/fr\/#website"},"datePublished":"2020-02-03T17:23:51+00:00","dateModified":"2026-01-22T21:02:24+00:00","breadcrumb":{"@id":"https:\/\/www.archiv-frau-musik.de\/fr\/woraufwartenwir#breadcrumb"},"inLanguage":"fr-FR","potentialAction":[{"@type":"ReadAction","target":[["https:\/\/www.archiv-frau-musik.de\/fr\/woraufwartenwir"]]}]},{"@type":"BreadcrumbList","@id":"https:\/\/www.archiv-frau-musik.de\/fr\/woraufwartenwir#breadcrumb","itemListElement":[{"@type":"ListItem","position":1,"name":"Startseite","item":"https:\/\/www.archiv-frau-musik.de\/fr\/"},{"@type":"ListItem","position":2,"name":"#WoraufWartenWir?"}]},{"@type":"WebSite","@id":"https:\/\/www.archiv-frau-musik.de\/fr\/#website","url":"https:\/\/www.archiv-frau-musik.de\/fr\/","name":"Archiv Frau und Musik","description":"","potentialAction":[{"@type":"SearchAction","target":{"@type":"EntryPoint","urlTemplate":"https:\/\/www.archiv-frau-musik.de\/fr\/?s={search_term_string}"},"query-input":{"@type":"PropertyValueSpecification","valueRequired":true,"valueName":"search_term_string"}}],"inLanguage":"fr-FR"}]}</script>
<!-- / Yoast SEO plugin. -->

En 2020, l&rsquo;Archive Frau und Musik ont lancé leur troisième projet de numérisation. Après les projets PARFUMO – Projekt ARchiv Frau Und Musik Online (2018) et MASCHA – Musik-Akteurinnen SCHaffen Aufmerksamkeit (2019), le projet Worauf warten wir? (Qu&rsquo;attendons-nous ?) s&rsquo;est concentré en 2020 sur le patrimoine des compositrices Felicitas Kukuck, Leni Alexander, Silvia Alvarez de ... Weiterlesen ...
