{"id":2998,"date":"2015-08-26T18:49:31","date_gmt":"2015-08-26T16:49:31","guid":{"rendered":"http:\/\/www.archiv-frau-musik.de\/?page_id=2998"},"modified":"2025-10-06T16:35:57","modified_gmt":"2025-10-06T14:35:57","slug":"sachberichte","status":"publish","type":"page","link":"https:\/\/www.archiv-frau-musik.de\/fr\/sachberichte","title":{"rendered":"Rapports de gestion"},"content":{"rendered":"<p>Si vous souhaitez en savoir plus sur nos activit\u00e9s, vous pouvez consulter et t\u00e9l\u00e9charger ici les rapports d\u00e9taill\u00e9s de l&rsquo;association Internationale Arbeitskreis Frau und Musik e.V.\/Archive Frau und Musik en format pdf:<\/p>\n<ul>\n<li><a href=\"https:\/\/www.archiv-frau-musik.de\/wp-content\/uploads\/2022\/08\/Sachbericht-IAK-AFM-2021_2022_08_02_FINAL.pdf\">IAK-AFM Rapport de gestion 2021<\/a><\/li>\n<li><a href=\"https:\/\/www.archiv-frau-musik.de\/wp-content\/uploads\/2021\/09\/Sachbericht-2020_Final.pdf\">IAK-AFM Rapport de gestion 2020<\/a><\/li>\n<li><a href=\"https:\/\/www.archiv-frau-musik.de\/wp-content\/uploads\/2021\/02\/SACHBERICHT-2019_Final.pdf\">IAK-AFM Rapport de gestion 2019<\/a><\/li>\n<li><a href=\"https:\/\/www.archiv-frau-musik.de\/wp-content\/uploads\/2019\/08\/Sachbericht-2018_I2019_06_26-3-FINAL.pdf\">IAK-AFM Rapport de gestion 2018<\/a><\/li>\n<li><a href=\"https:\/\/www.archiv-frau-musik.de\/wp-content\/uploads\/2018\/10\/Sachbericht-2017_Finale-Version.pdf\">IAK-AFM Rapport de gestion 2017<\/a><\/li>\n<li><a href=\"http:\/\/www.archiv-frau-musik.de\/wp-content\/uploads\/2015\/08\/Sachbericht-2016.pdf\">IAK-AFM Rapport de gestion 2016<\/a><\/li>\n<li><a href=\"http:\/\/www.archiv-frau-musik.de\/wp-content\/uploads\/2015\/08\/Sachbericht-Archiv-Frau-und-Musik-2016_08_09_END.pdf\">IAK-AFM Rapport de gestion 2015<\/a><\/li>\n<li><a href=\"http:\/\/www.archiv-frau-musik.de\/wp-content\/uploads\/2015\/08\/IAK-AFM-Sachbericht-2014.pdf\">IAK-AFM Rapport de gestion 2014<\/a><\/li>\n<\/ul>\n<p>D&rsquo;autres rapports sont disponibles sur demande.<\/p>","protected":false},"excerpt":{"rendered":"<p>Si vous souhaitez en savoir plus sur nos activit\u00e9s, vous pouvez consulter et t\u00e9l\u00e9charger ici les rapports d\u00e9taill\u00e9s de l&rsquo;association Internationale Arbeitskreis Frau und Musik e.V.\/Archive Frau und Musik en format pdf: IAK-AFM Rapport de gestion 2021 IAK-AFM Rapport de gestion 2020 IAK-AFM Rapport de gestion 2019 IAK-AFM Rapport de gestion 2018 IAK-AFM Rapport de &#8230; <a title=\"Rapports de gestion\" class=\"read-more\" href=\"https:\/\/www.archiv-frau-musik.de\/fr\/sachberichte\" aria-label=\"En savoir plus sur Rapports de gestion\">Weiterlesen &#8230;<\/a><\/p>\n","protected":false},"author":5,"featured_media":0,"parent":0,"menu_order":0,"comment_status":"closed","ping_status":"closed","template":"","meta":{"generate_page_header":"","footnotes":""},"class_list":["post-2998","page","type-page","status-publish"],"yoast_head":"<!-- This site is optimized with the Yoast SEO plugin v27.5 - https:\/\/yoast.com\/product\/yoast-seo-wordpress\/ -->\n<title>Rapports de gestion &#8211; Archiv Frau und Musik<\/title>\n<meta name=\"robots\" content=\"index, follow, max-snippet:-1, max-image-preview:large, max-video-preview:-1\" \/>\n<link rel=\"canonical\" href=\"https:\/\/www.archiv-frau-musik.de\/fr\/sachberichte\" \/>\n<meta property=\"og:locale\" content=\"fr_FR\" \/>\n<meta property=\"og:type\" content=\"article\" \/>\n<meta property=\"og:title\" content=\"Rapports de gestion &#8211; Archiv Frau und Musik\" \/>\n<meta property=\"og:description\" content=\"Si vous souhaitez en savoir plus sur nos activit\u00e9s, vous pouvez consulter et t\u00e9l\u00e9charger ici les rapports d\u00e9taill\u00e9s de l&rsquo;association Internationale Arbeitskreis Frau und Musik e.V.\/Archive Frau und Musik en format pdf: IAK-AFM Rapport de gestion 2021 IAK-AFM Rapport de gestion 2020 IAK-AFM Rapport de gestion 2019 IAK-AFM Rapport de gestion 2018 IAK-AFM Rapport de ... Weiterlesen ...\" \/>\n<meta property=\"og:url\" content=\"https:\/\/www.archiv-frau-musik.de\/fr\/sachberichte\" \/>\n<meta property=\"og:site_name\" content=\"Archiv Frau und Musik\" \/>\n<meta property=\"article:modified_time\" content=\"2025-10-06T14:35:57+00:00\" \/>\n<meta name=\"twitter:card\" content=\"summary_large_image\" \/>\n<meta name=\"twitter:label1\" content=\"Dur\u00e9e de lecture estim\u00e9e\" \/>\n\t<meta name=\"twitter:data1\" content=\"1 minute\" \/>\n<script type=\"application\/ld+json\" class=\"yoast-schema-graph\">{\"@context\":\"https:\\\/\\\/schema.org\",\"@graph\":[{\"@type\":\"WebPage\",\"@id\":\"https:\\\/\\\/www.archiv-frau-musik.de\\\/fr\\\/sachberichte\",\"url\":\"https:\\\/\\\/www.archiv-frau-musik.de\\\/fr\\\/sachberichte\",\"name\":\"Rapports de gestion &#8211; Archiv Frau und Musik\",\"isPartOf\":{\"@id\":\"https:\\\/\\\/www.archiv-frau-musik.de\\\/fr\\\/#website\"},\"datePublished\":\"2015-08-26T16:49:31+00:00\",\"dateModified\":\"2025-10-06T14:35:57+00:00\",\"breadcrumb\":{\"@id\":\"https:\\\/\\\/www.archiv-frau-musik.de\\\/fr\\\/sachberichte#breadcrumb\"},\"inLanguage\":\"fr-FR\",\"potentialAction\":[{\"@type\":\"ReadAction\",\"target\":[[\"https:\\\/\\\/www.archiv-frau-musik.de\\\/fr\\\/sachberichte\"]]}]},{\"@type\":\"BreadcrumbList\",\"@id\":\"https:\\\/\\\/www.archiv-frau-musik.de\\\/fr\\\/sachberichte#breadcrumb\",\"itemListElement\":[{\"@type\":\"ListItem\",\"position\":1,\"name\":\"Startseite\",\"item\":\"https:\\\/\\\/www.archiv-frau-musik.de\\\/fr\\\/\"},{\"@type\":\"ListItem\",\"position\":2,\"name\":\"Sachberichte\"}]},{\"@type\":\"WebSite\",\"@id\":\"https:\\\/\\\/www.archiv-frau-musik.de\\\/fr\\\/#website\",\"url\":\"https:\\\/\\\/www.archiv-frau-musik.de\\\/fr\\\/\",\"name\":\"Archiv Frau und Musik\",\"description\":\"\",\"potentialAction\":[{\"@type\":\"SearchAction\",\"target\":{\"@type\":\"EntryPoint\",\"urlTemplate\":\"https:\\\/\\\/www.archiv-frau-musik.de\\\/fr\\\/?s={search_term_string}\"},\"query-input\":{\"@type\":\"PropertyValueSpecification\",\"valueRequired\":true,\"valueName\":\"search_term_string\"}}],\"inLanguage\":\"fr-FR\"}]}<\/script>\n<!-- \/ Yoast SEO plugin. -->","yoast_head_json":{"title":"Rapports de gestion &#8211; Archiv Frau und Musik","robots":{"index":"index","follow":"follow","max-snippet":"max-snippet:-1","max-image-preview":"max-image-preview:large","max-video-preview":"max-video-preview:-1"},"canonical":"https:\/\/www.archiv-frau-musik.de\/fr\/sachberichte","og_locale":"fr_FR","og_type":"article","og_title":"Rapports de gestion &#8211; Archiv Frau und Musik","og_description":"Si vous souhaitez en savoir plus sur nos activit\u00e9s, vous pouvez consulter et t\u00e9l\u00e9charger ici les rapports d\u00e9taill\u00e9s de l&rsquo;association Internationale Arbeitskreis Frau und Musik e.V.\/Archive Frau und Musik en format pdf: IAK-AFM Rapport de gestion 2021 IAK-AFM Rapport de gestion 2020 IAK-AFM Rapport de gestion 2019 IAK-AFM Rapport de gestion 2018 IAK-AFM Rapport de ... Weiterlesen ...","og_url":"https:\/\/www.archiv-frau-musik.de\/fr\/sachberichte","og_site_name":"Archiv Frau und Musik","article_modified_time":"2025-10-06T14:35:57+00:00","twitter_card":"summary_large_image","twitter_misc":{"Dur\u00e9e de lecture estim\u00e9e":"1 minute"},"schema":{"@context":"https:\/\/schema.org","@graph":[{"@type":"WebPage","@id":"https:\/\/www.archiv-frau-musik.de\/fr\/sachberichte","url":"https:\/\/www.archiv-frau-musik.de\/fr\/sachberichte","name":"Rapports de gestion &#8211; Archiv Frau und Musik","isPartOf":{"@id":"https:\/\/www.archiv-frau-musik.de\/fr\/#website"},"datePublished":"2015-08-26T16:49:31+00:00","dateModified":"2025-10-06T14:35:57+00:00","breadcrumb":{"@id":"https:\/\/www.archiv-frau-musik.de\/fr\/sachberichte#breadcrumb"},"inLanguage":"fr-FR","potentialAction":[{"@type":"ReadAction","target":[["https:\/\/www.archiv-frau-musik.de\/fr\/sachberichte"]]}]},{"@type":"BreadcrumbList","@id":"https:\/\/www.archiv-frau-musik.de\/fr\/sachberichte#breadcrumb","itemListElement":[{"@type":"ListItem","position":1,"name":"Startseite","item":"https:\/\/www.archiv-frau-musik.de\/fr\/"},{"@type":"ListItem","position":2,"name":"Sachberichte"}]},{"@type":"WebSite","@id":"https:\/\/www.archiv-frau-musik.de\/fr\/#website","url":"https:\/\/www.archiv-frau-musik.de\/fr\/","name":"Archiv Frau und Musik","description":"","potentialAction":[{"@type":"SearchAction","target":{"@type":"EntryPoint","urlTemplate":"https:\/\/www.archiv-frau-musik.de\/fr\/?s={search_term_string}"},"query-input":{"@type":"PropertyValueSpecification","valueRequired":true,"valueName":"search_term_string"}}],"inLanguage":"fr-FR"}]}},"_links":{"self":[{"href":"https:\/\/www.archiv-frau-musik.de\/fr\/wp-json\/wp\/v2\/pages\/2998","targetHints":{"allow":["GET"]}}],"collection":[{"href":"https:\/\/www.archiv-frau-musik.de\/fr\/wp-json\/wp\/v2\/pages"}],"about":[{"href":"https:\/\/www.archiv-frau-musik.de\/fr\/wp-json\/wp\/v2\/types\/page"}],"author":[{"embeddable":true,"href":"https:\/\/www.archiv-frau-musik.de\/fr\/wp-json\/wp\/v2\/users\/5"}],"replies":[{"embeddable":true,"href":"https:\/\/www.archiv-frau-musik.de\/fr\/wp-json\/wp\/v2\/comments?post=2998"}],"version-history":[{"count":37,"href":"https:\/\/www.archiv-frau-musik.de\/fr\/wp-json\/wp\/v2\/pages\/2998\/revisions"}],"predecessor-version":[{"id":15248,"href":"https:\/\/www.archiv-frau-musik.de\/fr\/wp-json\/wp\/v2\/pages\/2998\/revisions\/15248"}],"wp:attachment":[{"href":"https:\/\/www.archiv-frau-musik.de\/fr\/wp-json\/wp\/v2\/media?parent=2998"}],"curies":[{"name":"wp","href":"https:\/\/api.w.org\/{rel}","templated":true}]}}

<p>Si vous souhaitez en savoir plus sur nos activités, vous pouvez consulter et télécharger ici les rapports détaillés de l&rsquo;association Internationale Arbeitskreis Frau und Musik e.V./Archive Frau und Musik en format pdf:</p>
<ul>
<li><a href="https://www.archiv-frau-musik.de/wp-content/uploads/2022/08/Sachbericht-IAK-AFM-2021_2022_08_02_FINAL.pdf">IAK-AFM Rapport de gestion 2021</a></li>
<li><a href="https://www.archiv-frau-musik.de/wp-content/uploads/2021/09/Sachbericht-2020_Final.pdf">IAK-AFM Rapport de gestion 2020</a></li>
<li><a href="https://www.archiv-frau-musik.de/wp-content/uploads/2021/02/SACHBERICHT-2019_Final.pdf">IAK-AFM Rapport de gestion 2019</a></li>
<li><a href="https://www.archiv-frau-musik.de/wp-content/uploads/2019/08/Sachbericht-2018_I2019_06_26-3-FINAL.pdf">IAK-AFM Rapport de gestion 2018</a></li>
<li><a href="https://www.archiv-frau-musik.de/wp-content/uploads/2018/10/Sachbericht-2017_Finale-Version.pdf">IAK-AFM Rapport de gestion 2017</a></li>
<li><a href="http://www.archiv-frau-musik.de/wp-content/uploads/2015/08/Sachbericht-2016.pdf">IAK-AFM Rapport de gestion 2016</a></li>
<li><a href="http://www.archiv-frau-musik.de/wp-content/uploads/2015/08/Sachbericht-Archiv-Frau-und-Musik-2016_08_09_END.pdf">IAK-AFM Rapport de gestion 2015</a></li>
<li><a href="http://www.archiv-frau-musik.de/wp-content/uploads/2015/08/IAK-AFM-Sachbericht-2014.pdf">IAK-AFM Rapport de gestion 2014</a></li>
</ul>
<p>D&rsquo;autres rapports sont disponibles sur demande.</p>

<p>Si vous souhaitez en savoir plus sur nos activités, vous pouvez consulter et télécharger ici les rapports détaillés de l&rsquo;association Internationale Arbeitskreis Frau und Musik e.V./Archive Frau und Musik en format pdf: IAK-AFM Rapport de gestion 2021 IAK-AFM Rapport de gestion 2020 IAK-AFM Rapport de gestion 2019 IAK-AFM Rapport de gestion 2018 IAK-AFM Rapport de &#8230; <a title="Rapports de gestion" class="read-more" href="https://www.archiv-frau-musik.de/fr/sachberichte" aria-label="En savoir plus sur Rapports de gestion">Weiterlesen &#8230;</a></p>

<!-- This site is optimized with the Yoast SEO plugin v27.5 - https://yoast.com/product/yoast-seo-wordpress/ -->
<title>Rapports de gestion &#8211; Archiv Frau und Musik</title>
<meta name="robots" content="index, follow, max-snippet:-1, max-image-preview:large, max-video-preview:-1" />
<link rel="canonical" href="https://www.archiv-frau-musik.de/fr/sachberichte" />
<meta property="og:locale" content="fr_FR" />
<meta property="og:type" content="article" />
<meta property="og:title" content="Rapports de gestion &#8211; Archiv Frau und Musik" />
<meta property="og:description" content="Si vous souhaitez en savoir plus sur nos activités, vous pouvez consulter et télécharger ici les rapports détaillés de l&rsquo;association Internationale Arbeitskreis Frau und Musik e.V./Archive Frau und Musik en format pdf: IAK-AFM Rapport de gestion 2021 IAK-AFM Rapport de gestion 2020 IAK-AFM Rapport de gestion 2019 IAK-AFM Rapport de gestion 2018 IAK-AFM Rapport de ... Weiterlesen ..." />
<meta property="og:url" content="https://www.archiv-frau-musik.de/fr/sachberichte" />
<meta property="og:site_name" content="Archiv Frau und Musik" />
<meta property="article:modified_time" content="2025-10-06T14:35:57+00:00" />
<meta name="twitter:card" content="summary_large_image" />
<meta name="twitter:label1" content="Durée de lecture estimée" />
	<meta name="twitter:data1" content="1 minute" />
<script type="application/ld+json" class="yoast-schema-graph">{"@context":"https:\/\/schema.org","@graph":[{"@type":"WebPage","@id":"https:\/\/www.archiv-frau-musik.de\/fr\/sachberichte","url":"https:\/\/www.archiv-frau-musik.de\/fr\/sachberichte","name":"Rapports de gestion &#8211; Archiv Frau und Musik","isPartOf":{"@id":"https:\/\/www.archiv-frau-musik.de\/fr\/#website"},"datePublished":"2015-08-26T16:49:31+00:00","dateModified":"2025-10-06T14:35:57+00:00","breadcrumb":{"@id":"https:\/\/www.archiv-frau-musik.de\/fr\/sachberichte#breadcrumb"},"inLanguage":"fr-FR","potentialAction":[{"@type":"ReadAction","target":[["https:\/\/www.archiv-frau-musik.de\/fr\/sachberichte"]]}]},{"@type":"BreadcrumbList","@id":"https:\/\/www.archiv-frau-musik.de\/fr\/sachberichte#breadcrumb","itemListElement":[{"@type":"ListItem","position":1,"name":"Startseite","item":"https:\/\/www.archiv-frau-musik.de\/fr\/"},{"@type":"ListItem","position":2,"name":"Sachberichte"}]},{"@type":"WebSite","@id":"https:\/\/www.archiv-frau-musik.de\/fr\/#website","url":"https:\/\/www.archiv-frau-musik.de\/fr\/","name":"Archiv Frau und Musik","description":"","potentialAction":[{"@type":"SearchAction","target":{"@type":"EntryPoint","urlTemplate":"https:\/\/www.archiv-frau-musik.de\/fr\/?s={search_term_string}"},"query-input":{"@type":"PropertyValueSpecification","valueRequired":true,"valueName":"search_term_string"}}],"inLanguage":"fr-FR"}]}</script>
<!-- / Yoast SEO plugin. -->

Si vous souhaitez en savoir plus sur nos activités, vous pouvez consulter et télécharger ici les rapports détaillés de l&rsquo;association Internationale Arbeitskreis Frau und Musik e.V./Archive Frau und Musik en format pdf: IAK-AFM Rapport de gestion 2021 IAK-AFM Rapport de gestion 2020 IAK-AFM Rapport de gestion 2019 IAK-AFM Rapport de gestion 2018 IAK-AFM Rapport de ... Weiterlesen ...
