{"id":17629,"date":"2026-09-01T21:05:04","date_gmt":"2026-09-01T19:05:04","guid":{"rendered":"https:\/\/www.archiv-frau-musik.de\/?post_type=tribe_events&#038;p=17629"},"modified":"2026-09-01T21:05:05","modified_gmt":"2026-09-01T19:05:05","slug":"gedenkkonzert-fuer-alma-rose","status":"publish","type":"tribe_events","link":"https:\/\/www.archiv-frau-musik.de\/en\/event\/gedenkkonzert-fuer-alma-rose","title":{"rendered":"(Deutsch) Gedenkkonzert f\u00fcr Alma Ros\u00e9"},"content":{"rendered":"<p class=\"qtranxs-available-languages-message qtranxs-available-languages-message-en\">Sorry, this entry is only available in <a href=\"https:\/\/www.archiv-frau-musik.de\/de\/wp-json\/wp\/v2\/tribe_events\/17629\" class=\"qtranxs-available-language-link qtranxs-available-language-link-de\" title=\"Deutsch\">Deutsch<\/a>.<\/p>","protected":false},"excerpt":{"rendered":"<p>Sorry, this entry is only available in Deutsch.<\/p>\n","protected":false},"author":5,"featured_media":0,"template":"","meta":{"generate_page_header":"","_tribe_events_status":"","_tribe_events_status_reason":"","footnotes":""},"tags":[2710,2713,2711,2712,191],"tribe_events_cat":[390],"class_list":["post-17629","tribe_events","type-tribe_events","status-publish","hentry","tag-alma-rose","tag-bechstein","tag-ehrbar-saal","tag-mdw","tag-wien","tribe_events_cat-konzert","cat_konzert"],"yoast_head":"<!-- This site is optimized with the Yoast SEO plugin v28.4 - https:\/\/yoast.com\/product\/yoast-seo-wordpress\/ -->\n<title>(Deutsch) Gedenkkonzert f\u00fcr Alma Ros\u00e9<\/title>\n<meta name=\"description\" content=\"Zu Ehren von Alma Ros\u00e9 veranstaltet der Ehrbar Saal by C. Bechstein ein besonderes Gedenkkonzert in Kooperation mit der mdw!\" \/>\n<meta name=\"robots\" content=\"index, follow, max-snippet:-1, max-image-preview:large, max-video-preview:-1\" \/>\n<link rel=\"canonical\" href=\"https:\/\/www.archiv-frau-musik.de\/en\/event\/gedenkkonzert-fuer-alma-rose\" \/>\n<meta property=\"og:locale\" content=\"en_US\" \/>\n<meta property=\"og:type\" content=\"article\" \/>\n<meta property=\"og:title\" content=\"(Deutsch) Gedenkkonzert f\u00fcr Alma Ros\u00e9\" \/>\n<meta property=\"og:description\" content=\"Zu Ehren von Alma Ros\u00e9 veranstaltet der Ehrbar Saal by C. Bechstein ein besonderes Gedenkkonzert in Kooperation mit der mdw!\" \/>\n<meta property=\"og:url\" content=\"https:\/\/www.archiv-frau-musik.de\/en\/event\/gedenkkonzert-fuer-alma-rose\" \/>\n<meta property=\"og:site_name\" content=\"Archiv Frau und Musik\" \/>\n<meta property=\"article:modified_time\" content=\"2026-09-01T19:05:05+00:00\" \/>\n<meta name=\"twitter:card\" content=\"summary_large_image\" \/>\n<meta name=\"twitter:label1\" content=\"Est. reading time\" \/>\n\t<meta name=\"twitter:data1\" content=\"1 minute\" \/>\n<script type=\"application\/ld+json\" class=\"yoast-schema-graph\">{\"@context\":\"https:\\\/\\\/schema.org\",\"@graph\":[{\"@type\":\"WebPage\",\"@id\":\"https:\\\/\\\/www.archiv-frau-musik.de\\\/en\\\/event\\\/gedenkkonzert-fuer-alma-rose\",\"url\":\"https:\\\/\\\/www.archiv-frau-musik.de\\\/en\\\/event\\\/gedenkkonzert-fuer-alma-rose\",\"name\":\"(Deutsch) Gedenkkonzert f\u00fcr Alma Ros\u00e9\",\"isPartOf\":{\"@id\":\"https:\\\/\\\/www.archiv-frau-musik.de\\\/en\\\/#website\"},\"datePublished\":\"2026-09-01T19:05:04+00:00\",\"dateModified\":\"2026-09-01T19:05:05+00:00\",\"description\":\"Zu Ehren von Alma Ros\u00e9 veranstaltet der Ehrbar Saal by C. Bechstein ein besonderes Gedenkkonzert in Kooperation mit der mdw!\",\"breadcrumb\":{\"@id\":\"https:\\\/\\\/www.archiv-frau-musik.de\\\/en\\\/event\\\/gedenkkonzert-fuer-alma-rose#breadcrumb\"},\"inLanguage\":\"en-US\",\"potentialAction\":[{\"@type\":\"ReadAction\",\"target\":[[\"https:\\\/\\\/www.archiv-frau-musik.de\\\/en\\\/event\\\/gedenkkonzert-fuer-alma-rose\"]]}]},{\"@type\":\"BreadcrumbList\",\"@id\":\"https:\\\/\\\/www.archiv-frau-musik.de\\\/en\\\/event\\\/gedenkkonzert-fuer-alma-rose#breadcrumb\",\"itemListElement\":[{\"@type\":\"ListItem\",\"position\":1,\"name\":\"Startseite\",\"item\":\"https:\\\/\\\/www.archiv-frau-musik.de\\\/en\\\/\"},{\"@type\":\"ListItem\",\"position\":2,\"name\":\"Veranstaltungen\",\"item\":\"https:\\\/\\\/www.archiv-frau-musik.de\\\/en\\\/events\\\/\"},{\"@type\":\"ListItem\",\"position\":3,\"name\":\"Gedenkkonzert f\u00fcr Alma Ros\u00e9\"}]},{\"@type\":\"WebSite\",\"@id\":\"https:\\\/\\\/www.archiv-frau-musik.de\\\/en\\\/#website\",\"url\":\"https:\\\/\\\/www.archiv-frau-musik.de\\\/en\\\/\",\"name\":\"Archiv Frau und Musik\",\"description\":\"\",\"potentialAction\":[{\"@type\":\"SearchAction\",\"target\":{\"@type\":\"EntryPoint\",\"urlTemplate\":\"https:\\\/\\\/www.archiv-frau-musik.de\\\/en\\\/?s={search_term_string}\"},\"query-input\":{\"@type\":\"PropertyValueSpecification\",\"valueRequired\":true,\"valueName\":\"search_term_string\"}}],\"inLanguage\":\"en-US\"}]}<\/script>\n<!-- \/ Yoast SEO plugin. -->","yoast_head_json":{"title":"(Deutsch) Gedenkkonzert f\u00fcr Alma Ros\u00e9","description":"Zu Ehren von Alma Ros\u00e9 veranstaltet der Ehrbar Saal by C. Bechstein ein besonderes Gedenkkonzert in Kooperation mit der mdw!","robots":{"index":"index","follow":"follow","max-snippet":"max-snippet:-1","max-image-preview":"max-image-preview:large","max-video-preview":"max-video-preview:-1"},"canonical":"https:\/\/www.archiv-frau-musik.de\/en\/event\/gedenkkonzert-fuer-alma-rose","og_locale":"en_US","og_type":"article","og_title":"(Deutsch) Gedenkkonzert f\u00fcr Alma Ros\u00e9","og_description":"Zu Ehren von Alma Ros\u00e9 veranstaltet der Ehrbar Saal by C. Bechstein ein besonderes Gedenkkonzert in Kooperation mit der mdw!","og_url":"https:\/\/www.archiv-frau-musik.de\/en\/event\/gedenkkonzert-fuer-alma-rose","og_site_name":"Archiv Frau und Musik","article_modified_time":"2026-09-01T19:05:05+00:00","twitter_card":"summary_large_image","twitter_misc":{"Est. reading time":"1 minute"},"schema":{"@context":"https:\/\/schema.org","@graph":[{"@type":"WebPage","@id":"https:\/\/www.archiv-frau-musik.de\/en\/event\/gedenkkonzert-fuer-alma-rose","url":"https:\/\/www.archiv-frau-musik.de\/en\/event\/gedenkkonzert-fuer-alma-rose","name":"(Deutsch) Gedenkkonzert f\u00fcr Alma Ros\u00e9","isPartOf":{"@id":"https:\/\/www.archiv-frau-musik.de\/en\/#website"},"datePublished":"2026-09-01T19:05:04+00:00","dateModified":"2026-09-01T19:05:05+00:00","description":"Zu Ehren von Alma Ros\u00e9 veranstaltet der Ehrbar Saal by C. Bechstein ein besonderes Gedenkkonzert in Kooperation mit der mdw!","breadcrumb":{"@id":"https:\/\/www.archiv-frau-musik.de\/en\/event\/gedenkkonzert-fuer-alma-rose#breadcrumb"},"inLanguage":"en-US","potentialAction":[{"@type":"ReadAction","target":[["https:\/\/www.archiv-frau-musik.de\/en\/event\/gedenkkonzert-fuer-alma-rose"]]}]},{"@type":"BreadcrumbList","@id":"https:\/\/www.archiv-frau-musik.de\/en\/event\/gedenkkonzert-fuer-alma-rose#breadcrumb","itemListElement":[{"@type":"ListItem","position":1,"name":"Startseite","item":"https:\/\/www.archiv-frau-musik.de\/en\/"},{"@type":"ListItem","position":2,"name":"Veranstaltungen","item":"https:\/\/www.archiv-frau-musik.de\/en\/events\/"},{"@type":"ListItem","position":3,"name":"Gedenkkonzert f\u00fcr Alma Ros\u00e9"}]},{"@type":"WebSite","@id":"https:\/\/www.archiv-frau-musik.de\/en\/#website","url":"https:\/\/www.archiv-frau-musik.de\/en\/","name":"Archiv Frau und Musik","description":"","potentialAction":[{"@type":"SearchAction","target":{"@type":"EntryPoint","urlTemplate":"https:\/\/www.archiv-frau-musik.de\/en\/?s={search_term_string}"},"query-input":{"@type":"PropertyValueSpecification","valueRequired":true,"valueName":"search_term_string"}}],"inLanguage":"en-US"}]}},"_links":{"self":[{"href":"https:\/\/www.archiv-frau-musik.de\/en\/wp-json\/wp\/v2\/tribe_events\/17629","targetHints":{"allow":["GET"]}}],"collection":[{"href":"https:\/\/www.archiv-frau-musik.de\/en\/wp-json\/wp\/v2\/tribe_events"}],"about":[{"href":"https:\/\/www.archiv-frau-musik.de\/en\/wp-json\/wp\/v2\/types\/tribe_events"}],"author":[{"embeddable":true,"href":"https:\/\/www.archiv-frau-musik.de\/en\/wp-json\/wp\/v2\/users\/5"}],"version-history":[{"count":1,"href":"https:\/\/www.archiv-frau-musik.de\/en\/wp-json\/wp\/v2\/tribe_events\/17629\/revisions"}],"predecessor-version":[{"id":17633,"href":"https:\/\/www.archiv-frau-musik.de\/en\/wp-json\/wp\/v2\/tribe_events\/17629\/revisions\/17633"}],"wp:attachment":[{"href":"https:\/\/www.archiv-frau-musik.de\/en\/wp-json\/wp\/v2\/media?parent=17629"}],"wp:term":[{"taxonomy":"post_tag","embeddable":true,"href":"https:\/\/www.archiv-frau-musik.de\/en\/wp-json\/wp\/v2\/tags?post=17629"},{"taxonomy":"tribe_events_cat","embeddable":true,"href":"https:\/\/www.archiv-frau-musik.de\/en\/wp-json\/wp\/v2\/tribe_events_cat?post=17629"}],"curies":[{"name":"wp","href":"https:\/\/api.w.org\/{rel}","templated":true}]}}

(Deutsch) Gedenkkonzert für Alma Rosé

<!-- This site is optimized with the Yoast SEO plugin v28.4 - https://yoast.com/product/yoast-seo-wordpress/ -->
<title>(Deutsch) Gedenkkonzert für Alma Rosé</title>
<meta name="description" content="Zu Ehren von Alma Rosé veranstaltet der Ehrbar Saal by C. Bechstein ein besonderes Gedenkkonzert in Kooperation mit der mdw!" />
<meta name="robots" content="index, follow, max-snippet:-1, max-image-preview:large, max-video-preview:-1" />
<link rel="canonical" href="https://www.archiv-frau-musik.de/en/event/gedenkkonzert-fuer-alma-rose" />
<meta property="og:locale" content="en_US" />
<meta property="og:type" content="article" />
<meta property="og:title" content="(Deutsch) Gedenkkonzert für Alma Rosé" />
<meta property="og:description" content="Zu Ehren von Alma Rosé veranstaltet der Ehrbar Saal by C. Bechstein ein besonderes Gedenkkonzert in Kooperation mit der mdw!" />
<meta property="og:url" content="https://www.archiv-frau-musik.de/en/event/gedenkkonzert-fuer-alma-rose" />
<meta property="og:site_name" content="Archiv Frau und Musik" />
<meta property="article:modified_time" content="2026-09-01T19:05:05+00:00" />
<meta name="twitter:card" content="summary_large_image" />
<meta name="twitter:label1" content="Est. reading time" />
	<meta name="twitter:data1" content="1 minute" />
<script type="application/ld+json" class="yoast-schema-graph">{"@context":"https:\/\/schema.org","@graph":[{"@type":"WebPage","@id":"https:\/\/www.archiv-frau-musik.de\/en\/event\/gedenkkonzert-fuer-alma-rose","url":"https:\/\/www.archiv-frau-musik.de\/en\/event\/gedenkkonzert-fuer-alma-rose","name":"(Deutsch) Gedenkkonzert für Alma Rosé","isPartOf":{"@id":"https:\/\/www.archiv-frau-musik.de\/en\/#website"},"datePublished":"2026-09-01T19:05:04+00:00","dateModified":"2026-09-01T19:05:05+00:00","description":"Zu Ehren von Alma Rosé veranstaltet der Ehrbar Saal by C. Bechstein ein besonderes Gedenkkonzert in Kooperation mit der mdw!","breadcrumb":{"@id":"https:\/\/www.archiv-frau-musik.de\/en\/event\/gedenkkonzert-fuer-alma-rose#breadcrumb"},"inLanguage":"en-US","potentialAction":[{"@type":"ReadAction","target":[["https:\/\/www.archiv-frau-musik.de\/en\/event\/gedenkkonzert-fuer-alma-rose"]]}]},{"@type":"BreadcrumbList","@id":"https:\/\/www.archiv-frau-musik.de\/en\/event\/gedenkkonzert-fuer-alma-rose#breadcrumb","itemListElement":[{"@type":"ListItem","position":1,"name":"Startseite","item":"https:\/\/www.archiv-frau-musik.de\/en\/"},{"@type":"ListItem","position":2,"name":"Veranstaltungen","item":"https:\/\/www.archiv-frau-musik.de\/en\/events\/"},{"@type":"ListItem","position":3,"name":"Gedenkkonzert für Alma Rosé"}]},{"@type":"WebSite","@id":"https:\/\/www.archiv-frau-musik.de\/en\/#website","url":"https:\/\/www.archiv-frau-musik.de\/en\/","name":"Archiv Frau und Musik","description":"","potentialAction":[{"@type":"SearchAction","target":{"@type":"EntryPoint","urlTemplate":"https:\/\/www.archiv-frau-musik.de\/en\/?s={search_term_string}"},"query-input":{"@type":"PropertyValueSpecification","valueRequired":true,"valueName":"search_term_string"}}],"inLanguage":"en-US"}]}</script>
<!-- / Yoast SEO plugin. -->

Zu Ehren von Alma Rosé veranstaltet der Ehrbar Saal by C. Bechstein ein besonderes Gedenkkonzert in Kooperation mit der mdw!

Gedenkkonzert für Alma Rosé
