{"id":17624,"date":"2026-09-01T20:50:29","date_gmt":"2026-09-01T18:50:29","guid":{"rendered":"https:\/\/www.archiv-frau-musik.de\/?post_type=tribe_events&#038;p=17624"},"modified":"2026-09-01T20:50:30","modified_gmt":"2026-09-01T18:50:30","slug":"frauenchor-frankfurt-mit-uplifted-voices","status":"publish","type":"tribe_events","link":"https:\/\/www.archiv-frau-musik.de\/en\/event\/frauenchor-frankfurt-mit-uplifted-voices","title":{"rendered":"(Deutsch) Frauenchor Frankfurt mit &#8220;Uplifted Voices&#8221;!"},"content":{"rendered":"<p class=\"qtranxs-available-languages-message qtranxs-available-languages-message-en\">Sorry, this entry is only available in <a href=\"https:\/\/www.archiv-frau-musik.de\/de\/wp-json\/wp\/v2\/tribe_events\/17624\" class=\"qtranxs-available-language-link qtranxs-available-language-link-de\" title=\"Deutsch\">Deutsch<\/a>.<\/p>","protected":false},"excerpt":{"rendered":"<p>Sorry, this entry is only available in Deutsch.<\/p>\n","protected":false},"author":5,"featured_media":0,"template":"","meta":{"generate_page_header":"","_tribe_events_status":"","_tribe_events_status_reason":"","footnotes":""},"tags":[2446,151,1164,187,2444],"tribe_events_cat":[390],"class_list":["post-17624","tribe_events","type-tribe_events","status-publish","hentry","tag-edition-peters","tag-frankfurt","tag-frauenchor","tag-komponistinnen","tag-uplifted-voices","tribe_events_cat-konzert","cat_konzert"],"yoast_head":"<!-- This site is optimized with the Yoast SEO plugin v28.4 - https:\/\/yoast.com\/product\/yoast-seo-wordpress\/ -->\n<title>(Deutsch) Frauenchor Frankfurt mit &quot;Uplifted Voices&quot;!<\/title>\n<meta name=\"description\" content=\"Der Frauenchor des Chorwerk Frankfurt pr\u00e4sentiert in diesem Jahr eine Auswahl an a cappella St\u00fccken f\u00fcr hohe Stimmen von Komponistinnen!\" \/>\n<meta name=\"robots\" content=\"index, follow, max-snippet:-1, max-image-preview:large, max-video-preview:-1\" \/>\n<link rel=\"canonical\" href=\"https:\/\/www.archiv-frau-musik.de\/en\/event\/frauenchor-frankfurt-mit-uplifted-voices\" \/>\n<meta property=\"og:locale\" content=\"en_US\" \/>\n<meta property=\"og:type\" content=\"article\" \/>\n<meta property=\"og:title\" content=\"(Deutsch) Frauenchor Frankfurt mit &quot;Uplifted Voices&quot;!\" \/>\n<meta property=\"og:description\" content=\"Der Frauenchor des Chorwerk Frankfurt pr\u00e4sentiert in diesem Jahr eine Auswahl an a cappella St\u00fccken f\u00fcr hohe Stimmen von Komponistinnen!\" \/>\n<meta property=\"og:url\" content=\"https:\/\/www.archiv-frau-musik.de\/en\/event\/frauenchor-frankfurt-mit-uplifted-voices\" \/>\n<meta property=\"og:site_name\" content=\"Archiv Frau und Musik\" \/>\n<meta property=\"article:modified_time\" content=\"2026-09-01T18:50:30+00:00\" \/>\n<meta name=\"twitter:card\" content=\"summary_large_image\" \/>\n<meta name=\"twitter:label1\" content=\"Est. reading time\" \/>\n\t<meta name=\"twitter:data1\" content=\"1 minute\" \/>\n<script type=\"application\/ld+json\" class=\"yoast-schema-graph\">{\"@context\":\"https:\\\/\\\/schema.org\",\"@graph\":[{\"@type\":\"WebPage\",\"@id\":\"https:\\\/\\\/www.archiv-frau-musik.de\\\/en\\\/event\\\/frauenchor-frankfurt-mit-uplifted-voices\",\"url\":\"https:\\\/\\\/www.archiv-frau-musik.de\\\/en\\\/event\\\/frauenchor-frankfurt-mit-uplifted-voices\",\"name\":\"(Deutsch) Frauenchor Frankfurt mit \\\"Uplifted Voices\\\"!\",\"isPartOf\":{\"@id\":\"https:\\\/\\\/www.archiv-frau-musik.de\\\/en\\\/#website\"},\"datePublished\":\"2026-09-01T18:50:29+00:00\",\"dateModified\":\"2026-09-01T18:50:30+00:00\",\"description\":\"Der Frauenchor des Chorwerk Frankfurt pr\u00e4sentiert in diesem Jahr eine Auswahl an a cappella St\u00fccken f\u00fcr hohe Stimmen von Komponistinnen!\",\"breadcrumb\":{\"@id\":\"https:\\\/\\\/www.archiv-frau-musik.de\\\/en\\\/event\\\/frauenchor-frankfurt-mit-uplifted-voices#breadcrumb\"},\"inLanguage\":\"en-US\",\"potentialAction\":[{\"@type\":\"ReadAction\",\"target\":[[\"https:\\\/\\\/www.archiv-frau-musik.de\\\/en\\\/event\\\/frauenchor-frankfurt-mit-uplifted-voices\"]]}]},{\"@type\":\"BreadcrumbList\",\"@id\":\"https:\\\/\\\/www.archiv-frau-musik.de\\\/en\\\/event\\\/frauenchor-frankfurt-mit-uplifted-voices#breadcrumb\",\"itemListElement\":[{\"@type\":\"ListItem\",\"position\":1,\"name\":\"Startseite\",\"item\":\"https:\\\/\\\/www.archiv-frau-musik.de\\\/en\\\/\"},{\"@type\":\"ListItem\",\"position\":2,\"name\":\"Veranstaltungen\",\"item\":\"https:\\\/\\\/www.archiv-frau-musik.de\\\/en\\\/events\\\/\"},{\"@type\":\"ListItem\",\"position\":3,\"name\":\"Frauenchor Frankfurt mit &#8222;Uplifted Voices&#8220;!\"}]},{\"@type\":\"WebSite\",\"@id\":\"https:\\\/\\\/www.archiv-frau-musik.de\\\/en\\\/#website\",\"url\":\"https:\\\/\\\/www.archiv-frau-musik.de\\\/en\\\/\",\"name\":\"Archiv Frau und Musik\",\"description\":\"\",\"potentialAction\":[{\"@type\":\"SearchAction\",\"target\":{\"@type\":\"EntryPoint\",\"urlTemplate\":\"https:\\\/\\\/www.archiv-frau-musik.de\\\/en\\\/?s={search_term_string}\"},\"query-input\":{\"@type\":\"PropertyValueSpecification\",\"valueRequired\":true,\"valueName\":\"search_term_string\"}}],\"inLanguage\":\"en-US\"}]}<\/script>\n<!-- \/ Yoast SEO plugin. -->","yoast_head_json":{"title":"(Deutsch) Frauenchor Frankfurt mit \"Uplifted Voices\"!","description":"Der Frauenchor des Chorwerk Frankfurt pr\u00e4sentiert in diesem Jahr eine Auswahl an a cappella St\u00fccken f\u00fcr hohe Stimmen von Komponistinnen!","robots":{"index":"index","follow":"follow","max-snippet":"max-snippet:-1","max-image-preview":"max-image-preview:large","max-video-preview":"max-video-preview:-1"},"canonical":"https:\/\/www.archiv-frau-musik.de\/en\/event\/frauenchor-frankfurt-mit-uplifted-voices","og_locale":"en_US","og_type":"article","og_title":"(Deutsch) Frauenchor Frankfurt mit \"Uplifted Voices\"!","og_description":"Der Frauenchor des Chorwerk Frankfurt pr\u00e4sentiert in diesem Jahr eine Auswahl an a cappella St\u00fccken f\u00fcr hohe Stimmen von Komponistinnen!","og_url":"https:\/\/www.archiv-frau-musik.de\/en\/event\/frauenchor-frankfurt-mit-uplifted-voices","og_site_name":"Archiv Frau und Musik","article_modified_time":"2026-09-01T18:50:30+00:00","twitter_card":"summary_large_image","twitter_misc":{"Est. reading time":"1 minute"},"schema":{"@context":"https:\/\/schema.org","@graph":[{"@type":"WebPage","@id":"https:\/\/www.archiv-frau-musik.de\/en\/event\/frauenchor-frankfurt-mit-uplifted-voices","url":"https:\/\/www.archiv-frau-musik.de\/en\/event\/frauenchor-frankfurt-mit-uplifted-voices","name":"(Deutsch) Frauenchor Frankfurt mit \"Uplifted Voices\"!","isPartOf":{"@id":"https:\/\/www.archiv-frau-musik.de\/en\/#website"},"datePublished":"2026-09-01T18:50:29+00:00","dateModified":"2026-09-01T18:50:30+00:00","description":"Der Frauenchor des Chorwerk Frankfurt pr\u00e4sentiert in diesem Jahr eine Auswahl an a cappella St\u00fccken f\u00fcr hohe Stimmen von Komponistinnen!","breadcrumb":{"@id":"https:\/\/www.archiv-frau-musik.de\/en\/event\/frauenchor-frankfurt-mit-uplifted-voices#breadcrumb"},"inLanguage":"en-US","potentialAction":[{"@type":"ReadAction","target":[["https:\/\/www.archiv-frau-musik.de\/en\/event\/frauenchor-frankfurt-mit-uplifted-voices"]]}]},{"@type":"BreadcrumbList","@id":"https:\/\/www.archiv-frau-musik.de\/en\/event\/frauenchor-frankfurt-mit-uplifted-voices#breadcrumb","itemListElement":[{"@type":"ListItem","position":1,"name":"Startseite","item":"https:\/\/www.archiv-frau-musik.de\/en\/"},{"@type":"ListItem","position":2,"name":"Veranstaltungen","item":"https:\/\/www.archiv-frau-musik.de\/en\/events\/"},{"@type":"ListItem","position":3,"name":"Frauenchor Frankfurt mit &#8222;Uplifted Voices&#8220;!"}]},{"@type":"WebSite","@id":"https:\/\/www.archiv-frau-musik.de\/en\/#website","url":"https:\/\/www.archiv-frau-musik.de\/en\/","name":"Archiv Frau und Musik","description":"","potentialAction":[{"@type":"SearchAction","target":{"@type":"EntryPoint","urlTemplate":"https:\/\/www.archiv-frau-musik.de\/en\/?s={search_term_string}"},"query-input":{"@type":"PropertyValueSpecification","valueRequired":true,"valueName":"search_term_string"}}],"inLanguage":"en-US"}]}},"_links":{"self":[{"href":"https:\/\/www.archiv-frau-musik.de\/en\/wp-json\/wp\/v2\/tribe_events\/17624","targetHints":{"allow":["GET"]}}],"collection":[{"href":"https:\/\/www.archiv-frau-musik.de\/en\/wp-json\/wp\/v2\/tribe_events"}],"about":[{"href":"https:\/\/www.archiv-frau-musik.de\/en\/wp-json\/wp\/v2\/types\/tribe_events"}],"author":[{"embeddable":true,"href":"https:\/\/www.archiv-frau-musik.de\/en\/wp-json\/wp\/v2\/users\/5"}],"version-history":[{"count":1,"href":"https:\/\/www.archiv-frau-musik.de\/en\/wp-json\/wp\/v2\/tribe_events\/17624\/revisions"}],"predecessor-version":[{"id":17626,"href":"https:\/\/www.archiv-frau-musik.de\/en\/wp-json\/wp\/v2\/tribe_events\/17624\/revisions\/17626"}],"wp:attachment":[{"href":"https:\/\/www.archiv-frau-musik.de\/en\/wp-json\/wp\/v2\/media?parent=17624"}],"wp:term":[{"taxonomy":"post_tag","embeddable":true,"href":"https:\/\/www.archiv-frau-musik.de\/en\/wp-json\/wp\/v2\/tags?post=17624"},{"taxonomy":"tribe_events_cat","embeddable":true,"href":"https:\/\/www.archiv-frau-musik.de\/en\/wp-json\/wp\/v2\/tribe_events_cat?post=17624"}],"curies":[{"name":"wp","href":"https:\/\/api.w.org\/{rel}","templated":true}]}}

<!-- This site is optimized with the Yoast SEO plugin v28.4 - https://yoast.com/product/yoast-seo-wordpress/ -->
<title>(Deutsch) Frauenchor Frankfurt mit &quot;Uplifted Voices&quot;!</title>
<meta name="description" content="Der Frauenchor des Chorwerk Frankfurt präsentiert in diesem Jahr eine Auswahl an a cappella Stücken für hohe Stimmen von Komponistinnen!" />
<meta name="robots" content="index, follow, max-snippet:-1, max-image-preview:large, max-video-preview:-1" />
<link rel="canonical" href="https://www.archiv-frau-musik.de/en/event/frauenchor-frankfurt-mit-uplifted-voices" />
<meta property="og:locale" content="en_US" />
<meta property="og:type" content="article" />
<meta property="og:title" content="(Deutsch) Frauenchor Frankfurt mit &quot;Uplifted Voices&quot;!" />
<meta property="og:description" content="Der Frauenchor des Chorwerk Frankfurt präsentiert in diesem Jahr eine Auswahl an a cappella Stücken für hohe Stimmen von Komponistinnen!" />
<meta property="og:url" content="https://www.archiv-frau-musik.de/en/event/frauenchor-frankfurt-mit-uplifted-voices" />
<meta property="og:site_name" content="Archiv Frau und Musik" />
<meta property="article:modified_time" content="2026-09-01T18:50:30+00:00" />
<meta name="twitter:card" content="summary_large_image" />
<meta name="twitter:label1" content="Est. reading time" />
	<meta name="twitter:data1" content="1 minute" />
<script type="application/ld+json" class="yoast-schema-graph">{"@context":"https:\/\/schema.org","@graph":[{"@type":"WebPage","@id":"https:\/\/www.archiv-frau-musik.de\/en\/event\/frauenchor-frankfurt-mit-uplifted-voices","url":"https:\/\/www.archiv-frau-musik.de\/en\/event\/frauenchor-frankfurt-mit-uplifted-voices","name":"(Deutsch) Frauenchor Frankfurt mit \"Uplifted Voices\"!","isPartOf":{"@id":"https:\/\/www.archiv-frau-musik.de\/en\/#website"},"datePublished":"2026-09-01T18:50:29+00:00","dateModified":"2026-09-01T18:50:30+00:00","description":"Der Frauenchor des Chorwerk Frankfurt präsentiert in diesem Jahr eine Auswahl an a cappella Stücken für hohe Stimmen von Komponistinnen!","breadcrumb":{"@id":"https:\/\/www.archiv-frau-musik.de\/en\/event\/frauenchor-frankfurt-mit-uplifted-voices#breadcrumb"},"inLanguage":"en-US","potentialAction":[{"@type":"ReadAction","target":[["https:\/\/www.archiv-frau-musik.de\/en\/event\/frauenchor-frankfurt-mit-uplifted-voices"]]}]},{"@type":"BreadcrumbList","@id":"https:\/\/www.archiv-frau-musik.de\/en\/event\/frauenchor-frankfurt-mit-uplifted-voices#breadcrumb","itemListElement":[{"@type":"ListItem","position":1,"name":"Startseite","item":"https:\/\/www.archiv-frau-musik.de\/en\/"},{"@type":"ListItem","position":2,"name":"Veranstaltungen","item":"https:\/\/www.archiv-frau-musik.de\/en\/events\/"},{"@type":"ListItem","position":3,"name":"Frauenchor Frankfurt mit &#8222;Uplifted Voices&#8220;!"}]},{"@type":"WebSite","@id":"https:\/\/www.archiv-frau-musik.de\/en\/#website","url":"https:\/\/www.archiv-frau-musik.de\/en\/","name":"Archiv Frau und Musik","description":"","potentialAction":[{"@type":"SearchAction","target":{"@type":"EntryPoint","urlTemplate":"https:\/\/www.archiv-frau-musik.de\/en\/?s={search_term_string}"},"query-input":{"@type":"PropertyValueSpecification","valueRequired":true,"valueName":"search_term_string"}}],"inLanguage":"en-US"}]}</script>
<!-- / Yoast SEO plugin. -->

Der Frauenchor des Chorwerk Frankfurt präsentiert in diesem Jahr eine Auswahl an a cappella Stücken für hohe Stimmen von Komponistinnen!
