{"id":17616,"date":"2026-09-01T08:42:31","date_gmt":"2026-09-01T06:42:31","guid":{"rendered":"https:\/\/www.archiv-frau-musik.de\/?post_type=tribe_events&#038;p=17616"},"modified":"2026-09-01T08:42:43","modified_gmt":"2026-09-01T06:42:43","slug":"aufbruch-mit-und-ohne-gefieder-ruth-zechlin","status":"publish","type":"tribe_events","link":"https:\/\/www.archiv-frau-musik.de\/en\/event\/aufbruch-mit-und-ohne-gefieder-ruth-zechlin","title":{"rendered":"(Deutsch) AUFBRUCH MIT UND OHNE GEFIEDER \u2013 Ruth Zechlin zum 100. Geburtstag"},"content":{"rendered":"<p class=\"qtranxs-available-languages-message qtranxs-available-languages-message-en\">Sorry, this entry is only available in <a href=\"https:\/\/www.archiv-frau-musik.de\/de\/wp-json\/wp\/v2\/tribe_events\/17616\" class=\"qtranxs-available-language-link qtranxs-available-language-link-de\" title=\"Deutsch\">Deutsch<\/a>.<\/p>","protected":false},"excerpt":{"rendered":"<p>Sorry, this entry is only available in Deutsch.<\/p>\n","protected":false},"author":5,"featured_media":0,"template":"","meta":{"generate_page_header":"","_tribe_events_status":"","_tribe_events_status_reason":"","footnotes":""},"tags":[2699,2698,2702,2703,2700,158,2207,2701,320,1704,387],"tribe_events_cat":[390],"class_list":["post-17616","tribe_events","type-tribe_events","status-publish","hentry","tag-altona","tag-auf-der-zinne","tag-eberhard-lauer","tag-freya-linea-obijon","tag-gefieder","tag-hamburg","tag-kerstin-petersen","tag-lydia-weissgerber","tag-orgel","tag-ruth-zechlin","tag-urauffuehrung","tribe_events_cat-konzert","cat_konzert"],"yoast_head":"<!-- This site is optimized with the Yoast SEO plugin v28.4 - https:\/\/yoast.com\/product\/yoast-seo-wordpress\/ -->\n<title>(Deutsch) AUFBRUCH MIT UND OHNE GEFIEDER \u2013 Ruth Zechlin zum 100. Geburtstag<\/title>\n<meta name=\"description\" content=\"RUTH ZECHLIN ZUM 100. GEBURTSTAG! Werke f\u00fcr Oboe, Orgel und Orgelpositiv von Ruth Zechlin, Julia Wei\u00dfgerber und Stefan Pohlit (Urauff\u00fchrung)!\" \/>\n<meta name=\"robots\" content=\"index, follow, max-snippet:-1, max-image-preview:large, max-video-preview:-1\" \/>\n<link rel=\"canonical\" href=\"https:\/\/www.archiv-frau-musik.de\/en\/event\/aufbruch-mit-und-ohne-gefieder-ruth-zechlin\" \/>\n<meta property=\"og:locale\" content=\"en_US\" \/>\n<meta property=\"og:type\" content=\"article\" \/>\n<meta property=\"og:title\" content=\"(Deutsch) AUFBRUCH MIT UND OHNE GEFIEDER \u2013 Ruth Zechlin zum 100. Geburtstag\" \/>\n<meta property=\"og:description\" content=\"RUTH ZECHLIN ZUM 100. GEBURTSTAG! Werke f\u00fcr Oboe, Orgel und Orgelpositiv von Ruth Zechlin, Julia Wei\u00dfgerber und Stefan Pohlit (Urauff\u00fchrung)!\" \/>\n<meta property=\"og:url\" content=\"https:\/\/www.archiv-frau-musik.de\/en\/event\/aufbruch-mit-und-ohne-gefieder-ruth-zechlin\" \/>\n<meta property=\"og:site_name\" content=\"Archiv Frau und Musik\" \/>\n<meta property=\"article:modified_time\" content=\"2026-09-01T06:42:43+00:00\" \/>\n<meta name=\"twitter:card\" content=\"summary_large_image\" \/>\n<meta name=\"twitter:label1\" content=\"Est. reading time\" \/>\n\t<meta name=\"twitter:data1\" content=\"2 minutes\" \/>\n<script type=\"application\/ld+json\" class=\"yoast-schema-graph\">{\"@context\":\"https:\\\/\\\/schema.org\",\"@graph\":[{\"@type\":\"WebPage\",\"@id\":\"https:\\\/\\\/www.archiv-frau-musik.de\\\/en\\\/event\\\/aufbruch-mit-und-ohne-gefieder-ruth-zechlin\",\"url\":\"https:\\\/\\\/www.archiv-frau-musik.de\\\/en\\\/event\\\/aufbruch-mit-und-ohne-gefieder-ruth-zechlin\",\"name\":\"(Deutsch) AUFBRUCH MIT UND OHNE GEFIEDER \u2013 Ruth Zechlin zum 100. Geburtstag\",\"isPartOf\":{\"@id\":\"https:\\\/\\\/www.archiv-frau-musik.de\\\/en\\\/#website\"},\"datePublished\":\"2026-09-01T06:42:31+00:00\",\"dateModified\":\"2026-09-01T06:42:43+00:00\",\"description\":\"RUTH ZECHLIN ZUM 100. GEBURTSTAG! Werke f\u00fcr Oboe, Orgel und Orgelpositiv von Ruth Zechlin, Julia Wei\u00dfgerber und Stefan Pohlit (Urauff\u00fchrung)!\",\"breadcrumb\":{\"@id\":\"https:\\\/\\\/www.archiv-frau-musik.de\\\/en\\\/event\\\/aufbruch-mit-und-ohne-gefieder-ruth-zechlin#breadcrumb\"},\"inLanguage\":\"en-US\",\"potentialAction\":[{\"@type\":\"ReadAction\",\"target\":[[\"https:\\\/\\\/www.archiv-frau-musik.de\\\/en\\\/event\\\/aufbruch-mit-und-ohne-gefieder-ruth-zechlin\"]]}]},{\"@type\":\"BreadcrumbList\",\"@id\":\"https:\\\/\\\/www.archiv-frau-musik.de\\\/en\\\/event\\\/aufbruch-mit-und-ohne-gefieder-ruth-zechlin#breadcrumb\",\"itemListElement\":[{\"@type\":\"ListItem\",\"position\":1,\"name\":\"Startseite\",\"item\":\"https:\\\/\\\/www.archiv-frau-musik.de\\\/en\\\/\"},{\"@type\":\"ListItem\",\"position\":2,\"name\":\"Veranstaltungen\",\"item\":\"https:\\\/\\\/www.archiv-frau-musik.de\\\/en\\\/events\\\/\"},{\"@type\":\"ListItem\",\"position\":3,\"name\":\"AUFBRUCH MIT UND OHNE GEFIEDER \u2013 Ruth Zechlin zum 100. Geburtstag\"}]},{\"@type\":\"WebSite\",\"@id\":\"https:\\\/\\\/www.archiv-frau-musik.de\\\/en\\\/#website\",\"url\":\"https:\\\/\\\/www.archiv-frau-musik.de\\\/en\\\/\",\"name\":\"Archiv Frau und Musik\",\"description\":\"\",\"potentialAction\":[{\"@type\":\"SearchAction\",\"target\":{\"@type\":\"EntryPoint\",\"urlTemplate\":\"https:\\\/\\\/www.archiv-frau-musik.de\\\/en\\\/?s={search_term_string}\"},\"query-input\":{\"@type\":\"PropertyValueSpecification\",\"valueRequired\":true,\"valueName\":\"search_term_string\"}}],\"inLanguage\":\"en-US\"}]}<\/script>\n<!-- \/ Yoast SEO plugin. -->","yoast_head_json":{"title":"(Deutsch) AUFBRUCH MIT UND OHNE GEFIEDER \u2013 Ruth Zechlin zum 100. Geburtstag","description":"RUTH ZECHLIN ZUM 100. GEBURTSTAG! Werke f\u00fcr Oboe, Orgel und Orgelpositiv von Ruth Zechlin, Julia Wei\u00dfgerber und Stefan Pohlit (Urauff\u00fchrung)!","robots":{"index":"index","follow":"follow","max-snippet":"max-snippet:-1","max-image-preview":"max-image-preview:large","max-video-preview":"max-video-preview:-1"},"canonical":"https:\/\/www.archiv-frau-musik.de\/en\/event\/aufbruch-mit-und-ohne-gefieder-ruth-zechlin","og_locale":"en_US","og_type":"article","og_title":"(Deutsch) AUFBRUCH MIT UND OHNE GEFIEDER \u2013 Ruth Zechlin zum 100. Geburtstag","og_description":"RUTH ZECHLIN ZUM 100. GEBURTSTAG! Werke f\u00fcr Oboe, Orgel und Orgelpositiv von Ruth Zechlin, Julia Wei\u00dfgerber und Stefan Pohlit (Urauff\u00fchrung)!","og_url":"https:\/\/www.archiv-frau-musik.de\/en\/event\/aufbruch-mit-und-ohne-gefieder-ruth-zechlin","og_site_name":"Archiv Frau und Musik","article_modified_time":"2026-09-01T06:42:43+00:00","twitter_card":"summary_large_image","twitter_misc":{"Est. reading time":"2 minutes"},"schema":{"@context":"https:\/\/schema.org","@graph":[{"@type":"WebPage","@id":"https:\/\/www.archiv-frau-musik.de\/en\/event\/aufbruch-mit-und-ohne-gefieder-ruth-zechlin","url":"https:\/\/www.archiv-frau-musik.de\/en\/event\/aufbruch-mit-und-ohne-gefieder-ruth-zechlin","name":"(Deutsch) AUFBRUCH MIT UND OHNE GEFIEDER \u2013 Ruth Zechlin zum 100. Geburtstag","isPartOf":{"@id":"https:\/\/www.archiv-frau-musik.de\/en\/#website"},"datePublished":"2026-09-01T06:42:31+00:00","dateModified":"2026-09-01T06:42:43+00:00","description":"RUTH ZECHLIN ZUM 100. GEBURTSTAG! Werke f\u00fcr Oboe, Orgel und Orgelpositiv von Ruth Zechlin, Julia Wei\u00dfgerber und Stefan Pohlit (Urauff\u00fchrung)!","breadcrumb":{"@id":"https:\/\/www.archiv-frau-musik.de\/en\/event\/aufbruch-mit-und-ohne-gefieder-ruth-zechlin#breadcrumb"},"inLanguage":"en-US","potentialAction":[{"@type":"ReadAction","target":[["https:\/\/www.archiv-frau-musik.de\/en\/event\/aufbruch-mit-und-ohne-gefieder-ruth-zechlin"]]}]},{"@type":"BreadcrumbList","@id":"https:\/\/www.archiv-frau-musik.de\/en\/event\/aufbruch-mit-und-ohne-gefieder-ruth-zechlin#breadcrumb","itemListElement":[{"@type":"ListItem","position":1,"name":"Startseite","item":"https:\/\/www.archiv-frau-musik.de\/en\/"},{"@type":"ListItem","position":2,"name":"Veranstaltungen","item":"https:\/\/www.archiv-frau-musik.de\/en\/events\/"},{"@type":"ListItem","position":3,"name":"AUFBRUCH MIT UND OHNE GEFIEDER \u2013 Ruth Zechlin zum 100. Geburtstag"}]},{"@type":"WebSite","@id":"https:\/\/www.archiv-frau-musik.de\/en\/#website","url":"https:\/\/www.archiv-frau-musik.de\/en\/","name":"Archiv Frau und Musik","description":"","potentialAction":[{"@type":"SearchAction","target":{"@type":"EntryPoint","urlTemplate":"https:\/\/www.archiv-frau-musik.de\/en\/?s={search_term_string}"},"query-input":{"@type":"PropertyValueSpecification","valueRequired":true,"valueName":"search_term_string"}}],"inLanguage":"en-US"}]}},"_links":{"self":[{"href":"https:\/\/www.archiv-frau-musik.de\/en\/wp-json\/wp\/v2\/tribe_events\/17616","targetHints":{"allow":["GET"]}}],"collection":[{"href":"https:\/\/www.archiv-frau-musik.de\/en\/wp-json\/wp\/v2\/tribe_events"}],"about":[{"href":"https:\/\/www.archiv-frau-musik.de\/en\/wp-json\/wp\/v2\/types\/tribe_events"}],"author":[{"embeddable":true,"href":"https:\/\/www.archiv-frau-musik.de\/en\/wp-json\/wp\/v2\/users\/5"}],"version-history":[{"count":2,"href":"https:\/\/www.archiv-frau-musik.de\/en\/wp-json\/wp\/v2\/tribe_events\/17616\/revisions"}],"predecessor-version":[{"id":17620,"href":"https:\/\/www.archiv-frau-musik.de\/en\/wp-json\/wp\/v2\/tribe_events\/17616\/revisions\/17620"}],"wp:attachment":[{"href":"https:\/\/www.archiv-frau-musik.de\/en\/wp-json\/wp\/v2\/media?parent=17616"}],"wp:term":[{"taxonomy":"post_tag","embeddable":true,"href":"https:\/\/www.archiv-frau-musik.de\/en\/wp-json\/wp\/v2\/tags?post=17616"},{"taxonomy":"tribe_events_cat","embeddable":true,"href":"https:\/\/www.archiv-frau-musik.de\/en\/wp-json\/wp\/v2\/tribe_events_cat?post=17616"}],"curies":[{"name":"wp","href":"https:\/\/api.w.org\/{rel}","templated":true}]}}

<!-- This site is optimized with the Yoast SEO plugin v28.4 - https://yoast.com/product/yoast-seo-wordpress/ -->
<title>(Deutsch) AUFBRUCH MIT UND OHNE GEFIEDER – Ruth Zechlin zum 100. Geburtstag</title>
<meta name="description" content="RUTH ZECHLIN ZUM 100. GEBURTSTAG! Werke für Oboe, Orgel und Orgelpositiv von Ruth Zechlin, Julia Weißgerber und Stefan Pohlit (Uraufführung)!" />
<meta name="robots" content="index, follow, max-snippet:-1, max-image-preview:large, max-video-preview:-1" />
<link rel="canonical" href="https://www.archiv-frau-musik.de/en/event/aufbruch-mit-und-ohne-gefieder-ruth-zechlin" />
<meta property="og:locale" content="en_US" />
<meta property="og:type" content="article" />
<meta property="og:title" content="(Deutsch) AUFBRUCH MIT UND OHNE GEFIEDER – Ruth Zechlin zum 100. Geburtstag" />
<meta property="og:description" content="RUTH ZECHLIN ZUM 100. GEBURTSTAG! Werke für Oboe, Orgel und Orgelpositiv von Ruth Zechlin, Julia Weißgerber und Stefan Pohlit (Uraufführung)!" />
<meta property="og:url" content="https://www.archiv-frau-musik.de/en/event/aufbruch-mit-und-ohne-gefieder-ruth-zechlin" />
<meta property="og:site_name" content="Archiv Frau und Musik" />
<meta property="article:modified_time" content="2026-09-01T06:42:43+00:00" />
<meta name="twitter:card" content="summary_large_image" />
<meta name="twitter:label1" content="Est. reading time" />
	<meta name="twitter:data1" content="2 minutes" />
<script type="application/ld+json" class="yoast-schema-graph">{"@context":"https:\/\/schema.org","@graph":[{"@type":"WebPage","@id":"https:\/\/www.archiv-frau-musik.de\/en\/event\/aufbruch-mit-und-ohne-gefieder-ruth-zechlin","url":"https:\/\/www.archiv-frau-musik.de\/en\/event\/aufbruch-mit-und-ohne-gefieder-ruth-zechlin","name":"(Deutsch) AUFBRUCH MIT UND OHNE GEFIEDER – Ruth Zechlin zum 100. Geburtstag","isPartOf":{"@id":"https:\/\/www.archiv-frau-musik.de\/en\/#website"},"datePublished":"2026-09-01T06:42:31+00:00","dateModified":"2026-09-01T06:42:43+00:00","description":"RUTH ZECHLIN ZUM 100. GEBURTSTAG! Werke für Oboe, Orgel und Orgelpositiv von Ruth Zechlin, Julia Weißgerber und Stefan Pohlit (Uraufführung)!","breadcrumb":{"@id":"https:\/\/www.archiv-frau-musik.de\/en\/event\/aufbruch-mit-und-ohne-gefieder-ruth-zechlin#breadcrumb"},"inLanguage":"en-US","potentialAction":[{"@type":"ReadAction","target":[["https:\/\/www.archiv-frau-musik.de\/en\/event\/aufbruch-mit-und-ohne-gefieder-ruth-zechlin"]]}]},{"@type":"BreadcrumbList","@id":"https:\/\/www.archiv-frau-musik.de\/en\/event\/aufbruch-mit-und-ohne-gefieder-ruth-zechlin#breadcrumb","itemListElement":[{"@type":"ListItem","position":1,"name":"Startseite","item":"https:\/\/www.archiv-frau-musik.de\/en\/"},{"@type":"ListItem","position":2,"name":"Veranstaltungen","item":"https:\/\/www.archiv-frau-musik.de\/en\/events\/"},{"@type":"ListItem","position":3,"name":"AUFBRUCH MIT UND OHNE GEFIEDER – Ruth Zechlin zum 100. Geburtstag"}]},{"@type":"WebSite","@id":"https:\/\/www.archiv-frau-musik.de\/en\/#website","url":"https:\/\/www.archiv-frau-musik.de\/en\/","name":"Archiv Frau und Musik","description":"","potentialAction":[{"@type":"SearchAction","target":{"@type":"EntryPoint","urlTemplate":"https:\/\/www.archiv-frau-musik.de\/en\/?s={search_term_string}"},"query-input":{"@type":"PropertyValueSpecification","valueRequired":true,"valueName":"search_term_string"}}],"inLanguage":"en-US"}]}</script>
<!-- / Yoast SEO plugin. -->

RUTH ZECHLIN ZUM 100. GEBURTSTAG! Werke für Oboe, Orgel und Orgelpositiv von Ruth Zechlin, Julia Weißgerber und Stefan Pohlit (Uraufführung)!
