{"id":14477,"date":"2025-06-30T09:08:22","date_gmt":"2025-06-30T07:08:22","guid":{"rendered":"https:\/\/www.archiv-frau-musik.de\/?post_type=tribe_events&#038;p=14477"},"modified":"2025-06-30T09:08:22","modified_gmt":"2025-06-30T07:08:22","slug":"iawm-konzert-virago-symphonic-orchestra-in-koeln","status":"publish","type":"tribe_events","link":"https:\/\/www.archiv-frau-musik.de\/en\/event\/iawm-konzert-virago-symphonic-orchestra-in-koeln","title":{"rendered":"(Deutsch) IAWM-Konzert Virago Symphonic Orchestra in K\u00f6ln"},"content":{"rendered":"<p class=\"qtranxs-available-languages-message qtranxs-available-languages-message-en\">Sorry, this entry is only available in <a href=\"https:\/\/www.archiv-frau-musik.de\/de\/wp-json\/wp\/v2\/tribe_events\/14477\" class=\"qtranxs-available-language-link qtranxs-available-language-link-de\" title=\"Deutsch\">Deutsch<\/a>.<\/p>","protected":false},"excerpt":{"rendered":"<p>Sorry, this entry is only available in Deutsch.<\/p>\n","protected":false},"author":5,"featured_media":0,"template":"","meta":{"generate_page_header":"","_tribe_events_status":"","_tribe_events_status_reason":"","footnotes":""},"tags":[1415,871,187,2176,2178,2175,2177],"tribe_events_cat":[390],"class_list":["post-14477","tribe_events","type-tribe_events","status-publish","hentry","tag-iawm","tag-koeln","tag-komponistinnen","tag-museum-schnuetgen","tag-pascale-van-os","tag-schnuetgen","tag-virago-symphonic-orchestra","tribe_events_cat-konzert","cat_konzert"],"yoast_head":"<!-- This site is optimized with the Yoast SEO plugin v27.5 - https:\/\/yoast.com\/product\/yoast-seo-wordpress\/ -->\n<title>(Deutsch) IAWM-Konzert Virago Symphonic Orchestra in K\u00f6ln<\/title>\n<meta name=\"description\" content=\"Das reine Frauenorchester Virago Symphonic Orchestra besch\u00e4ftigt sich ausschlie\u00dflich mit der Musik von Komponistinnen. Um die Debatte \u00fcber\" \/>\n<meta name=\"robots\" content=\"index, follow, max-snippet:-1, max-image-preview:large, max-video-preview:-1\" \/>\n<link rel=\"canonical\" href=\"https:\/\/www.archiv-frau-musik.de\/en\/event\/iawm-konzert-virago-symphonic-orchestra-in-koeln\" \/>\n<meta property=\"og:locale\" content=\"en_US\" \/>\n<meta property=\"og:type\" content=\"article\" \/>\n<meta property=\"og:title\" content=\"(Deutsch) IAWM-Konzert Virago Symphonic Orchestra in K\u00f6ln\" \/>\n<meta property=\"og:description\" content=\"Das reine Frauenorchester Virago Symphonic Orchestra besch\u00e4ftigt sich ausschlie\u00dflich mit der Musik von Komponistinnen. Um die Debatte \u00fcber\" \/>\n<meta property=\"og:url\" content=\"https:\/\/www.archiv-frau-musik.de\/en\/event\/iawm-konzert-virago-symphonic-orchestra-in-koeln\" \/>\n<meta property=\"og:site_name\" content=\"Archiv Frau und Musik\" \/>\n<meta name=\"twitter:card\" content=\"summary_large_image\" \/>\n<meta name=\"twitter:label1\" content=\"Est. reading time\" \/>\n\t<meta name=\"twitter:data1\" content=\"2 minutes\" \/>\n<script type=\"application\/ld+json\" class=\"yoast-schema-graph\">{\"@context\":\"https:\\\/\\\/schema.org\",\"@graph\":[{\"@type\":\"WebPage\",\"@id\":\"https:\\\/\\\/www.archiv-frau-musik.de\\\/en\\\/event\\\/iawm-konzert-virago-symphonic-orchestra-in-koeln\",\"url\":\"https:\\\/\\\/www.archiv-frau-musik.de\\\/en\\\/event\\\/iawm-konzert-virago-symphonic-orchestra-in-koeln\",\"name\":\"(Deutsch) IAWM-Konzert Virago Symphonic Orchestra in K\u00f6ln\",\"isPartOf\":{\"@id\":\"https:\\\/\\\/www.archiv-frau-musik.de\\\/en\\\/#website\"},\"datePublished\":\"2025-06-30T07:08:22+00:00\",\"description\":\"Das reine Frauenorchester Virago Symphonic Orchestra besch\u00e4ftigt sich ausschlie\u00dflich mit der Musik von Komponistinnen. Um die Debatte \u00fcber\",\"breadcrumb\":{\"@id\":\"https:\\\/\\\/www.archiv-frau-musik.de\\\/en\\\/event\\\/iawm-konzert-virago-symphonic-orchestra-in-koeln#breadcrumb\"},\"inLanguage\":\"en-US\",\"potentialAction\":[{\"@type\":\"ReadAction\",\"target\":[[\"https:\\\/\\\/www.archiv-frau-musik.de\\\/en\\\/event\\\/iawm-konzert-virago-symphonic-orchestra-in-koeln\"]]}]},{\"@type\":\"BreadcrumbList\",\"@id\":\"https:\\\/\\\/www.archiv-frau-musik.de\\\/en\\\/event\\\/iawm-konzert-virago-symphonic-orchestra-in-koeln#breadcrumb\",\"itemListElement\":[{\"@type\":\"ListItem\",\"position\":1,\"name\":\"Startseite\",\"item\":\"https:\\\/\\\/www.archiv-frau-musik.de\\\/en\\\/\"},{\"@type\":\"ListItem\",\"position\":2,\"name\":\"Veranstaltungen\",\"item\":\"https:\\\/\\\/www.archiv-frau-musik.de\\\/en\\\/events\\\/\"},{\"@type\":\"ListItem\",\"position\":3,\"name\":\"IAWM-Konzert Virago Symphonic Orchestra in K\u00f6ln\"}]},{\"@type\":\"WebSite\",\"@id\":\"https:\\\/\\\/www.archiv-frau-musik.de\\\/en\\\/#website\",\"url\":\"https:\\\/\\\/www.archiv-frau-musik.de\\\/en\\\/\",\"name\":\"Archiv Frau und Musik\",\"description\":\"\",\"potentialAction\":[{\"@type\":\"SearchAction\",\"target\":{\"@type\":\"EntryPoint\",\"urlTemplate\":\"https:\\\/\\\/www.archiv-frau-musik.de\\\/en\\\/?s={search_term_string}\"},\"query-input\":{\"@type\":\"PropertyValueSpecification\",\"valueRequired\":true,\"valueName\":\"search_term_string\"}}],\"inLanguage\":\"en-US\"}]}<\/script>\n<!-- \/ Yoast SEO plugin. -->","yoast_head_json":{"title":"(Deutsch) IAWM-Konzert Virago Symphonic Orchestra in K\u00f6ln","description":"Das reine Frauenorchester Virago Symphonic Orchestra besch\u00e4ftigt sich ausschlie\u00dflich mit der Musik von Komponistinnen. Um die Debatte \u00fcber","robots":{"index":"index","follow":"follow","max-snippet":"max-snippet:-1","max-image-preview":"max-image-preview:large","max-video-preview":"max-video-preview:-1"},"canonical":"https:\/\/www.archiv-frau-musik.de\/en\/event\/iawm-konzert-virago-symphonic-orchestra-in-koeln","og_locale":"en_US","og_type":"article","og_title":"(Deutsch) IAWM-Konzert Virago Symphonic Orchestra in K\u00f6ln","og_description":"Das reine Frauenorchester Virago Symphonic Orchestra besch\u00e4ftigt sich ausschlie\u00dflich mit der Musik von Komponistinnen. Um die Debatte \u00fcber","og_url":"https:\/\/www.archiv-frau-musik.de\/en\/event\/iawm-konzert-virago-symphonic-orchestra-in-koeln","og_site_name":"Archiv Frau und Musik","twitter_card":"summary_large_image","twitter_misc":{"Est. reading time":"2 minutes"},"schema":{"@context":"https:\/\/schema.org","@graph":[{"@type":"WebPage","@id":"https:\/\/www.archiv-frau-musik.de\/en\/event\/iawm-konzert-virago-symphonic-orchestra-in-koeln","url":"https:\/\/www.archiv-frau-musik.de\/en\/event\/iawm-konzert-virago-symphonic-orchestra-in-koeln","name":"(Deutsch) IAWM-Konzert Virago Symphonic Orchestra in K\u00f6ln","isPartOf":{"@id":"https:\/\/www.archiv-frau-musik.de\/en\/#website"},"datePublished":"2025-06-30T07:08:22+00:00","description":"Das reine Frauenorchester Virago Symphonic Orchestra besch\u00e4ftigt sich ausschlie\u00dflich mit der Musik von Komponistinnen. Um die Debatte \u00fcber","breadcrumb":{"@id":"https:\/\/www.archiv-frau-musik.de\/en\/event\/iawm-konzert-virago-symphonic-orchestra-in-koeln#breadcrumb"},"inLanguage":"en-US","potentialAction":[{"@type":"ReadAction","target":[["https:\/\/www.archiv-frau-musik.de\/en\/event\/iawm-konzert-virago-symphonic-orchestra-in-koeln"]]}]},{"@type":"BreadcrumbList","@id":"https:\/\/www.archiv-frau-musik.de\/en\/event\/iawm-konzert-virago-symphonic-orchestra-in-koeln#breadcrumb","itemListElement":[{"@type":"ListItem","position":1,"name":"Startseite","item":"https:\/\/www.archiv-frau-musik.de\/en\/"},{"@type":"ListItem","position":2,"name":"Veranstaltungen","item":"https:\/\/www.archiv-frau-musik.de\/en\/events\/"},{"@type":"ListItem","position":3,"name":"IAWM-Konzert Virago Symphonic Orchestra in K\u00f6ln"}]},{"@type":"WebSite","@id":"https:\/\/www.archiv-frau-musik.de\/en\/#website","url":"https:\/\/www.archiv-frau-musik.de\/en\/","name":"Archiv Frau und Musik","description":"","potentialAction":[{"@type":"SearchAction","target":{"@type":"EntryPoint","urlTemplate":"https:\/\/www.archiv-frau-musik.de\/en\/?s={search_term_string}"},"query-input":{"@type":"PropertyValueSpecification","valueRequired":true,"valueName":"search_term_string"}}],"inLanguage":"en-US"}]}},"_links":{"self":[{"href":"https:\/\/www.archiv-frau-musik.de\/en\/wp-json\/wp\/v2\/tribe_events\/14477","targetHints":{"allow":["GET"]}}],"collection":[{"href":"https:\/\/www.archiv-frau-musik.de\/en\/wp-json\/wp\/v2\/tribe_events"}],"about":[{"href":"https:\/\/www.archiv-frau-musik.de\/en\/wp-json\/wp\/v2\/types\/tribe_events"}],"author":[{"embeddable":true,"href":"https:\/\/www.archiv-frau-musik.de\/en\/wp-json\/wp\/v2\/users\/5"}],"version-history":[{"count":1,"href":"https:\/\/www.archiv-frau-musik.de\/en\/wp-json\/wp\/v2\/tribe_events\/14477\/revisions"}],"predecessor-version":[{"id":14480,"href":"https:\/\/www.archiv-frau-musik.de\/en\/wp-json\/wp\/v2\/tribe_events\/14477\/revisions\/14480"}],"wp:attachment":[{"href":"https:\/\/www.archiv-frau-musik.de\/en\/wp-json\/wp\/v2\/media?parent=14477"}],"wp:term":[{"taxonomy":"post_tag","embeddable":true,"href":"https:\/\/www.archiv-frau-musik.de\/en\/wp-json\/wp\/v2\/tags?post=14477"},{"taxonomy":"tribe_events_cat","embeddable":true,"href":"https:\/\/www.archiv-frau-musik.de\/en\/wp-json\/wp\/v2\/tribe_events_cat?post=14477"}],"curies":[{"name":"wp","href":"https:\/\/api.w.org\/{rel}","templated":true}]}}

(Deutsch) IAWM-Konzert Virago Symphonic Orchestra in Köln

<!-- This site is optimized with the Yoast SEO plugin v27.5 - https://yoast.com/product/yoast-seo-wordpress/ -->
<title>(Deutsch) IAWM-Konzert Virago Symphonic Orchestra in Köln</title>
<meta name="description" content="Das reine Frauenorchester Virago Symphonic Orchestra beschäftigt sich ausschließlich mit der Musik von Komponistinnen. Um die Debatte über" />
<meta name="robots" content="index, follow, max-snippet:-1, max-image-preview:large, max-video-preview:-1" />
<link rel="canonical" href="https://www.archiv-frau-musik.de/en/event/iawm-konzert-virago-symphonic-orchestra-in-koeln" />
<meta property="og:locale" content="en_US" />
<meta property="og:type" content="article" />
<meta property="og:title" content="(Deutsch) IAWM-Konzert Virago Symphonic Orchestra in Köln" />
<meta property="og:description" content="Das reine Frauenorchester Virago Symphonic Orchestra beschäftigt sich ausschließlich mit der Musik von Komponistinnen. Um die Debatte über" />
<meta property="og:url" content="https://www.archiv-frau-musik.de/en/event/iawm-konzert-virago-symphonic-orchestra-in-koeln" />
<meta property="og:site_name" content="Archiv Frau und Musik" />
<meta name="twitter:card" content="summary_large_image" />
<meta name="twitter:label1" content="Est. reading time" />
	<meta name="twitter:data1" content="2 minutes" />
<script type="application/ld+json" class="yoast-schema-graph">{"@context":"https:\/\/schema.org","@graph":[{"@type":"WebPage","@id":"https:\/\/www.archiv-frau-musik.de\/en\/event\/iawm-konzert-virago-symphonic-orchestra-in-koeln","url":"https:\/\/www.archiv-frau-musik.de\/en\/event\/iawm-konzert-virago-symphonic-orchestra-in-koeln","name":"(Deutsch) IAWM-Konzert Virago Symphonic Orchestra in Köln","isPartOf":{"@id":"https:\/\/www.archiv-frau-musik.de\/en\/#website"},"datePublished":"2025-06-30T07:08:22+00:00","description":"Das reine Frauenorchester Virago Symphonic Orchestra beschäftigt sich ausschließlich mit der Musik von Komponistinnen. Um die Debatte über","breadcrumb":{"@id":"https:\/\/www.archiv-frau-musik.de\/en\/event\/iawm-konzert-virago-symphonic-orchestra-in-koeln#breadcrumb"},"inLanguage":"en-US","potentialAction":[{"@type":"ReadAction","target":[["https:\/\/www.archiv-frau-musik.de\/en\/event\/iawm-konzert-virago-symphonic-orchestra-in-koeln"]]}]},{"@type":"BreadcrumbList","@id":"https:\/\/www.archiv-frau-musik.de\/en\/event\/iawm-konzert-virago-symphonic-orchestra-in-koeln#breadcrumb","itemListElement":[{"@type":"ListItem","position":1,"name":"Startseite","item":"https:\/\/www.archiv-frau-musik.de\/en\/"},{"@type":"ListItem","position":2,"name":"Veranstaltungen","item":"https:\/\/www.archiv-frau-musik.de\/en\/events\/"},{"@type":"ListItem","position":3,"name":"IAWM-Konzert Virago Symphonic Orchestra in Köln"}]},{"@type":"WebSite","@id":"https:\/\/www.archiv-frau-musik.de\/en\/#website","url":"https:\/\/www.archiv-frau-musik.de\/en\/","name":"Archiv Frau und Musik","description":"","potentialAction":[{"@type":"SearchAction","target":{"@type":"EntryPoint","urlTemplate":"https:\/\/www.archiv-frau-musik.de\/en\/?s={search_term_string}"},"query-input":{"@type":"PropertyValueSpecification","valueRequired":true,"valueName":"search_term_string"}}],"inLanguage":"en-US"}]}</script>
<!-- / Yoast SEO plugin. -->

Das reine Frauenorchester Virago Symphonic Orchestra beschäftigt sich ausschließlich mit der Musik von Komponistinnen. Um die Debatte über

IAWM-Konzert Virago Symphonic Orchestra in Köln
