{"id":13315,"date":"2025-03-11T17:28:53","date_gmt":"2025-03-11T16:28:53","guid":{"rendered":"https:\/\/www.archiv-frau-musik.de\/?post_type=tribe_events&#038;p=13315"},"modified":"2025-03-12T09:08:48","modified_gmt":"2025-03-12T08:08:48","slug":"klangraeume-oeffnen-wiederentdeckung-vergessener-komponistinnen-gespraechskonzert","status":"publish","type":"tribe_events","link":"https:\/\/www.archiv-frau-musik.de\/en\/event\/klangraeume-oeffnen-wiederentdeckung-vergessener-komponistinnen-gespraechskonzert","title":{"rendered":"(Deutsch) Klangr\u00e4ume \u00f6ffnen: Wiederentdeckung vergessener Komponistinnen | Vortrag"},"content":{"rendered":"<p class=\"qtranxs-available-languages-message qtranxs-available-languages-message-en\">Sorry, this entry is only available in <a href=\"https:\/\/www.archiv-frau-musik.de\/de\/wp-json\/wp\/v2\/tribe_events\/13315\" class=\"qtranxs-available-language-link qtranxs-available-language-link-de\" title=\"Deutsch\">Deutsch<\/a>.<\/p>","protected":false},"excerpt":{"rendered":"<p>Sorry, this entry is only available in Deutsch.<\/p>\n","protected":false},"author":5,"featured_media":0,"template":"","meta":{"generate_page_header":"","_tribe_events_status":"","_tribe_events_status_reason":"","footnotes":""},"tags":[2096,1176,2098,187,1056,2097,197],"tribe_events_cat":[1425],"class_list":["post-13315","tribe_events","type-tribe_events","status-publish","hentry","tag-elisabeth-doerr","tag-kempten","tag-klangraeume","tag-komponistinnen","tag-mary-ellen-kitchens","tag-schoener-saal","tag-vortrag","tribe_events_cat-vortrag","cat_vortrag"],"yoast_head":"<!-- This site is optimized with the Yoast SEO plugin v27.4 - https:\/\/yoast.com\/product\/yoast-seo-wordpress\/ -->\n<title>(Deutsch) Klangr\u00e4ume \u00f6ffnen: Wiederentdeckung vergessener Komponistinnen | Vortrag<\/title>\n<meta name=\"description\" content=\"Mary Ellen Kitchens und Elisabeth D\u00f6rr beleuchten mit &quot;Klangr\u00e4ume \u00f6ffnen&quot; die (Wieder-)Entdeckung faszinierender Komponistinnen.\" \/>\n<meta name=\"robots\" content=\"index, follow, max-snippet:-1, max-image-preview:large, max-video-preview:-1\" \/>\n<link rel=\"canonical\" href=\"https:\/\/www.archiv-frau-musik.de\/en\/event\/klangraeume-oeffnen-wiederentdeckung-vergessener-komponistinnen-gespraechskonzert\" \/>\n<meta property=\"og:locale\" content=\"en_US\" \/>\n<meta property=\"og:type\" content=\"article\" \/>\n<meta property=\"og:title\" content=\"(Deutsch) Klangr\u00e4ume \u00f6ffnen: Wiederentdeckung vergessener Komponistinnen | Vortrag\" \/>\n<meta property=\"og:description\" content=\"Mary Ellen Kitchens und Elisabeth D\u00f6rr beleuchten mit &quot;Klangr\u00e4ume \u00f6ffnen&quot; die (Wieder-)Entdeckung faszinierender Komponistinnen.\" \/>\n<meta property=\"og:url\" content=\"https:\/\/www.archiv-frau-musik.de\/en\/event\/klangraeume-oeffnen-wiederentdeckung-vergessener-komponistinnen-gespraechskonzert\" \/>\n<meta property=\"og:site_name\" content=\"Archiv Frau und Musik\" \/>\n<meta property=\"article:modified_time\" content=\"2025-03-12T08:08:48+00:00\" \/>\n<meta name=\"twitter:card\" content=\"summary_large_image\" \/>\n<meta name=\"twitter:label1\" content=\"Est. reading time\" \/>\n\t<meta name=\"twitter:data1\" content=\"2 minutes\" \/>\n<script type=\"application\/ld+json\" class=\"yoast-schema-graph\">{\"@context\":\"https:\\\/\\\/schema.org\",\"@graph\":[{\"@type\":\"WebPage\",\"@id\":\"https:\\\/\\\/www.archiv-frau-musik.de\\\/en\\\/event\\\/klangraeume-oeffnen-wiederentdeckung-vergessener-komponistinnen-gespraechskonzert\",\"url\":\"https:\\\/\\\/www.archiv-frau-musik.de\\\/en\\\/event\\\/klangraeume-oeffnen-wiederentdeckung-vergessener-komponistinnen-gespraechskonzert\",\"name\":\"(Deutsch) Klangr\u00e4ume \u00f6ffnen: Wiederentdeckung vergessener Komponistinnen | Vortrag\",\"isPartOf\":{\"@id\":\"https:\\\/\\\/www.archiv-frau-musik.de\\\/en\\\/#website\"},\"datePublished\":\"2025-03-11T16:28:53+00:00\",\"dateModified\":\"2025-03-12T08:08:48+00:00\",\"description\":\"Mary Ellen Kitchens und Elisabeth D\u00f6rr beleuchten mit \\\"Klangr\u00e4ume \u00f6ffnen\\\" die (Wieder-)Entdeckung faszinierender Komponistinnen.\",\"breadcrumb\":{\"@id\":\"https:\\\/\\\/www.archiv-frau-musik.de\\\/en\\\/event\\\/klangraeume-oeffnen-wiederentdeckung-vergessener-komponistinnen-gespraechskonzert#breadcrumb\"},\"inLanguage\":\"en-US\",\"potentialAction\":[{\"@type\":\"ReadAction\",\"target\":[[\"https:\\\/\\\/www.archiv-frau-musik.de\\\/en\\\/event\\\/klangraeume-oeffnen-wiederentdeckung-vergessener-komponistinnen-gespraechskonzert\"]]}]},{\"@type\":\"BreadcrumbList\",\"@id\":\"https:\\\/\\\/www.archiv-frau-musik.de\\\/en\\\/event\\\/klangraeume-oeffnen-wiederentdeckung-vergessener-komponistinnen-gespraechskonzert#breadcrumb\",\"itemListElement\":[{\"@type\":\"ListItem\",\"position\":1,\"name\":\"Startseite\",\"item\":\"https:\\\/\\\/www.archiv-frau-musik.de\\\/en\\\/\"},{\"@type\":\"ListItem\",\"position\":2,\"name\":\"Veranstaltungen\",\"item\":\"https:\\\/\\\/www.archiv-frau-musik.de\\\/en\\\/events\\\/\"},{\"@type\":\"ListItem\",\"position\":3,\"name\":\"Klangr\u00e4ume \u00f6ffnen: Wiederentdeckung vergessener Komponistinnen | Vortrag\"}]},{\"@type\":\"WebSite\",\"@id\":\"https:\\\/\\\/www.archiv-frau-musik.de\\\/en\\\/#website\",\"url\":\"https:\\\/\\\/www.archiv-frau-musik.de\\\/en\\\/\",\"name\":\"Archiv Frau und Musik\",\"description\":\"\",\"potentialAction\":[{\"@type\":\"SearchAction\",\"target\":{\"@type\":\"EntryPoint\",\"urlTemplate\":\"https:\\\/\\\/www.archiv-frau-musik.de\\\/en\\\/?s={search_term_string}\"},\"query-input\":{\"@type\":\"PropertyValueSpecification\",\"valueRequired\":true,\"valueName\":\"search_term_string\"}}],\"inLanguage\":\"en-US\"}]}<\/script>\n<!-- \/ Yoast SEO plugin. -->","yoast_head_json":{"title":"(Deutsch) Klangr\u00e4ume \u00f6ffnen: Wiederentdeckung vergessener Komponistinnen | Vortrag","description":"Mary Ellen Kitchens und Elisabeth D\u00f6rr beleuchten mit \"Klangr\u00e4ume \u00f6ffnen\" die (Wieder-)Entdeckung faszinierender Komponistinnen.","robots":{"index":"index","follow":"follow","max-snippet":"max-snippet:-1","max-image-preview":"max-image-preview:large","max-video-preview":"max-video-preview:-1"},"canonical":"https:\/\/www.archiv-frau-musik.de\/en\/event\/klangraeume-oeffnen-wiederentdeckung-vergessener-komponistinnen-gespraechskonzert","og_locale":"en_US","og_type":"article","og_title":"(Deutsch) Klangr\u00e4ume \u00f6ffnen: Wiederentdeckung vergessener Komponistinnen | Vortrag","og_description":"Mary Ellen Kitchens und Elisabeth D\u00f6rr beleuchten mit \"Klangr\u00e4ume \u00f6ffnen\" die (Wieder-)Entdeckung faszinierender Komponistinnen.","og_url":"https:\/\/www.archiv-frau-musik.de\/en\/event\/klangraeume-oeffnen-wiederentdeckung-vergessener-komponistinnen-gespraechskonzert","og_site_name":"Archiv Frau und Musik","article_modified_time":"2025-03-12T08:08:48+00:00","twitter_card":"summary_large_image","twitter_misc":{"Est. reading time":"2 minutes"},"schema":{"@context":"https:\/\/schema.org","@graph":[{"@type":"WebPage","@id":"https:\/\/www.archiv-frau-musik.de\/en\/event\/klangraeume-oeffnen-wiederentdeckung-vergessener-komponistinnen-gespraechskonzert","url":"https:\/\/www.archiv-frau-musik.de\/en\/event\/klangraeume-oeffnen-wiederentdeckung-vergessener-komponistinnen-gespraechskonzert","name":"(Deutsch) Klangr\u00e4ume \u00f6ffnen: Wiederentdeckung vergessener Komponistinnen | Vortrag","isPartOf":{"@id":"https:\/\/www.archiv-frau-musik.de\/en\/#website"},"datePublished":"2025-03-11T16:28:53+00:00","dateModified":"2025-03-12T08:08:48+00:00","description":"Mary Ellen Kitchens und Elisabeth D\u00f6rr beleuchten mit \"Klangr\u00e4ume \u00f6ffnen\" die (Wieder-)Entdeckung faszinierender Komponistinnen.","breadcrumb":{"@id":"https:\/\/www.archiv-frau-musik.de\/en\/event\/klangraeume-oeffnen-wiederentdeckung-vergessener-komponistinnen-gespraechskonzert#breadcrumb"},"inLanguage":"en-US","potentialAction":[{"@type":"ReadAction","target":[["https:\/\/www.archiv-frau-musik.de\/en\/event\/klangraeume-oeffnen-wiederentdeckung-vergessener-komponistinnen-gespraechskonzert"]]}]},{"@type":"BreadcrumbList","@id":"https:\/\/www.archiv-frau-musik.de\/en\/event\/klangraeume-oeffnen-wiederentdeckung-vergessener-komponistinnen-gespraechskonzert#breadcrumb","itemListElement":[{"@type":"ListItem","position":1,"name":"Startseite","item":"https:\/\/www.archiv-frau-musik.de\/en\/"},{"@type":"ListItem","position":2,"name":"Veranstaltungen","item":"https:\/\/www.archiv-frau-musik.de\/en\/events\/"},{"@type":"ListItem","position":3,"name":"Klangr\u00e4ume \u00f6ffnen: Wiederentdeckung vergessener Komponistinnen | Vortrag"}]},{"@type":"WebSite","@id":"https:\/\/www.archiv-frau-musik.de\/en\/#website","url":"https:\/\/www.archiv-frau-musik.de\/en\/","name":"Archiv Frau und Musik","description":"","potentialAction":[{"@type":"SearchAction","target":{"@type":"EntryPoint","urlTemplate":"https:\/\/www.archiv-frau-musik.de\/en\/?s={search_term_string}"},"query-input":{"@type":"PropertyValueSpecification","valueRequired":true,"valueName":"search_term_string"}}],"inLanguage":"en-US"}]}},"_links":{"self":[{"href":"https:\/\/www.archiv-frau-musik.de\/en\/wp-json\/wp\/v2\/tribe_events\/13315","targetHints":{"allow":["GET"]}}],"collection":[{"href":"https:\/\/www.archiv-frau-musik.de\/en\/wp-json\/wp\/v2\/tribe_events"}],"about":[{"href":"https:\/\/www.archiv-frau-musik.de\/en\/wp-json\/wp\/v2\/types\/tribe_events"}],"author":[{"embeddable":true,"href":"https:\/\/www.archiv-frau-musik.de\/en\/wp-json\/wp\/v2\/users\/5"}],"version-history":[{"count":2,"href":"https:\/\/www.archiv-frau-musik.de\/en\/wp-json\/wp\/v2\/tribe_events\/13315\/revisions"}],"predecessor-version":[{"id":13324,"href":"https:\/\/www.archiv-frau-musik.de\/en\/wp-json\/wp\/v2\/tribe_events\/13315\/revisions\/13324"}],"wp:attachment":[{"href":"https:\/\/www.archiv-frau-musik.de\/en\/wp-json\/wp\/v2\/media?parent=13315"}],"wp:term":[{"taxonomy":"post_tag","embeddable":true,"href":"https:\/\/www.archiv-frau-musik.de\/en\/wp-json\/wp\/v2\/tags?post=13315"},{"taxonomy":"tribe_events_cat","embeddable":true,"href":"https:\/\/www.archiv-frau-musik.de\/en\/wp-json\/wp\/v2\/tribe_events_cat?post=13315"}],"curies":[{"name":"wp","href":"https:\/\/api.w.org\/{rel}","templated":true}]}}

(Deutsch) Klangräume öffnen: Wiederentdeckung vergessener Komponistinnen | Vortrag

<!-- This site is optimized with the Yoast SEO plugin v27.4 - https://yoast.com/product/yoast-seo-wordpress/ -->
<title>(Deutsch) Klangräume öffnen: Wiederentdeckung vergessener Komponistinnen | Vortrag</title>
<meta name="description" content="Mary Ellen Kitchens und Elisabeth Dörr beleuchten mit &quot;Klangräume öffnen&quot; die (Wieder-)Entdeckung faszinierender Komponistinnen." />
<meta name="robots" content="index, follow, max-snippet:-1, max-image-preview:large, max-video-preview:-1" />
<link rel="canonical" href="https://www.archiv-frau-musik.de/en/event/klangraeume-oeffnen-wiederentdeckung-vergessener-komponistinnen-gespraechskonzert" />
<meta property="og:locale" content="en_US" />
<meta property="og:type" content="article" />
<meta property="og:title" content="(Deutsch) Klangräume öffnen: Wiederentdeckung vergessener Komponistinnen | Vortrag" />
<meta property="og:description" content="Mary Ellen Kitchens und Elisabeth Dörr beleuchten mit &quot;Klangräume öffnen&quot; die (Wieder-)Entdeckung faszinierender Komponistinnen." />
<meta property="og:url" content="https://www.archiv-frau-musik.de/en/event/klangraeume-oeffnen-wiederentdeckung-vergessener-komponistinnen-gespraechskonzert" />
<meta property="og:site_name" content="Archiv Frau und Musik" />
<meta property="article:modified_time" content="2025-03-12T08:08:48+00:00" />
<meta name="twitter:card" content="summary_large_image" />
<meta name="twitter:label1" content="Est. reading time" />
	<meta name="twitter:data1" content="2 minutes" />
<script type="application/ld+json" class="yoast-schema-graph">{"@context":"https:\/\/schema.org","@graph":[{"@type":"WebPage","@id":"https:\/\/www.archiv-frau-musik.de\/en\/event\/klangraeume-oeffnen-wiederentdeckung-vergessener-komponistinnen-gespraechskonzert","url":"https:\/\/www.archiv-frau-musik.de\/en\/event\/klangraeume-oeffnen-wiederentdeckung-vergessener-komponistinnen-gespraechskonzert","name":"(Deutsch) Klangräume öffnen: Wiederentdeckung vergessener Komponistinnen | Vortrag","isPartOf":{"@id":"https:\/\/www.archiv-frau-musik.de\/en\/#website"},"datePublished":"2025-03-11T16:28:53+00:00","dateModified":"2025-03-12T08:08:48+00:00","description":"Mary Ellen Kitchens und Elisabeth Dörr beleuchten mit \"Klangräume öffnen\" die (Wieder-)Entdeckung faszinierender Komponistinnen.","breadcrumb":{"@id":"https:\/\/www.archiv-frau-musik.de\/en\/event\/klangraeume-oeffnen-wiederentdeckung-vergessener-komponistinnen-gespraechskonzert#breadcrumb"},"inLanguage":"en-US","potentialAction":[{"@type":"ReadAction","target":[["https:\/\/www.archiv-frau-musik.de\/en\/event\/klangraeume-oeffnen-wiederentdeckung-vergessener-komponistinnen-gespraechskonzert"]]}]},{"@type":"BreadcrumbList","@id":"https:\/\/www.archiv-frau-musik.de\/en\/event\/klangraeume-oeffnen-wiederentdeckung-vergessener-komponistinnen-gespraechskonzert#breadcrumb","itemListElement":[{"@type":"ListItem","position":1,"name":"Startseite","item":"https:\/\/www.archiv-frau-musik.de\/en\/"},{"@type":"ListItem","position":2,"name":"Veranstaltungen","item":"https:\/\/www.archiv-frau-musik.de\/en\/events\/"},{"@type":"ListItem","position":3,"name":"Klangräume öffnen: Wiederentdeckung vergessener Komponistinnen | Vortrag"}]},{"@type":"WebSite","@id":"https:\/\/www.archiv-frau-musik.de\/en\/#website","url":"https:\/\/www.archiv-frau-musik.de\/en\/","name":"Archiv Frau und Musik","description":"","potentialAction":[{"@type":"SearchAction","target":{"@type":"EntryPoint","urlTemplate":"https:\/\/www.archiv-frau-musik.de\/en\/?s={search_term_string}"},"query-input":{"@type":"PropertyValueSpecification","valueRequired":true,"valueName":"search_term_string"}}],"inLanguage":"en-US"}]}</script>
<!-- / Yoast SEO plugin. -->

Mary Ellen Kitchens und Elisabeth Dörr beleuchten mit "Klangräume öffnen" die (Wieder-)Entdeckung faszinierender Komponistinnen.

Klangräume öffnen: Wiederentdeckung vergessener Komponistinnen | Vortrag
