{"id":11643,"date":"2024-07-08T21:54:20","date_gmt":"2024-07-08T19:54:20","guid":{"rendered":"https:\/\/www.archiv-frau-musik.de\/?post_type=tribe_events&#038;p=11643"},"modified":"2024-11-12T12:49:57","modified_gmt":"2024-11-12T11:49:57","slug":"chorkonzert-der-frankfurter-lutherkirche-mit-italienischen-komponistinnen","status":"publish","type":"tribe_events","link":"https:\/\/www.archiv-frau-musik.de\/en\/event\/chorkonzert-der-frankfurter-lutherkirche-mit-italienischen-komponistinnen","title":{"rendered":"(Deutsch) Chorkonzert der Frankfurter Lutherkirche mit italienischen Komponistinnen"},"content":{"rendered":"<p class=\"qtranxs-available-languages-message qtranxs-available-languages-message-en\">Sorry, this entry is only available in <a href=\"https:\/\/www.archiv-frau-musik.de\/de\/wp-json\/wp\/v2\/tribe_events\/11643\" class=\"qtranxs-available-language-link qtranxs-available-language-link-de\" title=\"Deutsch\">Deutsch<\/a>.<\/p>","protected":false},"excerpt":{"rendered":"<p>Sorry, this entry is only available in Deutsch.<\/p>\n","protected":false},"author":5,"featured_media":0,"template":"","meta":{"generate_page_header":"","_tribe_events_status":"","_tribe_events_status_reason":"","footnotes":""},"tags":[1835,1836,1824,1826,415,1825,1837,1834,331,1838],"tribe_events_cat":[390],"class_list":["post-11643","tribe_events","type-tribe_events","status-publish","hentry","tag-agata-della-pieta","tag-anna-bon-di-venezia","tag-antonio-vivaldi","tag-australian-chamber-choir","tag-chor","tag-elizabeth-anderson","tag-francesco-durante","tag-isabella-leonarda","tag-kantate","tag-lutherkirche","tribe_events_cat-konzert","cat_konzert"],"yoast_head":"<!-- This site is optimized with the Yoast SEO plugin v27.5 - https:\/\/yoast.com\/product\/yoast-seo-wordpress\/ -->\n<title>(Deutsch) Chorkonzert der Frankfurter Lutherkirche mit italienischen Komponistinnen<\/title>\n<meta name=\"description\" content=\"Chorkonzert mit seltenst geh\u00f6rten Werken von Komponistinnen, u. a. mit neu rekonstruierter Kantate von Agata della Piet\u00e0 (Vivaldi-Sch\u00fclerin)!\" \/>\n<meta name=\"robots\" content=\"index, follow, max-snippet:-1, max-image-preview:large, max-video-preview:-1\" \/>\n<link rel=\"canonical\" href=\"https:\/\/www.archiv-frau-musik.de\/en\/event\/chorkonzert-der-frankfurter-lutherkirche-mit-italienischen-komponistinnen\" \/>\n<meta property=\"og:locale\" content=\"en_US\" \/>\n<meta property=\"og:type\" content=\"article\" \/>\n<meta property=\"og:title\" content=\"(Deutsch) Chorkonzert der Frankfurter Lutherkirche mit italienischen Komponistinnen\" \/>\n<meta property=\"og:description\" content=\"Chorkonzert mit seltenst geh\u00f6rten Werken von Komponistinnen, u. a. mit neu rekonstruierter Kantate von Agata della Piet\u00e0 (Vivaldi-Sch\u00fclerin)!\" \/>\n<meta property=\"og:url\" content=\"https:\/\/www.archiv-frau-musik.de\/en\/event\/chorkonzert-der-frankfurter-lutherkirche-mit-italienischen-komponistinnen\" \/>\n<meta property=\"og:site_name\" content=\"Archiv Frau und Musik\" \/>\n<meta property=\"article:modified_time\" content=\"2024-11-12T11:49:57+00:00\" \/>\n<meta property=\"og:image\" content=\"https:\/\/www.archiv-frau-musik.de\/wp-content\/uploads\/2024\/07\/Flyer-Lutherkirche-8.-Dez-2024.jpg\" \/>\n\t<meta property=\"og:image:width\" content=\"558\" \/>\n\t<meta property=\"og:image:height\" content=\"789\" \/>\n\t<meta property=\"og:image:type\" content=\"image\/jpeg\" \/>\n<meta name=\"twitter:card\" content=\"summary_large_image\" \/>\n<meta name=\"twitter:label1\" content=\"Est. reading time\" \/>\n\t<meta name=\"twitter:data1\" content=\"3 minutes\" \/>\n<script type=\"application\/ld+json\" class=\"yoast-schema-graph\">{\"@context\":\"https:\\\/\\\/schema.org\",\"@graph\":[{\"@type\":\"WebPage\",\"@id\":\"https:\\\/\\\/www.archiv-frau-musik.de\\\/en\\\/event\\\/chorkonzert-der-frankfurter-lutherkirche-mit-italienischen-komponistinnen\",\"url\":\"https:\\\/\\\/www.archiv-frau-musik.de\\\/en\\\/event\\\/chorkonzert-der-frankfurter-lutherkirche-mit-italienischen-komponistinnen\",\"name\":\"(Deutsch) Chorkonzert der Frankfurter Lutherkirche mit italienischen Komponistinnen\",\"isPartOf\":{\"@id\":\"https:\\\/\\\/www.archiv-frau-musik.de\\\/en\\\/#website\"},\"primaryImageOfPage\":{\"@id\":\"https:\\\/\\\/www.archiv-frau-musik.de\\\/en\\\/event\\\/chorkonzert-der-frankfurter-lutherkirche-mit-italienischen-komponistinnen#primaryimage\"},\"image\":{\"@id\":\"https:\\\/\\\/www.archiv-frau-musik.de\\\/event\\\/chorkonzert-der-frankfurter-lutherkirche-mit-italienischen-komponistinnen#primaryimage\"},\"thumbnailUrl\":\"https:\\\/\\\/www.archiv-frau-musik.de\\\/wp-content\\\/uploads\\\/2024\\\/07\\\/Flyer-Lutherkirche-8.-Dez-2024.jpg\",\"datePublished\":\"2024-07-08T19:54:20+00:00\",\"dateModified\":\"2024-11-12T11:49:57+00:00\",\"description\":\"Chorkonzert mit seltenst geh\u00f6rten Werken von Komponistinnen, u. a. mit neu rekonstruierter Kantate von Agata della Piet\u00e0 (Vivaldi-Sch\u00fclerin)!\",\"breadcrumb\":{\"@id\":\"https:\\\/\\\/www.archiv-frau-musik.de\\\/en\\\/event\\\/chorkonzert-der-frankfurter-lutherkirche-mit-italienischen-komponistinnen#breadcrumb\"},\"inLanguage\":\"en-US\",\"potentialAction\":[{\"@type\":\"ReadAction\",\"target\":[[\"https:\\\/\\\/www.archiv-frau-musik.de\\\/en\\\/event\\\/chorkonzert-der-frankfurter-lutherkirche-mit-italienischen-komponistinnen\"]]}]},{\"@type\":\"ImageObject\",\"inLanguage\":\"en-US\",\"@id\":\"https:\\\/\\\/www.archiv-frau-musik.de\\\/en\\\/event\\\/chorkonzert-der-frankfurter-lutherkirche-mit-italienischen-komponistinnen#primaryimage\",\"url\":\"https:\\\/\\\/www.archiv-frau-musik.de\\\/wp-content\\\/uploads\\\/2024\\\/07\\\/Flyer-Lutherkirche-8.-Dez-2024.jpg\",\"contentUrl\":\"https:\\\/\\\/www.archiv-frau-musik.de\\\/wp-content\\\/uploads\\\/2024\\\/07\\\/Flyer-Lutherkirche-8.-Dez-2024.jpg\"},{\"@type\":\"BreadcrumbList\",\"@id\":\"https:\\\/\\\/www.archiv-frau-musik.de\\\/en\\\/event\\\/chorkonzert-der-frankfurter-lutherkirche-mit-italienischen-komponistinnen#breadcrumb\",\"itemListElement\":[{\"@type\":\"ListItem\",\"position\":1,\"name\":\"Startseite\",\"item\":\"https:\\\/\\\/www.archiv-frau-musik.de\\\/en\\\/\"},{\"@type\":\"ListItem\",\"position\":2,\"name\":\"Veranstaltungen\",\"item\":\"https:\\\/\\\/www.archiv-frau-musik.de\\\/en\\\/events\\\/\"},{\"@type\":\"ListItem\",\"position\":3,\"name\":\"Chorkonzert der Frankfurter Lutherkirche mit italienischen Komponistinnen\"}]},{\"@type\":\"WebSite\",\"@id\":\"https:\\\/\\\/www.archiv-frau-musik.de\\\/en\\\/#website\",\"url\":\"https:\\\/\\\/www.archiv-frau-musik.de\\\/en\\\/\",\"name\":\"Archiv Frau und Musik\",\"description\":\"\",\"potentialAction\":[{\"@type\":\"SearchAction\",\"target\":{\"@type\":\"EntryPoint\",\"urlTemplate\":\"https:\\\/\\\/www.archiv-frau-musik.de\\\/en\\\/?s={search_term_string}\"},\"query-input\":{\"@type\":\"PropertyValueSpecification\",\"valueRequired\":true,\"valueName\":\"search_term_string\"}}],\"inLanguage\":\"en-US\"}]}<\/script>\n<!-- \/ Yoast SEO plugin. -->","yoast_head_json":{"title":"(Deutsch) Chorkonzert der Frankfurter Lutherkirche mit italienischen Komponistinnen","description":"Chorkonzert mit seltenst geh\u00f6rten Werken von Komponistinnen, u. a. mit neu rekonstruierter Kantate von Agata della Piet\u00e0 (Vivaldi-Sch\u00fclerin)!","robots":{"index":"index","follow":"follow","max-snippet":"max-snippet:-1","max-image-preview":"max-image-preview:large","max-video-preview":"max-video-preview:-1"},"canonical":"https:\/\/www.archiv-frau-musik.de\/en\/event\/chorkonzert-der-frankfurter-lutherkirche-mit-italienischen-komponistinnen","og_locale":"en_US","og_type":"article","og_title":"(Deutsch) Chorkonzert der Frankfurter Lutherkirche mit italienischen Komponistinnen","og_description":"Chorkonzert mit seltenst geh\u00f6rten Werken von Komponistinnen, u. a. mit neu rekonstruierter Kantate von Agata della Piet\u00e0 (Vivaldi-Sch\u00fclerin)!","og_url":"https:\/\/www.archiv-frau-musik.de\/en\/event\/chorkonzert-der-frankfurter-lutherkirche-mit-italienischen-komponistinnen","og_site_name":"Archiv Frau und Musik","article_modified_time":"2024-11-12T11:49:57+00:00","og_image":[{"width":558,"height":789,"url":"https:\/\/www.archiv-frau-musik.de\/wp-content\/uploads\/2024\/07\/Flyer-Lutherkirche-8.-Dez-2024.jpg","type":"image\/jpeg"}],"twitter_card":"summary_large_image","twitter_misc":{"Est. reading time":"3 minutes"},"schema":{"@context":"https:\/\/schema.org","@graph":[{"@type":"WebPage","@id":"https:\/\/www.archiv-frau-musik.de\/en\/event\/chorkonzert-der-frankfurter-lutherkirche-mit-italienischen-komponistinnen","url":"https:\/\/www.archiv-frau-musik.de\/en\/event\/chorkonzert-der-frankfurter-lutherkirche-mit-italienischen-komponistinnen","name":"(Deutsch) Chorkonzert der Frankfurter Lutherkirche mit italienischen Komponistinnen","isPartOf":{"@id":"https:\/\/www.archiv-frau-musik.de\/en\/#website"},"primaryImageOfPage":{"@id":"https:\/\/www.archiv-frau-musik.de\/en\/event\/chorkonzert-der-frankfurter-lutherkirche-mit-italienischen-komponistinnen#primaryimage"},"image":{"@id":"https:\/\/www.archiv-frau-musik.de\/event\/chorkonzert-der-frankfurter-lutherkirche-mit-italienischen-komponistinnen#primaryimage"},"thumbnailUrl":"https:\/\/www.archiv-frau-musik.de\/wp-content\/uploads\/2024\/07\/Flyer-Lutherkirche-8.-Dez-2024.jpg","datePublished":"2024-07-08T19:54:20+00:00","dateModified":"2024-11-12T11:49:57+00:00","description":"Chorkonzert mit seltenst geh\u00f6rten Werken von Komponistinnen, u. a. mit neu rekonstruierter Kantate von Agata della Piet\u00e0 (Vivaldi-Sch\u00fclerin)!","breadcrumb":{"@id":"https:\/\/www.archiv-frau-musik.de\/en\/event\/chorkonzert-der-frankfurter-lutherkirche-mit-italienischen-komponistinnen#breadcrumb"},"inLanguage":"en-US","potentialAction":[{"@type":"ReadAction","target":[["https:\/\/www.archiv-frau-musik.de\/en\/event\/chorkonzert-der-frankfurter-lutherkirche-mit-italienischen-komponistinnen"]]}]},{"@type":"ImageObject","inLanguage":"en-US","@id":"https:\/\/www.archiv-frau-musik.de\/en\/event\/chorkonzert-der-frankfurter-lutherkirche-mit-italienischen-komponistinnen#primaryimage","url":"https:\/\/www.archiv-frau-musik.de\/wp-content\/uploads\/2024\/07\/Flyer-Lutherkirche-8.-Dez-2024.jpg","contentUrl":"https:\/\/www.archiv-frau-musik.de\/wp-content\/uploads\/2024\/07\/Flyer-Lutherkirche-8.-Dez-2024.jpg"},{"@type":"BreadcrumbList","@id":"https:\/\/www.archiv-frau-musik.de\/en\/event\/chorkonzert-der-frankfurter-lutherkirche-mit-italienischen-komponistinnen#breadcrumb","itemListElement":[{"@type":"ListItem","position":1,"name":"Startseite","item":"https:\/\/www.archiv-frau-musik.de\/en\/"},{"@type":"ListItem","position":2,"name":"Veranstaltungen","item":"https:\/\/www.archiv-frau-musik.de\/en\/events\/"},{"@type":"ListItem","position":3,"name":"Chorkonzert der Frankfurter Lutherkirche mit italienischen Komponistinnen"}]},{"@type":"WebSite","@id":"https:\/\/www.archiv-frau-musik.de\/en\/#website","url":"https:\/\/www.archiv-frau-musik.de\/en\/","name":"Archiv Frau und Musik","description":"","potentialAction":[{"@type":"SearchAction","target":{"@type":"EntryPoint","urlTemplate":"https:\/\/www.archiv-frau-musik.de\/en\/?s={search_term_string}"},"query-input":{"@type":"PropertyValueSpecification","valueRequired":true,"valueName":"search_term_string"}}],"inLanguage":"en-US"}]}},"_links":{"self":[{"href":"https:\/\/www.archiv-frau-musik.de\/en\/wp-json\/wp\/v2\/tribe_events\/11643","targetHints":{"allow":["GET"]}}],"collection":[{"href":"https:\/\/www.archiv-frau-musik.de\/en\/wp-json\/wp\/v2\/tribe_events"}],"about":[{"href":"https:\/\/www.archiv-frau-musik.de\/en\/wp-json\/wp\/v2\/types\/tribe_events"}],"author":[{"embeddable":true,"href":"https:\/\/www.archiv-frau-musik.de\/en\/wp-json\/wp\/v2\/users\/5"}],"version-history":[{"count":3,"href":"https:\/\/www.archiv-frau-musik.de\/en\/wp-json\/wp\/v2\/tribe_events\/11643\/revisions"}],"predecessor-version":[{"id":12149,"href":"https:\/\/www.archiv-frau-musik.de\/en\/wp-json\/wp\/v2\/tribe_events\/11643\/revisions\/12149"}],"wp:attachment":[{"href":"https:\/\/www.archiv-frau-musik.de\/en\/wp-json\/wp\/v2\/media?parent=11643"}],"wp:term":[{"taxonomy":"post_tag","embeddable":true,"href":"https:\/\/www.archiv-frau-musik.de\/en\/wp-json\/wp\/v2\/tags?post=11643"},{"taxonomy":"tribe_events_cat","embeddable":true,"href":"https:\/\/www.archiv-frau-musik.de\/en\/wp-json\/wp\/v2\/tribe_events_cat?post=11643"}],"curies":[{"name":"wp","href":"https:\/\/api.w.org\/{rel}","templated":true}]}}

<!-- This site is optimized with the Yoast SEO plugin v27.5 - https://yoast.com/product/yoast-seo-wordpress/ -->
<title>(Deutsch) Chorkonzert der Frankfurter Lutherkirche mit italienischen Komponistinnen</title>
<meta name="description" content="Chorkonzert mit seltenst gehörten Werken von Komponistinnen, u. a. mit neu rekonstruierter Kantate von Agata della Pietà (Vivaldi-Schülerin)!" />
<meta name="robots" content="index, follow, max-snippet:-1, max-image-preview:large, max-video-preview:-1" />
<link rel="canonical" href="https://www.archiv-frau-musik.de/en/event/chorkonzert-der-frankfurter-lutherkirche-mit-italienischen-komponistinnen" />
<meta property="og:locale" content="en_US" />
<meta property="og:type" content="article" />
<meta property="og:title" content="(Deutsch) Chorkonzert der Frankfurter Lutherkirche mit italienischen Komponistinnen" />
<meta property="og:description" content="Chorkonzert mit seltenst gehörten Werken von Komponistinnen, u. a. mit neu rekonstruierter Kantate von Agata della Pietà (Vivaldi-Schülerin)!" />
<meta property="og:url" content="https://www.archiv-frau-musik.de/en/event/chorkonzert-der-frankfurter-lutherkirche-mit-italienischen-komponistinnen" />
<meta property="og:site_name" content="Archiv Frau und Musik" />
<meta property="article:modified_time" content="2024-11-12T11:49:57+00:00" />
<meta property="og:image" content="https://www.archiv-frau-musik.de/wp-content/uploads/2024/07/Flyer-Lutherkirche-8.-Dez-2024.jpg" />
	<meta property="og:image:width" content="558" />
	<meta property="og:image:height" content="789" />
	<meta property="og:image:type" content="image/jpeg" />
<meta name="twitter:card" content="summary_large_image" />
<meta name="twitter:label1" content="Est. reading time" />
	<meta name="twitter:data1" content="3 minutes" />
<script type="application/ld+json" class="yoast-schema-graph">{"@context":"https:\/\/schema.org","@graph":[{"@type":"WebPage","@id":"https:\/\/www.archiv-frau-musik.de\/en\/event\/chorkonzert-der-frankfurter-lutherkirche-mit-italienischen-komponistinnen","url":"https:\/\/www.archiv-frau-musik.de\/en\/event\/chorkonzert-der-frankfurter-lutherkirche-mit-italienischen-komponistinnen","name":"(Deutsch) Chorkonzert der Frankfurter Lutherkirche mit italienischen Komponistinnen","isPartOf":{"@id":"https:\/\/www.archiv-frau-musik.de\/en\/#website"},"primaryImageOfPage":{"@id":"https:\/\/www.archiv-frau-musik.de\/en\/event\/chorkonzert-der-frankfurter-lutherkirche-mit-italienischen-komponistinnen#primaryimage"},"image":{"@id":"https:\/\/www.archiv-frau-musik.de\/event\/chorkonzert-der-frankfurter-lutherkirche-mit-italienischen-komponistinnen#primaryimage"},"thumbnailUrl":"https:\/\/www.archiv-frau-musik.de\/wp-content\/uploads\/2024\/07\/Flyer-Lutherkirche-8.-Dez-2024.jpg","datePublished":"2024-07-08T19:54:20+00:00","dateModified":"2024-11-12T11:49:57+00:00","description":"Chorkonzert mit seltenst gehörten Werken von Komponistinnen, u. a. mit neu rekonstruierter Kantate von Agata della Pietà (Vivaldi-Schülerin)!","breadcrumb":{"@id":"https:\/\/www.archiv-frau-musik.de\/en\/event\/chorkonzert-der-frankfurter-lutherkirche-mit-italienischen-komponistinnen#breadcrumb"},"inLanguage":"en-US","potentialAction":[{"@type":"ReadAction","target":[["https:\/\/www.archiv-frau-musik.de\/en\/event\/chorkonzert-der-frankfurter-lutherkirche-mit-italienischen-komponistinnen"]]}]},{"@type":"ImageObject","inLanguage":"en-US","@id":"https:\/\/www.archiv-frau-musik.de\/en\/event\/chorkonzert-der-frankfurter-lutherkirche-mit-italienischen-komponistinnen#primaryimage","url":"https:\/\/www.archiv-frau-musik.de\/wp-content\/uploads\/2024\/07\/Flyer-Lutherkirche-8.-Dez-2024.jpg","contentUrl":"https:\/\/www.archiv-frau-musik.de\/wp-content\/uploads\/2024\/07\/Flyer-Lutherkirche-8.-Dez-2024.jpg"},{"@type":"BreadcrumbList","@id":"https:\/\/www.archiv-frau-musik.de\/en\/event\/chorkonzert-der-frankfurter-lutherkirche-mit-italienischen-komponistinnen#breadcrumb","itemListElement":[{"@type":"ListItem","position":1,"name":"Startseite","item":"https:\/\/www.archiv-frau-musik.de\/en\/"},{"@type":"ListItem","position":2,"name":"Veranstaltungen","item":"https:\/\/www.archiv-frau-musik.de\/en\/events\/"},{"@type":"ListItem","position":3,"name":"Chorkonzert der Frankfurter Lutherkirche mit italienischen Komponistinnen"}]},{"@type":"WebSite","@id":"https:\/\/www.archiv-frau-musik.de\/en\/#website","url":"https:\/\/www.archiv-frau-musik.de\/en\/","name":"Archiv Frau und Musik","description":"","potentialAction":[{"@type":"SearchAction","target":{"@type":"EntryPoint","urlTemplate":"https:\/\/www.archiv-frau-musik.de\/en\/?s={search_term_string}"},"query-input":{"@type":"PropertyValueSpecification","valueRequired":true,"valueName":"search_term_string"}}],"inLanguage":"en-US"}]}</script>
<!-- / Yoast SEO plugin. -->

Chorkonzert mit seltenst gehörten Werken von Komponistinnen, u. a. mit neu rekonstruierter Kantate von Agata della Pietà (Vivaldi-Schülerin)!
