{"id":11420,"date":"2024-06-03T09:27:46","date_gmt":"2024-06-03T07:27:46","guid":{"rendered":"https:\/\/www.archiv-frau-musik.de\/?post_type=tribe_events&#038;p=11420"},"modified":"2024-06-03T09:27:46","modified_gmt":"2024-06-03T07:27:46","slug":"feministische-musikpolitik-dso-symposium","status":"publish","type":"tribe_events","link":"https:\/\/www.archiv-frau-musik.de\/en\/event\/feministische-musikpolitik-dso-symposium","title":{"rendered":"(Deutsch) Feministische Musikpolitik DSO | Symposium"},"content":{"rendered":"<p class=\"qtranxs-available-languages-message qtranxs-available-languages-message-en\">Sorry, this entry is only available in <a href=\"https:\/\/www.archiv-frau-musik.de\/de\/wp-json\/wp\/v2\/tribe_events\/11420\" class=\"qtranxs-available-language-link qtranxs-available-language-link-de\" title=\"Deutsch\">Deutsch<\/a>.<\/p>","protected":false},"excerpt":{"rendered":"<p>Sorry, this entry is only available in Deutsch.<\/p>\n","protected":false},"author":5,"featured_media":0,"template":"","meta":{"generate_page_header":"","_tribe_events_status":"","_tribe_events_status_reason":"","footnotes":""},"tags":[1769,204,1772,1770,1771,157],"tribe_events_cat":[1280],"class_list":["post-11420","tribe_events","type-tribe_events","status-publish","hentry","tag-dso","tag-feministisch","tag-geniekult","tag-klassikbranche","tag-sozialisation","tag-symposium","tribe_events_cat-symposium","cat_symposium"],"yoast_head":"<!-- This site is optimized with the Yoast SEO plugin v27.4 - https:\/\/yoast.com\/product\/yoast-seo-wordpress\/ -->\n<title>(Deutsch) Feministische Musikpolitik DSO | Symposium<\/title>\n<meta name=\"description\" content=\"In Vortr\u00e4gen, Pr\u00e4sentationen und einer Podiumsdiskussion mit G\u00e4sten aus Wissenschaft, Publizistik und Praxis zeigt das DSO den Zustand der\" \/>\n<meta name=\"robots\" content=\"index, follow, max-snippet:-1, max-image-preview:large, max-video-preview:-1\" \/>\n<link rel=\"canonical\" href=\"https:\/\/www.archiv-frau-musik.de\/en\/event\/feministische-musikpolitik-dso-symposium\" \/>\n<meta property=\"og:locale\" content=\"en_US\" \/>\n<meta property=\"og:type\" content=\"article\" \/>\n<meta property=\"og:title\" content=\"(Deutsch) Feministische Musikpolitik DSO | Symposium\" \/>\n<meta property=\"og:description\" content=\"In Vortr\u00e4gen, Pr\u00e4sentationen und einer Podiumsdiskussion mit G\u00e4sten aus Wissenschaft, Publizistik und Praxis zeigt das DSO den Zustand der\" \/>\n<meta property=\"og:url\" content=\"https:\/\/www.archiv-frau-musik.de\/en\/event\/feministische-musikpolitik-dso-symposium\" \/>\n<meta property=\"og:site_name\" content=\"Archiv Frau und Musik\" \/>\n<meta name=\"twitter:card\" content=\"summary_large_image\" \/>\n<meta name=\"twitter:label1\" content=\"Est. reading time\" \/>\n\t<meta name=\"twitter:data1\" content=\"1 minute\" \/>\n<script type=\"application\/ld+json\" class=\"yoast-schema-graph\">{\"@context\":\"https:\\\/\\\/schema.org\",\"@graph\":[{\"@type\":\"WebPage\",\"@id\":\"https:\\\/\\\/www.archiv-frau-musik.de\\\/en\\\/event\\\/feministische-musikpolitik-dso-symposium\",\"url\":\"https:\\\/\\\/www.archiv-frau-musik.de\\\/en\\\/event\\\/feministische-musikpolitik-dso-symposium\",\"name\":\"(Deutsch) Feministische Musikpolitik DSO | Symposium\",\"isPartOf\":{\"@id\":\"https:\\\/\\\/www.archiv-frau-musik.de\\\/en\\\/#website\"},\"datePublished\":\"2024-06-03T07:27:46+00:00\",\"description\":\"In Vortr\u00e4gen, Pr\u00e4sentationen und einer Podiumsdiskussion mit G\u00e4sten aus Wissenschaft, Publizistik und Praxis zeigt das DSO den Zustand der\",\"breadcrumb\":{\"@id\":\"https:\\\/\\\/www.archiv-frau-musik.de\\\/en\\\/event\\\/feministische-musikpolitik-dso-symposium#breadcrumb\"},\"inLanguage\":\"en-US\",\"potentialAction\":[{\"@type\":\"ReadAction\",\"target\":[[\"https:\\\/\\\/www.archiv-frau-musik.de\\\/en\\\/event\\\/feministische-musikpolitik-dso-symposium\"]]}]},{\"@type\":\"BreadcrumbList\",\"@id\":\"https:\\\/\\\/www.archiv-frau-musik.de\\\/en\\\/event\\\/feministische-musikpolitik-dso-symposium#breadcrumb\",\"itemListElement\":[{\"@type\":\"ListItem\",\"position\":1,\"name\":\"Startseite\",\"item\":\"https:\\\/\\\/www.archiv-frau-musik.de\\\/en\\\/\"},{\"@type\":\"ListItem\",\"position\":2,\"name\":\"Veranstaltungen\",\"item\":\"https:\\\/\\\/www.archiv-frau-musik.de\\\/en\\\/events\\\/\"},{\"@type\":\"ListItem\",\"position\":3,\"name\":\"Feministische Musikpolitik DSO | Symposium\"}]},{\"@type\":\"WebSite\",\"@id\":\"https:\\\/\\\/www.archiv-frau-musik.de\\\/en\\\/#website\",\"url\":\"https:\\\/\\\/www.archiv-frau-musik.de\\\/en\\\/\",\"name\":\"Archiv Frau und Musik\",\"description\":\"\",\"potentialAction\":[{\"@type\":\"SearchAction\",\"target\":{\"@type\":\"EntryPoint\",\"urlTemplate\":\"https:\\\/\\\/www.archiv-frau-musik.de\\\/en\\\/?s={search_term_string}\"},\"query-input\":{\"@type\":\"PropertyValueSpecification\",\"valueRequired\":true,\"valueName\":\"search_term_string\"}}],\"inLanguage\":\"en-US\"}]}<\/script>\n<!-- \/ Yoast SEO plugin. -->","yoast_head_json":{"title":"(Deutsch) Feministische Musikpolitik DSO | Symposium","description":"In Vortr\u00e4gen, Pr\u00e4sentationen und einer Podiumsdiskussion mit G\u00e4sten aus Wissenschaft, Publizistik und Praxis zeigt das DSO den Zustand der","robots":{"index":"index","follow":"follow","max-snippet":"max-snippet:-1","max-image-preview":"max-image-preview:large","max-video-preview":"max-video-preview:-1"},"canonical":"https:\/\/www.archiv-frau-musik.de\/en\/event\/feministische-musikpolitik-dso-symposium","og_locale":"en_US","og_type":"article","og_title":"(Deutsch) Feministische Musikpolitik DSO | Symposium","og_description":"In Vortr\u00e4gen, Pr\u00e4sentationen und einer Podiumsdiskussion mit G\u00e4sten aus Wissenschaft, Publizistik und Praxis zeigt das DSO den Zustand der","og_url":"https:\/\/www.archiv-frau-musik.de\/en\/event\/feministische-musikpolitik-dso-symposium","og_site_name":"Archiv Frau und Musik","twitter_card":"summary_large_image","twitter_misc":{"Est. reading time":"1 minute"},"schema":{"@context":"https:\/\/schema.org","@graph":[{"@type":"WebPage","@id":"https:\/\/www.archiv-frau-musik.de\/en\/event\/feministische-musikpolitik-dso-symposium","url":"https:\/\/www.archiv-frau-musik.de\/en\/event\/feministische-musikpolitik-dso-symposium","name":"(Deutsch) Feministische Musikpolitik DSO | Symposium","isPartOf":{"@id":"https:\/\/www.archiv-frau-musik.de\/en\/#website"},"datePublished":"2024-06-03T07:27:46+00:00","description":"In Vortr\u00e4gen, Pr\u00e4sentationen und einer Podiumsdiskussion mit G\u00e4sten aus Wissenschaft, Publizistik und Praxis zeigt das DSO den Zustand der","breadcrumb":{"@id":"https:\/\/www.archiv-frau-musik.de\/en\/event\/feministische-musikpolitik-dso-symposium#breadcrumb"},"inLanguage":"en-US","potentialAction":[{"@type":"ReadAction","target":[["https:\/\/www.archiv-frau-musik.de\/en\/event\/feministische-musikpolitik-dso-symposium"]]}]},{"@type":"BreadcrumbList","@id":"https:\/\/www.archiv-frau-musik.de\/en\/event\/feministische-musikpolitik-dso-symposium#breadcrumb","itemListElement":[{"@type":"ListItem","position":1,"name":"Startseite","item":"https:\/\/www.archiv-frau-musik.de\/en\/"},{"@type":"ListItem","position":2,"name":"Veranstaltungen","item":"https:\/\/www.archiv-frau-musik.de\/en\/events\/"},{"@type":"ListItem","position":3,"name":"Feministische Musikpolitik DSO | Symposium"}]},{"@type":"WebSite","@id":"https:\/\/www.archiv-frau-musik.de\/en\/#website","url":"https:\/\/www.archiv-frau-musik.de\/en\/","name":"Archiv Frau und Musik","description":"","potentialAction":[{"@type":"SearchAction","target":{"@type":"EntryPoint","urlTemplate":"https:\/\/www.archiv-frau-musik.de\/en\/?s={search_term_string}"},"query-input":{"@type":"PropertyValueSpecification","valueRequired":true,"valueName":"search_term_string"}}],"inLanguage":"en-US"}]}},"_links":{"self":[{"href":"https:\/\/www.archiv-frau-musik.de\/en\/wp-json\/wp\/v2\/tribe_events\/11420","targetHints":{"allow":["GET"]}}],"collection":[{"href":"https:\/\/www.archiv-frau-musik.de\/en\/wp-json\/wp\/v2\/tribe_events"}],"about":[{"href":"https:\/\/www.archiv-frau-musik.de\/en\/wp-json\/wp\/v2\/types\/tribe_events"}],"author":[{"embeddable":true,"href":"https:\/\/www.archiv-frau-musik.de\/en\/wp-json\/wp\/v2\/users\/5"}],"version-history":[{"count":1,"href":"https:\/\/www.archiv-frau-musik.de\/en\/wp-json\/wp\/v2\/tribe_events\/11420\/revisions"}],"predecessor-version":[{"id":11423,"href":"https:\/\/www.archiv-frau-musik.de\/en\/wp-json\/wp\/v2\/tribe_events\/11420\/revisions\/11423"}],"wp:attachment":[{"href":"https:\/\/www.archiv-frau-musik.de\/en\/wp-json\/wp\/v2\/media?parent=11420"}],"wp:term":[{"taxonomy":"post_tag","embeddable":true,"href":"https:\/\/www.archiv-frau-musik.de\/en\/wp-json\/wp\/v2\/tags?post=11420"},{"taxonomy":"tribe_events_cat","embeddable":true,"href":"https:\/\/www.archiv-frau-musik.de\/en\/wp-json\/wp\/v2\/tribe_events_cat?post=11420"}],"curies":[{"name":"wp","href":"https:\/\/api.w.org\/{rel}","templated":true}]}}

<!-- This site is optimized with the Yoast SEO plugin v27.4 - https://yoast.com/product/yoast-seo-wordpress/ -->
<title>(Deutsch) Feministische Musikpolitik DSO | Symposium</title>
<meta name="description" content="In Vorträgen, Präsentationen und einer Podiumsdiskussion mit Gästen aus Wissenschaft, Publizistik und Praxis zeigt das DSO den Zustand der" />
<meta name="robots" content="index, follow, max-snippet:-1, max-image-preview:large, max-video-preview:-1" />
<link rel="canonical" href="https://www.archiv-frau-musik.de/en/event/feministische-musikpolitik-dso-symposium" />
<meta property="og:locale" content="en_US" />
<meta property="og:type" content="article" />
<meta property="og:title" content="(Deutsch) Feministische Musikpolitik DSO | Symposium" />
<meta property="og:description" content="In Vorträgen, Präsentationen und einer Podiumsdiskussion mit Gästen aus Wissenschaft, Publizistik und Praxis zeigt das DSO den Zustand der" />
<meta property="og:url" content="https://www.archiv-frau-musik.de/en/event/feministische-musikpolitik-dso-symposium" />
<meta property="og:site_name" content="Archiv Frau und Musik" />
<meta name="twitter:card" content="summary_large_image" />
<meta name="twitter:label1" content="Est. reading time" />
	<meta name="twitter:data1" content="1 minute" />
<script type="application/ld+json" class="yoast-schema-graph">{"@context":"https:\/\/schema.org","@graph":[{"@type":"WebPage","@id":"https:\/\/www.archiv-frau-musik.de\/en\/event\/feministische-musikpolitik-dso-symposium","url":"https:\/\/www.archiv-frau-musik.de\/en\/event\/feministische-musikpolitik-dso-symposium","name":"(Deutsch) Feministische Musikpolitik DSO | Symposium","isPartOf":{"@id":"https:\/\/www.archiv-frau-musik.de\/en\/#website"},"datePublished":"2024-06-03T07:27:46+00:00","description":"In Vorträgen, Präsentationen und einer Podiumsdiskussion mit Gästen aus Wissenschaft, Publizistik und Praxis zeigt das DSO den Zustand der","breadcrumb":{"@id":"https:\/\/www.archiv-frau-musik.de\/en\/event\/feministische-musikpolitik-dso-symposium#breadcrumb"},"inLanguage":"en-US","potentialAction":[{"@type":"ReadAction","target":[["https:\/\/www.archiv-frau-musik.de\/en\/event\/feministische-musikpolitik-dso-symposium"]]}]},{"@type":"BreadcrumbList","@id":"https:\/\/www.archiv-frau-musik.de\/en\/event\/feministische-musikpolitik-dso-symposium#breadcrumb","itemListElement":[{"@type":"ListItem","position":1,"name":"Startseite","item":"https:\/\/www.archiv-frau-musik.de\/en\/"},{"@type":"ListItem","position":2,"name":"Veranstaltungen","item":"https:\/\/www.archiv-frau-musik.de\/en\/events\/"},{"@type":"ListItem","position":3,"name":"Feministische Musikpolitik DSO | Symposium"}]},{"@type":"WebSite","@id":"https:\/\/www.archiv-frau-musik.de\/en\/#website","url":"https:\/\/www.archiv-frau-musik.de\/en\/","name":"Archiv Frau und Musik","description":"","potentialAction":[{"@type":"SearchAction","target":{"@type":"EntryPoint","urlTemplate":"https:\/\/www.archiv-frau-musik.de\/en\/?s={search_term_string}"},"query-input":{"@type":"PropertyValueSpecification","valueRequired":true,"valueName":"search_term_string"}}],"inLanguage":"en-US"}]}</script>
<!-- / Yoast SEO plugin. -->

In Vorträgen, Präsentationen und einer Podiumsdiskussion mit Gästen aus Wissenschaft, Publizistik und Praxis zeigt das DSO den Zustand der
