{"id":10477,"date":"2023-09-18T12:41:53","date_gmt":"2023-09-18T10:41:53","guid":{"rendered":"https:\/\/www.archiv-frau-musik.de\/?post_type=tribe_events&#038;p=10477"},"modified":"2023-09-18T12:41:55","modified_gmt":"2023-09-18T10:41:55","slug":"sonus-feminae-2-lady-luminaries-gespraechskonzert","status":"publish","type":"tribe_events","link":"https:\/\/www.archiv-frau-musik.de\/en\/event\/sonus-feminae-2-lady-luminaries-gespraechskonzert","title":{"rendered":"(Deutsch) Sonus femin\u00e6 #2: LADY LUMINARIES | Gespr\u00e4chskonzert"},"content":{"rendered":"<p class=\"qtranxs-available-languages-message qtranxs-available-languages-message-en\">Sorry, this entry is only available in <a href=\"https:\/\/www.archiv-frau-musik.de\/de\/wp-json\/wp\/v2\/tribe_events\/10477\" class=\"qtranxs-available-language-link qtranxs-available-language-link-de\" title=\"Deutsch\">Deutsch<\/a>.<\/p>","protected":false},"excerpt":{"rendered":"<p>Sorry, this entry is only available in Deutsch.<\/p>\n","protected":false},"author":5,"featured_media":0,"template":"","meta":{"generate_page_header":"","_tribe_events_status":"","_tribe_events_status_reason":"","footnotes":""},"tags":[165,203,807,187,1431,1222,1221],"tribe_events_cat":[1276],"class_list":["post-10477","tribe_events","type-tribe_events","status-publish","hentry","tag-barock","tag-berlin","tag-gespraechskonzert","tag-komponistinnen","tag-lady-luminaries","tag-sonus-feminae","tag-villa-elisabeth","tribe_events_cat-gespraechskonzert","cat_gespraechskonzert"],"yoast_head":"<!-- This site is optimized with the Yoast SEO plugin v27.5 - https:\/\/yoast.com\/product\/yoast-seo-wordpress\/ -->\n<title>(Deutsch) Sonus femin\u00e6 #2: LADY LUMINARIES | Gespr\u00e4chskonzert<\/title>\n<meta name=\"description\" content=\"Beim zweiten Konzert dieser Reihe stehen ber\u00fchmte B\u00fchnen-Koryph\u00e4en des Barock im Mittelpunkt \u2013 darunter Francesca Caccini und Barbara Strozzi\" \/>\n<meta name=\"robots\" content=\"index, follow, max-snippet:-1, max-image-preview:large, max-video-preview:-1\" \/>\n<link rel=\"canonical\" href=\"https:\/\/www.archiv-frau-musik.de\/en\/event\/sonus-feminae-2-lady-luminaries-gespraechskonzert\" \/>\n<meta property=\"og:locale\" content=\"en_US\" \/>\n<meta property=\"og:type\" content=\"article\" \/>\n<meta property=\"og:title\" content=\"(Deutsch) Sonus femin\u00e6 #2: LADY LUMINARIES | Gespr\u00e4chskonzert\" \/>\n<meta property=\"og:description\" content=\"Beim zweiten Konzert dieser Reihe stehen ber\u00fchmte B\u00fchnen-Koryph\u00e4en des Barock im Mittelpunkt \u2013 darunter Francesca Caccini und Barbara Strozzi\" \/>\n<meta property=\"og:url\" content=\"https:\/\/www.archiv-frau-musik.de\/en\/event\/sonus-feminae-2-lady-luminaries-gespraechskonzert\" \/>\n<meta property=\"og:site_name\" content=\"Archiv Frau und Musik\" \/>\n<meta property=\"article:modified_time\" content=\"2023-09-18T10:41:55+00:00\" \/>\n<meta property=\"og:image\" content=\"https:\/\/www.archiv-frau-musik.de\/wp-content\/uploads\/2023\/09\/Sonus-Feminae-2.jpg\" \/>\n<meta name=\"twitter:card\" content=\"summary_large_image\" \/>\n<meta name=\"twitter:label1\" content=\"Est. reading time\" \/>\n\t<meta name=\"twitter:data1\" content=\"5 minutes\" \/>\n<script type=\"application\/ld+json\" class=\"yoast-schema-graph\">{\"@context\":\"https:\\\/\\\/schema.org\",\"@graph\":[{\"@type\":\"WebPage\",\"@id\":\"https:\\\/\\\/www.archiv-frau-musik.de\\\/en\\\/event\\\/sonus-feminae-2-lady-luminaries-gespraechskonzert\",\"url\":\"https:\\\/\\\/www.archiv-frau-musik.de\\\/en\\\/event\\\/sonus-feminae-2-lady-luminaries-gespraechskonzert\",\"name\":\"(Deutsch) Sonus femin\u00e6 #2: LADY LUMINARIES | Gespr\u00e4chskonzert\",\"isPartOf\":{\"@id\":\"https:\\\/\\\/www.archiv-frau-musik.de\\\/en\\\/#website\"},\"primaryImageOfPage\":{\"@id\":\"https:\\\/\\\/www.archiv-frau-musik.de\\\/en\\\/event\\\/sonus-feminae-2-lady-luminaries-gespraechskonzert#primaryimage\"},\"image\":{\"@id\":\"https:\\\/\\\/www.archiv-frau-musik.de\\\/event\\\/sonus-feminae-2-lady-luminaries-gespraechskonzert#primaryimage\"},\"thumbnailUrl\":\"https:\\\/\\\/www.archiv-frau-musik.de\\\/wp-content\\\/uploads\\\/2023\\\/09\\\/Sonus-Feminae-2.jpg\",\"datePublished\":\"2023-09-18T10:41:53+00:00\",\"dateModified\":\"2023-09-18T10:41:55+00:00\",\"description\":\"Beim zweiten Konzert dieser Reihe stehen ber\u00fchmte B\u00fchnen-Koryph\u00e4en des Barock im Mittelpunkt \u2013 darunter Francesca Caccini und Barbara Strozzi\",\"breadcrumb\":{\"@id\":\"https:\\\/\\\/www.archiv-frau-musik.de\\\/en\\\/event\\\/sonus-feminae-2-lady-luminaries-gespraechskonzert#breadcrumb\"},\"inLanguage\":\"en-US\",\"potentialAction\":[{\"@type\":\"ReadAction\",\"target\":[[\"https:\\\/\\\/www.archiv-frau-musik.de\\\/en\\\/event\\\/sonus-feminae-2-lady-luminaries-gespraechskonzert\"]]}]},{\"@type\":\"ImageObject\",\"inLanguage\":\"en-US\",\"@id\":\"https:\\\/\\\/www.archiv-frau-musik.de\\\/en\\\/event\\\/sonus-feminae-2-lady-luminaries-gespraechskonzert#primaryimage\",\"url\":\"https:\\\/\\\/www.archiv-frau-musik.de\\\/wp-content\\\/uploads\\\/2023\\\/09\\\/Sonus-Feminae-2.jpg\",\"contentUrl\":\"https:\\\/\\\/www.archiv-frau-musik.de\\\/wp-content\\\/uploads\\\/2023\\\/09\\\/Sonus-Feminae-2.jpg\"},{\"@type\":\"BreadcrumbList\",\"@id\":\"https:\\\/\\\/www.archiv-frau-musik.de\\\/en\\\/event\\\/sonus-feminae-2-lady-luminaries-gespraechskonzert#breadcrumb\",\"itemListElement\":[{\"@type\":\"ListItem\",\"position\":1,\"name\":\"Startseite\",\"item\":\"https:\\\/\\\/www.archiv-frau-musik.de\\\/en\\\/\"},{\"@type\":\"ListItem\",\"position\":2,\"name\":\"Veranstaltungen\",\"item\":\"https:\\\/\\\/www.archiv-frau-musik.de\\\/en\\\/events\\\/\"},{\"@type\":\"ListItem\",\"position\":3,\"name\":\"Sonus femin\u00e6 #2: LADY LUMINARIES | Gespr\u00e4chskonzert\"}]},{\"@type\":\"WebSite\",\"@id\":\"https:\\\/\\\/www.archiv-frau-musik.de\\\/en\\\/#website\",\"url\":\"https:\\\/\\\/www.archiv-frau-musik.de\\\/en\\\/\",\"name\":\"Archiv Frau und Musik\",\"description\":\"\",\"potentialAction\":[{\"@type\":\"SearchAction\",\"target\":{\"@type\":\"EntryPoint\",\"urlTemplate\":\"https:\\\/\\\/www.archiv-frau-musik.de\\\/en\\\/?s={search_term_string}\"},\"query-input\":{\"@type\":\"PropertyValueSpecification\",\"valueRequired\":true,\"valueName\":\"search_term_string\"}}],\"inLanguage\":\"en-US\"}]}<\/script>\n<!-- \/ Yoast SEO plugin. -->","yoast_head_json":{"title":"(Deutsch) Sonus femin\u00e6 #2: LADY LUMINARIES | Gespr\u00e4chskonzert","description":"Beim zweiten Konzert dieser Reihe stehen ber\u00fchmte B\u00fchnen-Koryph\u00e4en des Barock im Mittelpunkt \u2013 darunter Francesca Caccini und Barbara Strozzi","robots":{"index":"index","follow":"follow","max-snippet":"max-snippet:-1","max-image-preview":"max-image-preview:large","max-video-preview":"max-video-preview:-1"},"canonical":"https:\/\/www.archiv-frau-musik.de\/en\/event\/sonus-feminae-2-lady-luminaries-gespraechskonzert","og_locale":"en_US","og_type":"article","og_title":"(Deutsch) Sonus femin\u00e6 #2: LADY LUMINARIES | Gespr\u00e4chskonzert","og_description":"Beim zweiten Konzert dieser Reihe stehen ber\u00fchmte B\u00fchnen-Koryph\u00e4en des Barock im Mittelpunkt \u2013 darunter Francesca Caccini und Barbara Strozzi","og_url":"https:\/\/www.archiv-frau-musik.de\/en\/event\/sonus-feminae-2-lady-luminaries-gespraechskonzert","og_site_name":"Archiv Frau und Musik","article_modified_time":"2023-09-18T10:41:55+00:00","og_image":[{"url":"https:\/\/www.archiv-frau-musik.de\/wp-content\/uploads\/2023\/09\/Sonus-Feminae-2.jpg","type":"","width":"","height":""}],"twitter_card":"summary_large_image","twitter_misc":{"Est. reading time":"5 minutes"},"schema":{"@context":"https:\/\/schema.org","@graph":[{"@type":"WebPage","@id":"https:\/\/www.archiv-frau-musik.de\/en\/event\/sonus-feminae-2-lady-luminaries-gespraechskonzert","url":"https:\/\/www.archiv-frau-musik.de\/en\/event\/sonus-feminae-2-lady-luminaries-gespraechskonzert","name":"(Deutsch) Sonus femin\u00e6 #2: LADY LUMINARIES | Gespr\u00e4chskonzert","isPartOf":{"@id":"https:\/\/www.archiv-frau-musik.de\/en\/#website"},"primaryImageOfPage":{"@id":"https:\/\/www.archiv-frau-musik.de\/en\/event\/sonus-feminae-2-lady-luminaries-gespraechskonzert#primaryimage"},"image":{"@id":"https:\/\/www.archiv-frau-musik.de\/event\/sonus-feminae-2-lady-luminaries-gespraechskonzert#primaryimage"},"thumbnailUrl":"https:\/\/www.archiv-frau-musik.de\/wp-content\/uploads\/2023\/09\/Sonus-Feminae-2.jpg","datePublished":"2023-09-18T10:41:53+00:00","dateModified":"2023-09-18T10:41:55+00:00","description":"Beim zweiten Konzert dieser Reihe stehen ber\u00fchmte B\u00fchnen-Koryph\u00e4en des Barock im Mittelpunkt \u2013 darunter Francesca Caccini und Barbara Strozzi","breadcrumb":{"@id":"https:\/\/www.archiv-frau-musik.de\/en\/event\/sonus-feminae-2-lady-luminaries-gespraechskonzert#breadcrumb"},"inLanguage":"en-US","potentialAction":[{"@type":"ReadAction","target":[["https:\/\/www.archiv-frau-musik.de\/en\/event\/sonus-feminae-2-lady-luminaries-gespraechskonzert"]]}]},{"@type":"ImageObject","inLanguage":"en-US","@id":"https:\/\/www.archiv-frau-musik.de\/en\/event\/sonus-feminae-2-lady-luminaries-gespraechskonzert#primaryimage","url":"https:\/\/www.archiv-frau-musik.de\/wp-content\/uploads\/2023\/09\/Sonus-Feminae-2.jpg","contentUrl":"https:\/\/www.archiv-frau-musik.de\/wp-content\/uploads\/2023\/09\/Sonus-Feminae-2.jpg"},{"@type":"BreadcrumbList","@id":"https:\/\/www.archiv-frau-musik.de\/en\/event\/sonus-feminae-2-lady-luminaries-gespraechskonzert#breadcrumb","itemListElement":[{"@type":"ListItem","position":1,"name":"Startseite","item":"https:\/\/www.archiv-frau-musik.de\/en\/"},{"@type":"ListItem","position":2,"name":"Veranstaltungen","item":"https:\/\/www.archiv-frau-musik.de\/en\/events\/"},{"@type":"ListItem","position":3,"name":"Sonus femin\u00e6 #2: LADY LUMINARIES | Gespr\u00e4chskonzert"}]},{"@type":"WebSite","@id":"https:\/\/www.archiv-frau-musik.de\/en\/#website","url":"https:\/\/www.archiv-frau-musik.de\/en\/","name":"Archiv Frau und Musik","description":"","potentialAction":[{"@type":"SearchAction","target":{"@type":"EntryPoint","urlTemplate":"https:\/\/www.archiv-frau-musik.de\/en\/?s={search_term_string}"},"query-input":{"@type":"PropertyValueSpecification","valueRequired":true,"valueName":"search_term_string"}}],"inLanguage":"en-US"}]}},"_links":{"self":[{"href":"https:\/\/www.archiv-frau-musik.de\/en\/wp-json\/wp\/v2\/tribe_events\/10477","targetHints":{"allow":["GET"]}}],"collection":[{"href":"https:\/\/www.archiv-frau-musik.de\/en\/wp-json\/wp\/v2\/tribe_events"}],"about":[{"href":"https:\/\/www.archiv-frau-musik.de\/en\/wp-json\/wp\/v2\/types\/tribe_events"}],"author":[{"embeddable":true,"href":"https:\/\/www.archiv-frau-musik.de\/en\/wp-json\/wp\/v2\/users\/5"}],"version-history":[{"count":1,"href":"https:\/\/www.archiv-frau-musik.de\/en\/wp-json\/wp\/v2\/tribe_events\/10477\/revisions"}],"predecessor-version":[{"id":10479,"href":"https:\/\/www.archiv-frau-musik.de\/en\/wp-json\/wp\/v2\/tribe_events\/10477\/revisions\/10479"}],"wp:attachment":[{"href":"https:\/\/www.archiv-frau-musik.de\/en\/wp-json\/wp\/v2\/media?parent=10477"}],"wp:term":[{"taxonomy":"post_tag","embeddable":true,"href":"https:\/\/www.archiv-frau-musik.de\/en\/wp-json\/wp\/v2\/tags?post=10477"},{"taxonomy":"tribe_events_cat","embeddable":true,"href":"https:\/\/www.archiv-frau-musik.de\/en\/wp-json\/wp\/v2\/tribe_events_cat?post=10477"}],"curies":[{"name":"wp","href":"https:\/\/api.w.org\/{rel}","templated":true}]}}

(Deutsch) Sonus feminæ #2: LADY LUMINARIES | Gesprächskonzert

<!-- This site is optimized with the Yoast SEO plugin v27.5 - https://yoast.com/product/yoast-seo-wordpress/ -->
<title>(Deutsch) Sonus feminæ #2: LADY LUMINARIES | Gesprächskonzert</title>
<meta name="description" content="Beim zweiten Konzert dieser Reihe stehen berühmte Bühnen-Koryphäen des Barock im Mittelpunkt – darunter Francesca Caccini und Barbara Strozzi" />
<meta name="robots" content="index, follow, max-snippet:-1, max-image-preview:large, max-video-preview:-1" />
<link rel="canonical" href="https://www.archiv-frau-musik.de/en/event/sonus-feminae-2-lady-luminaries-gespraechskonzert" />
<meta property="og:locale" content="en_US" />
<meta property="og:type" content="article" />
<meta property="og:title" content="(Deutsch) Sonus feminæ #2: LADY LUMINARIES | Gesprächskonzert" />
<meta property="og:description" content="Beim zweiten Konzert dieser Reihe stehen berühmte Bühnen-Koryphäen des Barock im Mittelpunkt – darunter Francesca Caccini und Barbara Strozzi" />
<meta property="og:url" content="https://www.archiv-frau-musik.de/en/event/sonus-feminae-2-lady-luminaries-gespraechskonzert" />
<meta property="og:site_name" content="Archiv Frau und Musik" />
<meta property="article:modified_time" content="2023-09-18T10:41:55+00:00" />
<meta property="og:image" content="https://www.archiv-frau-musik.de/wp-content/uploads/2023/09/Sonus-Feminae-2.jpg" />
<meta name="twitter:card" content="summary_large_image" />
<meta name="twitter:label1" content="Est. reading time" />
	<meta name="twitter:data1" content="5 minutes" />
<script type="application/ld+json" class="yoast-schema-graph">{"@context":"https:\/\/schema.org","@graph":[{"@type":"WebPage","@id":"https:\/\/www.archiv-frau-musik.de\/en\/event\/sonus-feminae-2-lady-luminaries-gespraechskonzert","url":"https:\/\/www.archiv-frau-musik.de\/en\/event\/sonus-feminae-2-lady-luminaries-gespraechskonzert","name":"(Deutsch) Sonus feminæ #2: LADY LUMINARIES | Gesprächskonzert","isPartOf":{"@id":"https:\/\/www.archiv-frau-musik.de\/en\/#website"},"primaryImageOfPage":{"@id":"https:\/\/www.archiv-frau-musik.de\/en\/event\/sonus-feminae-2-lady-luminaries-gespraechskonzert#primaryimage"},"image":{"@id":"https:\/\/www.archiv-frau-musik.de\/event\/sonus-feminae-2-lady-luminaries-gespraechskonzert#primaryimage"},"thumbnailUrl":"https:\/\/www.archiv-frau-musik.de\/wp-content\/uploads\/2023\/09\/Sonus-Feminae-2.jpg","datePublished":"2023-09-18T10:41:53+00:00","dateModified":"2023-09-18T10:41:55+00:00","description":"Beim zweiten Konzert dieser Reihe stehen berühmte Bühnen-Koryphäen des Barock im Mittelpunkt – darunter Francesca Caccini und Barbara Strozzi","breadcrumb":{"@id":"https:\/\/www.archiv-frau-musik.de\/en\/event\/sonus-feminae-2-lady-luminaries-gespraechskonzert#breadcrumb"},"inLanguage":"en-US","potentialAction":[{"@type":"ReadAction","target":[["https:\/\/www.archiv-frau-musik.de\/en\/event\/sonus-feminae-2-lady-luminaries-gespraechskonzert"]]}]},{"@type":"ImageObject","inLanguage":"en-US","@id":"https:\/\/www.archiv-frau-musik.de\/en\/event\/sonus-feminae-2-lady-luminaries-gespraechskonzert#primaryimage","url":"https:\/\/www.archiv-frau-musik.de\/wp-content\/uploads\/2023\/09\/Sonus-Feminae-2.jpg","contentUrl":"https:\/\/www.archiv-frau-musik.de\/wp-content\/uploads\/2023\/09\/Sonus-Feminae-2.jpg"},{"@type":"BreadcrumbList","@id":"https:\/\/www.archiv-frau-musik.de\/en\/event\/sonus-feminae-2-lady-luminaries-gespraechskonzert#breadcrumb","itemListElement":[{"@type":"ListItem","position":1,"name":"Startseite","item":"https:\/\/www.archiv-frau-musik.de\/en\/"},{"@type":"ListItem","position":2,"name":"Veranstaltungen","item":"https:\/\/www.archiv-frau-musik.de\/en\/events\/"},{"@type":"ListItem","position":3,"name":"Sonus feminæ #2: LADY LUMINARIES | Gesprächskonzert"}]},{"@type":"WebSite","@id":"https:\/\/www.archiv-frau-musik.de\/en\/#website","url":"https:\/\/www.archiv-frau-musik.de\/en\/","name":"Archiv Frau und Musik","description":"","potentialAction":[{"@type":"SearchAction","target":{"@type":"EntryPoint","urlTemplate":"https:\/\/www.archiv-frau-musik.de\/en\/?s={search_term_string}"},"query-input":{"@type":"PropertyValueSpecification","valueRequired":true,"valueName":"search_term_string"}}],"inLanguage":"en-US"}]}</script>
<!-- / Yoast SEO plugin. -->

Beim zweiten Konzert dieser Reihe stehen berühmte Bühnen-Koryphäen des Barock im Mittelpunkt – darunter Francesca Caccini und Barbara Strozzi

Sonus feminæ #2: LADY LUMINARIES | Gesprächskonzert
