{"id":10235,"date":"2023-06-23T13:32:06","date_gmt":"2023-06-23T11:32:06","guid":{"rendered":"https:\/\/www.archiv-frau-musik.de\/?post_type=tribe_events&#038;p=10235"},"modified":"2023-06-23T13:32:40","modified_gmt":"2023-06-23T11:32:40","slug":"grazyna-bacewicz-im-portraet-konzert","status":"publish","type":"tribe_events","link":"https:\/\/www.archiv-frau-musik.de\/en\/event\/grazyna-bacewicz-im-portraet-konzert","title":{"rendered":"(Deutsch) Gra\u017cyna Bacewicz im Portr\u00e4t | Konzert"},"content":{"rendered":"<p class=\"qtranxs-available-languages-message qtranxs-available-languages-message-en\">Sorry, this entry is only available in <a href=\"https:\/\/www.archiv-frau-musik.de\/de\/wp-json\/wp\/v2\/tribe_events\/10235\" class=\"qtranxs-available-language-link qtranxs-available-language-link-de\" title=\"Deutsch\">Deutsch<\/a>.<\/p>","protected":false},"excerpt":{"rendered":"<p>Sorry, this entry is only available in Deutsch.<\/p>\n","protected":false},"author":5,"featured_media":0,"template":"","meta":{"generate_page_header":"","_tribe_events_status":"","_tribe_events_status_reason":"","footnotes":""},"tags":[289,1295,271,196,1294,1297,1296],"tribe_events_cat":[390],"class_list":["post-10235","tribe_events","type-tribe_events","status-publish","hentry","tag-bacewicz","tag-kammerorchester","tag-komponistin","tag-muenchen","tag-muenchener-kammerorchester","tag-nachtmusik","tag-pinakothek","tribe_events_cat-konzert","cat_konzert"],"yoast_head":"<!-- This site is optimized with the Yoast SEO plugin v27.4 - https:\/\/yoast.com\/product\/yoast-seo-wordpress\/ -->\n<title>(Deutsch) Gra\u017cyna Bacewicz im Portr\u00e4t | Konzert<\/title>\n<meta name=\"description\" content=\"56. Komponist:innenportr\u00e4t zu Gra\u017cyna Bacewicz mit dem M\u00fcnchener Kammerorchester in der Pinakothek der Moderne \u2013 eine Nachtmusik.\" \/>\n<meta name=\"robots\" content=\"index, follow, max-snippet:-1, max-image-preview:large, max-video-preview:-1\" \/>\n<link rel=\"canonical\" href=\"https:\/\/www.archiv-frau-musik.de\/en\/event\/grazyna-bacewicz-im-portraet-konzert\" \/>\n<meta property=\"og:locale\" content=\"en_US\" \/>\n<meta property=\"og:type\" content=\"article\" \/>\n<meta property=\"og:title\" content=\"(Deutsch) Gra\u017cyna Bacewicz im Portr\u00e4t | Konzert\" \/>\n<meta property=\"og:description\" content=\"56. Komponist:innenportr\u00e4t zu Gra\u017cyna Bacewicz mit dem M\u00fcnchener Kammerorchester in der Pinakothek der Moderne \u2013 eine Nachtmusik.\" \/>\n<meta property=\"og:url\" content=\"https:\/\/www.archiv-frau-musik.de\/en\/event\/grazyna-bacewicz-im-portraet-konzert\" \/>\n<meta property=\"og:site_name\" content=\"Archiv Frau und Musik\" \/>\n<meta property=\"article:modified_time\" content=\"2023-06-23T11:32:40+00:00\" \/>\n<meta name=\"twitter:card\" content=\"summary_large_image\" \/>\n<meta name=\"twitter:label1\" content=\"Est. reading time\" \/>\n\t<meta name=\"twitter:data1\" content=\"1 minute\" \/>\n<script type=\"application\/ld+json\" class=\"yoast-schema-graph\">{\"@context\":\"https:\\\/\\\/schema.org\",\"@graph\":[{\"@type\":\"WebPage\",\"@id\":\"https:\\\/\\\/www.archiv-frau-musik.de\\\/en\\\/event\\\/grazyna-bacewicz-im-portraet-konzert\",\"url\":\"https:\\\/\\\/www.archiv-frau-musik.de\\\/en\\\/event\\\/grazyna-bacewicz-im-portraet-konzert\",\"name\":\"(Deutsch) Gra\u017cyna Bacewicz im Portr\u00e4t | Konzert\",\"isPartOf\":{\"@id\":\"https:\\\/\\\/www.archiv-frau-musik.de\\\/en\\\/#website\"},\"datePublished\":\"2023-06-23T11:32:06+00:00\",\"dateModified\":\"2023-06-23T11:32:40+00:00\",\"description\":\"56. Komponist:innenportr\u00e4t zu Gra\u017cyna Bacewicz mit dem M\u00fcnchener Kammerorchester in der Pinakothek der Moderne \u2013 eine Nachtmusik.\",\"breadcrumb\":{\"@id\":\"https:\\\/\\\/www.archiv-frau-musik.de\\\/en\\\/event\\\/grazyna-bacewicz-im-portraet-konzert#breadcrumb\"},\"inLanguage\":\"en-US\",\"potentialAction\":[{\"@type\":\"ReadAction\",\"target\":[[\"https:\\\/\\\/www.archiv-frau-musik.de\\\/en\\\/event\\\/grazyna-bacewicz-im-portraet-konzert\"]]}]},{\"@type\":\"BreadcrumbList\",\"@id\":\"https:\\\/\\\/www.archiv-frau-musik.de\\\/en\\\/event\\\/grazyna-bacewicz-im-portraet-konzert#breadcrumb\",\"itemListElement\":[{\"@type\":\"ListItem\",\"position\":1,\"name\":\"Startseite\",\"item\":\"https:\\\/\\\/www.archiv-frau-musik.de\\\/en\\\/\"},{\"@type\":\"ListItem\",\"position\":2,\"name\":\"Veranstaltungen\",\"item\":\"https:\\\/\\\/www.archiv-frau-musik.de\\\/en\\\/events\\\/\"},{\"@type\":\"ListItem\",\"position\":3,\"name\":\"Gra\u017cyna Bacewicz im Portr\u00e4t | Konzert\"}]},{\"@type\":\"WebSite\",\"@id\":\"https:\\\/\\\/www.archiv-frau-musik.de\\\/en\\\/#website\",\"url\":\"https:\\\/\\\/www.archiv-frau-musik.de\\\/en\\\/\",\"name\":\"Archiv Frau und Musik\",\"description\":\"\",\"potentialAction\":[{\"@type\":\"SearchAction\",\"target\":{\"@type\":\"EntryPoint\",\"urlTemplate\":\"https:\\\/\\\/www.archiv-frau-musik.de\\\/en\\\/?s={search_term_string}\"},\"query-input\":{\"@type\":\"PropertyValueSpecification\",\"valueRequired\":true,\"valueName\":\"search_term_string\"}}],\"inLanguage\":\"en-US\"}]}<\/script>\n<!-- \/ Yoast SEO plugin. -->","yoast_head_json":{"title":"(Deutsch) Gra\u017cyna Bacewicz im Portr\u00e4t | Konzert","description":"56. Komponist:innenportr\u00e4t zu Gra\u017cyna Bacewicz mit dem M\u00fcnchener Kammerorchester in der Pinakothek der Moderne \u2013 eine Nachtmusik.","robots":{"index":"index","follow":"follow","max-snippet":"max-snippet:-1","max-image-preview":"max-image-preview:large","max-video-preview":"max-video-preview:-1"},"canonical":"https:\/\/www.archiv-frau-musik.de\/en\/event\/grazyna-bacewicz-im-portraet-konzert","og_locale":"en_US","og_type":"article","og_title":"(Deutsch) Gra\u017cyna Bacewicz im Portr\u00e4t | Konzert","og_description":"56. Komponist:innenportr\u00e4t zu Gra\u017cyna Bacewicz mit dem M\u00fcnchener Kammerorchester in der Pinakothek der Moderne \u2013 eine Nachtmusik.","og_url":"https:\/\/www.archiv-frau-musik.de\/en\/event\/grazyna-bacewicz-im-portraet-konzert","og_site_name":"Archiv Frau und Musik","article_modified_time":"2023-06-23T11:32:40+00:00","twitter_card":"summary_large_image","twitter_misc":{"Est. reading time":"1 minute"},"schema":{"@context":"https:\/\/schema.org","@graph":[{"@type":"WebPage","@id":"https:\/\/www.archiv-frau-musik.de\/en\/event\/grazyna-bacewicz-im-portraet-konzert","url":"https:\/\/www.archiv-frau-musik.de\/en\/event\/grazyna-bacewicz-im-portraet-konzert","name":"(Deutsch) Gra\u017cyna Bacewicz im Portr\u00e4t | Konzert","isPartOf":{"@id":"https:\/\/www.archiv-frau-musik.de\/en\/#website"},"datePublished":"2023-06-23T11:32:06+00:00","dateModified":"2023-06-23T11:32:40+00:00","description":"56. Komponist:innenportr\u00e4t zu Gra\u017cyna Bacewicz mit dem M\u00fcnchener Kammerorchester in der Pinakothek der Moderne \u2013 eine Nachtmusik.","breadcrumb":{"@id":"https:\/\/www.archiv-frau-musik.de\/en\/event\/grazyna-bacewicz-im-portraet-konzert#breadcrumb"},"inLanguage":"en-US","potentialAction":[{"@type":"ReadAction","target":[["https:\/\/www.archiv-frau-musik.de\/en\/event\/grazyna-bacewicz-im-portraet-konzert"]]}]},{"@type":"BreadcrumbList","@id":"https:\/\/www.archiv-frau-musik.de\/en\/event\/grazyna-bacewicz-im-portraet-konzert#breadcrumb","itemListElement":[{"@type":"ListItem","position":1,"name":"Startseite","item":"https:\/\/www.archiv-frau-musik.de\/en\/"},{"@type":"ListItem","position":2,"name":"Veranstaltungen","item":"https:\/\/www.archiv-frau-musik.de\/en\/events\/"},{"@type":"ListItem","position":3,"name":"Gra\u017cyna Bacewicz im Portr\u00e4t | Konzert"}]},{"@type":"WebSite","@id":"https:\/\/www.archiv-frau-musik.de\/en\/#website","url":"https:\/\/www.archiv-frau-musik.de\/en\/","name":"Archiv Frau und Musik","description":"","potentialAction":[{"@type":"SearchAction","target":{"@type":"EntryPoint","urlTemplate":"https:\/\/www.archiv-frau-musik.de\/en\/?s={search_term_string}"},"query-input":{"@type":"PropertyValueSpecification","valueRequired":true,"valueName":"search_term_string"}}],"inLanguage":"en-US"}]}},"_links":{"self":[{"href":"https:\/\/www.archiv-frau-musik.de\/en\/wp-json\/wp\/v2\/tribe_events\/10235","targetHints":{"allow":["GET"]}}],"collection":[{"href":"https:\/\/www.archiv-frau-musik.de\/en\/wp-json\/wp\/v2\/tribe_events"}],"about":[{"href":"https:\/\/www.archiv-frau-musik.de\/en\/wp-json\/wp\/v2\/types\/tribe_events"}],"author":[{"embeddable":true,"href":"https:\/\/www.archiv-frau-musik.de\/en\/wp-json\/wp\/v2\/users\/5"}],"version-history":[{"count":1,"href":"https:\/\/www.archiv-frau-musik.de\/en\/wp-json\/wp\/v2\/tribe_events\/10235\/revisions"}],"predecessor-version":[{"id":10236,"href":"https:\/\/www.archiv-frau-musik.de\/en\/wp-json\/wp\/v2\/tribe_events\/10235\/revisions\/10236"}],"wp:attachment":[{"href":"https:\/\/www.archiv-frau-musik.de\/en\/wp-json\/wp\/v2\/media?parent=10235"}],"wp:term":[{"taxonomy":"post_tag","embeddable":true,"href":"https:\/\/www.archiv-frau-musik.de\/en\/wp-json\/wp\/v2\/tags?post=10235"},{"taxonomy":"tribe_events_cat","embeddable":true,"href":"https:\/\/www.archiv-frau-musik.de\/en\/wp-json\/wp\/v2\/tribe_events_cat?post=10235"}],"curies":[{"name":"wp","href":"https:\/\/api.w.org\/{rel}","templated":true}]}}

(Deutsch) Grażyna Bacewicz im Porträt | Konzert

<!-- This site is optimized with the Yoast SEO plugin v27.4 - https://yoast.com/product/yoast-seo-wordpress/ -->
<title>(Deutsch) Grażyna Bacewicz im Porträt | Konzert</title>
<meta name="description" content="56. Komponist:innenporträt zu Grażyna Bacewicz mit dem Münchener Kammerorchester in der Pinakothek der Moderne – eine Nachtmusik." />
<meta name="robots" content="index, follow, max-snippet:-1, max-image-preview:large, max-video-preview:-1" />
<link rel="canonical" href="https://www.archiv-frau-musik.de/en/event/grazyna-bacewicz-im-portraet-konzert" />
<meta property="og:locale" content="en_US" />
<meta property="og:type" content="article" />
<meta property="og:title" content="(Deutsch) Grażyna Bacewicz im Porträt | Konzert" />
<meta property="og:description" content="56. Komponist:innenporträt zu Grażyna Bacewicz mit dem Münchener Kammerorchester in der Pinakothek der Moderne – eine Nachtmusik." />
<meta property="og:url" content="https://www.archiv-frau-musik.de/en/event/grazyna-bacewicz-im-portraet-konzert" />
<meta property="og:site_name" content="Archiv Frau und Musik" />
<meta property="article:modified_time" content="2023-06-23T11:32:40+00:00" />
<meta name="twitter:card" content="summary_large_image" />
<meta name="twitter:label1" content="Est. reading time" />
	<meta name="twitter:data1" content="1 minute" />
<script type="application/ld+json" class="yoast-schema-graph">{"@context":"https:\/\/schema.org","@graph":[{"@type":"WebPage","@id":"https:\/\/www.archiv-frau-musik.de\/en\/event\/grazyna-bacewicz-im-portraet-konzert","url":"https:\/\/www.archiv-frau-musik.de\/en\/event\/grazyna-bacewicz-im-portraet-konzert","name":"(Deutsch) Grażyna Bacewicz im Porträt | Konzert","isPartOf":{"@id":"https:\/\/www.archiv-frau-musik.de\/en\/#website"},"datePublished":"2023-06-23T11:32:06+00:00","dateModified":"2023-06-23T11:32:40+00:00","description":"56. Komponist:innenporträt zu Grażyna Bacewicz mit dem Münchener Kammerorchester in der Pinakothek der Moderne – eine Nachtmusik.","breadcrumb":{"@id":"https:\/\/www.archiv-frau-musik.de\/en\/event\/grazyna-bacewicz-im-portraet-konzert#breadcrumb"},"inLanguage":"en-US","potentialAction":[{"@type":"ReadAction","target":[["https:\/\/www.archiv-frau-musik.de\/en\/event\/grazyna-bacewicz-im-portraet-konzert"]]}]},{"@type":"BreadcrumbList","@id":"https:\/\/www.archiv-frau-musik.de\/en\/event\/grazyna-bacewicz-im-portraet-konzert#breadcrumb","itemListElement":[{"@type":"ListItem","position":1,"name":"Startseite","item":"https:\/\/www.archiv-frau-musik.de\/en\/"},{"@type":"ListItem","position":2,"name":"Veranstaltungen","item":"https:\/\/www.archiv-frau-musik.de\/en\/events\/"},{"@type":"ListItem","position":3,"name":"Grażyna Bacewicz im Porträt | Konzert"}]},{"@type":"WebSite","@id":"https:\/\/www.archiv-frau-musik.de\/en\/#website","url":"https:\/\/www.archiv-frau-musik.de\/en\/","name":"Archiv Frau und Musik","description":"","potentialAction":[{"@type":"SearchAction","target":{"@type":"EntryPoint","urlTemplate":"https:\/\/www.archiv-frau-musik.de\/en\/?s={search_term_string}"},"query-input":{"@type":"PropertyValueSpecification","valueRequired":true,"valueName":"search_term_string"}}],"inLanguage":"en-US"}]}</script>
<!-- / Yoast SEO plugin. -->

56. Komponist:innenporträt zu Grażyna Bacewicz mit dem Münchener Kammerorchester in der Pinakothek der Moderne – eine Nachtmusik.

Grażyna Bacewicz im Porträt | Konzert
