{"id":8663,"date":"2022-04-26T16:37:38","date_gmt":"2022-04-26T14:37:38","guid":{"rendered":"https:\/\/www.archiv-frau-musik.de\/?page_id=8663"},"modified":"2026-01-19T15:50:46","modified_gmt":"2026-01-19T14:50:46","slug":"weitere-projekte-2","status":"publish","type":"page","link":"https:\/\/www.archiv-frau-musik.de\/en\/weitere-projekte-2","title":{"rendered":"Further Projects"},"content":{"rendered":"<p>Here you will find our other, completed projects of the last few years:<\/p>\n<ul>\n<li><a href=\"https:\/\/www.archiv-frau-musik.de\/en\/wir-geben-den-ton-an-chancengleichheit-fuer-komponistinnen\">We Set the Tone: Equal Opportunities For Women Composers<\/a><\/li>\n<li><a href=\"https:\/\/www.archiv-frau-musik.de\/en\/digitale-chortage-ortswechsel-chormusik-von-komponistinnen\">Digital Choir Days: #Change of Place | Choral Music by Women Composers<\/a> 29 Oct.-1 Nov. 2021<\/li>\n<li><a href=\"https:\/\/www.archiv-frau-musik.de\/en\/vivavoce\">Archiving our magazine <em>VivaVoce<\/em><\/a><\/li>\n<li><a href=\"https:\/\/www.archiv-frau-musik.de\/en\/komponistinnen-welten\" target=\"_blank\" rel=\"noopener\">Women composers&#8217; worlds<\/a><\/li>\n<\/ul>\n<p><\/p>","protected":false},"excerpt":{"rendered":"<p>Here you will find our other, completed projects of the last few years: We Set the Tone: Equal Opportunities For Women Composers Digital Choir Days: #Change of Place | Choral Music by Women Composers 29 Oct.-1 Nov. 2021 Archiving our magazine VivaVoce Women composers&#8217; worlds<\/p>\n","protected":false},"author":5,"featured_media":0,"parent":0,"menu_order":0,"comment_status":"closed","ping_status":"closed","template":"","meta":{"generate_page_header":"","footnotes":""},"class_list":["post-8663","page","type-page","status-publish"],"yoast_head":"<!-- This site is optimized with the Yoast SEO plugin v27.5 - https:\/\/yoast.com\/product\/yoast-seo-wordpress\/ -->\n<title>Further Projects &#8211; Archiv Frau und Musik<\/title>\n<meta name=\"description\" content=\"Vous trouverez ici nos autres projets, ainsi que ceux qui ont \u00e9t\u00e9 achev\u00e9s ces derni\u00e8res ann\u00e9es.\" \/>\n<meta name=\"robots\" content=\"index, follow, max-snippet:-1, max-image-preview:large, max-video-preview:-1\" \/>\n<link rel=\"canonical\" href=\"https:\/\/www.archiv-frau-musik.de\/en\/weitere-projekte-2\" \/>\n<meta property=\"og:locale\" content=\"en_US\" \/>\n<meta property=\"og:type\" content=\"article\" \/>\n<meta property=\"og:title\" content=\"Further Projects &#8211; Archiv Frau und Musik\" \/>\n<meta property=\"og:description\" content=\"Vous trouverez ici nos autres projets, ainsi que ceux qui ont \u00e9t\u00e9 achev\u00e9s ces derni\u00e8res ann\u00e9es.\" \/>\n<meta property=\"og:url\" content=\"https:\/\/www.archiv-frau-musik.de\/en\/weitere-projekte-2\" \/>\n<meta property=\"og:site_name\" content=\"Archiv Frau und Musik\" \/>\n<meta property=\"article:modified_time\" content=\"2026-01-19T14:50:46+00:00\" \/>\n<meta name=\"twitter:card\" content=\"summary_large_image\" \/>\n<meta name=\"twitter:label1\" content=\"Est. reading time\" \/>\n\t<meta name=\"twitter:data1\" content=\"1 minute\" \/>\n<script type=\"application\/ld+json\" class=\"yoast-schema-graph\">{\"@context\":\"https:\\\/\\\/schema.org\",\"@graph\":[{\"@type\":\"WebPage\",\"@id\":\"https:\\\/\\\/www.archiv-frau-musik.de\\\/en\\\/weitere-projekte-2\",\"url\":\"https:\\\/\\\/www.archiv-frau-musik.de\\\/en\\\/weitere-projekte-2\",\"name\":\"Further Projects &#8211; Archiv Frau und Musik\",\"isPartOf\":{\"@id\":\"https:\\\/\\\/www.archiv-frau-musik.de\\\/en\\\/#website\"},\"datePublished\":\"2022-04-26T14:37:38+00:00\",\"dateModified\":\"2026-01-19T14:50:46+00:00\",\"description\":\"Vous trouverez ici nos autres projets, ainsi que ceux qui ont \u00e9t\u00e9 achev\u00e9s ces derni\u00e8res ann\u00e9es.\",\"breadcrumb\":{\"@id\":\"https:\\\/\\\/www.archiv-frau-musik.de\\\/en\\\/weitere-projekte-2#breadcrumb\"},\"inLanguage\":\"en-US\",\"potentialAction\":[{\"@type\":\"ReadAction\",\"target\":[[\"https:\\\/\\\/www.archiv-frau-musik.de\\\/en\\\/weitere-projekte-2\"]]}]},{\"@type\":\"BreadcrumbList\",\"@id\":\"https:\\\/\\\/www.archiv-frau-musik.de\\\/en\\\/weitere-projekte-2#breadcrumb\",\"itemListElement\":[{\"@type\":\"ListItem\",\"position\":1,\"name\":\"Startseite\",\"item\":\"https:\\\/\\\/www.archiv-frau-musik.de\\\/en\\\/\"},{\"@type\":\"ListItem\",\"position\":2,\"name\":\"Weitere Projekte\"}]},{\"@type\":\"WebSite\",\"@id\":\"https:\\\/\\\/www.archiv-frau-musik.de\\\/en\\\/#website\",\"url\":\"https:\\\/\\\/www.archiv-frau-musik.de\\\/en\\\/\",\"name\":\"Archiv Frau und Musik\",\"description\":\"\",\"potentialAction\":[{\"@type\":\"SearchAction\",\"target\":{\"@type\":\"EntryPoint\",\"urlTemplate\":\"https:\\\/\\\/www.archiv-frau-musik.de\\\/en\\\/?s={search_term_string}\"},\"query-input\":{\"@type\":\"PropertyValueSpecification\",\"valueRequired\":true,\"valueName\":\"search_term_string\"}}],\"inLanguage\":\"en-US\"}]}<\/script>\n<!-- \/ Yoast SEO plugin. -->","yoast_head_json":{"title":"Further Projects &#8211; Archiv Frau und Musik","description":"Vous trouverez ici nos autres projets, ainsi que ceux qui ont \u00e9t\u00e9 achev\u00e9s ces derni\u00e8res ann\u00e9es.","robots":{"index":"index","follow":"follow","max-snippet":"max-snippet:-1","max-image-preview":"max-image-preview:large","max-video-preview":"max-video-preview:-1"},"canonical":"https:\/\/www.archiv-frau-musik.de\/en\/weitere-projekte-2","og_locale":"en_US","og_type":"article","og_title":"Further Projects &#8211; Archiv Frau und Musik","og_description":"Vous trouverez ici nos autres projets, ainsi que ceux qui ont \u00e9t\u00e9 achev\u00e9s ces derni\u00e8res ann\u00e9es.","og_url":"https:\/\/www.archiv-frau-musik.de\/en\/weitere-projekte-2","og_site_name":"Archiv Frau und Musik","article_modified_time":"2026-01-19T14:50:46+00:00","twitter_card":"summary_large_image","twitter_misc":{"Est. reading time":"1 minute"},"schema":{"@context":"https:\/\/schema.org","@graph":[{"@type":"WebPage","@id":"https:\/\/www.archiv-frau-musik.de\/en\/weitere-projekte-2","url":"https:\/\/www.archiv-frau-musik.de\/en\/weitere-projekte-2","name":"Further Projects &#8211; Archiv Frau und Musik","isPartOf":{"@id":"https:\/\/www.archiv-frau-musik.de\/en\/#website"},"datePublished":"2022-04-26T14:37:38+00:00","dateModified":"2026-01-19T14:50:46+00:00","description":"Vous trouverez ici nos autres projets, ainsi que ceux qui ont \u00e9t\u00e9 achev\u00e9s ces derni\u00e8res ann\u00e9es.","breadcrumb":{"@id":"https:\/\/www.archiv-frau-musik.de\/en\/weitere-projekte-2#breadcrumb"},"inLanguage":"en-US","potentialAction":[{"@type":"ReadAction","target":[["https:\/\/www.archiv-frau-musik.de\/en\/weitere-projekte-2"]]}]},{"@type":"BreadcrumbList","@id":"https:\/\/www.archiv-frau-musik.de\/en\/weitere-projekte-2#breadcrumb","itemListElement":[{"@type":"ListItem","position":1,"name":"Startseite","item":"https:\/\/www.archiv-frau-musik.de\/en\/"},{"@type":"ListItem","position":2,"name":"Weitere Projekte"}]},{"@type":"WebSite","@id":"https:\/\/www.archiv-frau-musik.de\/en\/#website","url":"https:\/\/www.archiv-frau-musik.de\/en\/","name":"Archiv Frau und Musik","description":"","potentialAction":[{"@type":"SearchAction","target":{"@type":"EntryPoint","urlTemplate":"https:\/\/www.archiv-frau-musik.de\/en\/?s={search_term_string}"},"query-input":{"@type":"PropertyValueSpecification","valueRequired":true,"valueName":"search_term_string"}}],"inLanguage":"en-US"}]}},"_links":{"self":[{"href":"https:\/\/www.archiv-frau-musik.de\/en\/wp-json\/wp\/v2\/pages\/8663","targetHints":{"allow":["GET"]}}],"collection":[{"href":"https:\/\/www.archiv-frau-musik.de\/en\/wp-json\/wp\/v2\/pages"}],"about":[{"href":"https:\/\/www.archiv-frau-musik.de\/en\/wp-json\/wp\/v2\/types\/page"}],"author":[{"embeddable":true,"href":"https:\/\/www.archiv-frau-musik.de\/en\/wp-json\/wp\/v2\/users\/5"}],"replies":[{"embeddable":true,"href":"https:\/\/www.archiv-frau-musik.de\/en\/wp-json\/wp\/v2\/comments?post=8663"}],"version-history":[{"count":8,"href":"https:\/\/www.archiv-frau-musik.de\/en\/wp-json\/wp\/v2\/pages\/8663\/revisions"}],"predecessor-version":[{"id":16091,"href":"https:\/\/www.archiv-frau-musik.de\/en\/wp-json\/wp\/v2\/pages\/8663\/revisions\/16091"}],"wp:attachment":[{"href":"https:\/\/www.archiv-frau-musik.de\/en\/wp-json\/wp\/v2\/media?parent=8663"}],"curies":[{"name":"wp","href":"https:\/\/api.w.org\/{rel}","templated":true}]}}

<!-- This site is optimized with the Yoast SEO plugin v27.5 - https://yoast.com/product/yoast-seo-wordpress/ -->
<title>Further Projects &#8211; Archiv Frau und Musik</title>
<meta name="description" content="Vous trouverez ici nos autres projets, ainsi que ceux qui ont été achevés ces dernières années." />
<meta name="robots" content="index, follow, max-snippet:-1, max-image-preview:large, max-video-preview:-1" />
<link rel="canonical" href="https://www.archiv-frau-musik.de/en/weitere-projekte-2" />
<meta property="og:locale" content="en_US" />
<meta property="og:type" content="article" />
<meta property="og:title" content="Further Projects &#8211; Archiv Frau und Musik" />
<meta property="og:description" content="Vous trouverez ici nos autres projets, ainsi que ceux qui ont été achevés ces dernières années." />
<meta property="og:url" content="https://www.archiv-frau-musik.de/en/weitere-projekte-2" />
<meta property="og:site_name" content="Archiv Frau und Musik" />
<meta property="article:modified_time" content="2026-01-19T14:50:46+00:00" />
<meta name="twitter:card" content="summary_large_image" />
<meta name="twitter:label1" content="Est. reading time" />
	<meta name="twitter:data1" content="1 minute" />
<script type="application/ld+json" class="yoast-schema-graph">{"@context":"https:\/\/schema.org","@graph":[{"@type":"WebPage","@id":"https:\/\/www.archiv-frau-musik.de\/en\/weitere-projekte-2","url":"https:\/\/www.archiv-frau-musik.de\/en\/weitere-projekte-2","name":"Further Projects &#8211; Archiv Frau und Musik","isPartOf":{"@id":"https:\/\/www.archiv-frau-musik.de\/en\/#website"},"datePublished":"2022-04-26T14:37:38+00:00","dateModified":"2026-01-19T14:50:46+00:00","description":"Vous trouverez ici nos autres projets, ainsi que ceux qui ont été achevés ces dernières années.","breadcrumb":{"@id":"https:\/\/www.archiv-frau-musik.de\/en\/weitere-projekte-2#breadcrumb"},"inLanguage":"en-US","potentialAction":[{"@type":"ReadAction","target":[["https:\/\/www.archiv-frau-musik.de\/en\/weitere-projekte-2"]]}]},{"@type":"BreadcrumbList","@id":"https:\/\/www.archiv-frau-musik.de\/en\/weitere-projekte-2#breadcrumb","itemListElement":[{"@type":"ListItem","position":1,"name":"Startseite","item":"https:\/\/www.archiv-frau-musik.de\/en\/"},{"@type":"ListItem","position":2,"name":"Weitere Projekte"}]},{"@type":"WebSite","@id":"https:\/\/www.archiv-frau-musik.de\/en\/#website","url":"https:\/\/www.archiv-frau-musik.de\/en\/","name":"Archiv Frau und Musik","description":"","potentialAction":[{"@type":"SearchAction","target":{"@type":"EntryPoint","urlTemplate":"https:\/\/www.archiv-frau-musik.de\/en\/?s={search_term_string}"},"query-input":{"@type":"PropertyValueSpecification","valueRequired":true,"valueName":"search_term_string"}}],"inLanguage":"en-US"}]}</script>
<!-- / Yoast SEO plugin. -->

Vous trouverez ici nos autres projets, ainsi que ceux qui ont été achevés ces dernières années.
