{"id":4862,"date":"2018-01-31T15:04:56","date_gmt":"2018-01-31T14:04:56","guid":{"rendered":"http:\/\/www.archiv-frau-musik.de\/?page_id=4862"},"modified":"2022-11-12T18:38:39","modified_gmt":"2022-11-12T17:38:39","slug":"komponistinnen-welten","status":"publish","type":"page","link":"https:\/\/www.archiv-frau-musik.de\/en\/komponistinnen-welten","title":{"rendered":"Women Composers&#8217; Worlds"},"content":{"rendered":"<p>With <em>Women Composers&#8217; Worlds<\/em> we&#8217;d like to offer themed glimpses into our inventory in cooperation with composers, musicians, ensembles and conductors.<\/p>\n<p>We started last year with the celebrations for Tsippi Fleischer&#8217;s 70th birthday in the hall at <em>hoffmanns h\u00f6re<\/em>. This included the debut of her video opera, Adapa.<\/p>\n<p>In January 2018 the theme of <em>Women Composer&#8217;s Worlds<\/em> was choral music by women composers. For this, a workshop choir came together for one weekend. Under the direction of Mary Ellen Kitchens and Mareike Hilbrig, they gave a closing concert at <em>hoffmanns h\u00f6fe<\/em> featuring selected works from the Archiv Frau und Musik.<\/p>","protected":false},"excerpt":{"rendered":"<p>With Women Composers&#8217; Worlds we&#8217;d like to offer themed glimpses into our inventory in cooperation with composers, musicians, ensembles and conductors. We started last year with the celebrations for Tsippi Fleischer&#8217;s 70th birthday in the hall at hoffmanns h\u00f6re. This included the debut of her video opera, Adapa. In January 2018 the theme of Women &#8230; <a title=\"Women Composers&#8217; Worlds\" class=\"read-more\" href=\"https:\/\/www.archiv-frau-musik.de\/en\/komponistinnen-welten\" aria-label=\"Read more about Women Composers&#8217; Worlds\">Weiterlesen &#8230;<\/a><\/p>\n","protected":false},"author":5,"featured_media":0,"parent":0,"menu_order":0,"comment_status":"closed","ping_status":"closed","template":"","meta":{"generate_page_header":"","footnotes":""},"class_list":["post-4862","page","type-page","status-publish"],"yoast_head":"<!-- This site is optimized with the Yoast SEO plugin v27.5 - https:\/\/yoast.com\/product\/yoast-seo-wordpress\/ -->\n<title>Women Composers&#039; Worlds &#8211; Archiv Frau und Musik<\/title>\n<meta name=\"description\" content=\"Avec &quot;Univers des compositrices&quot;, nous souhaitons donner un aper\u00e7u th\u00e9matique de nos fonds en coop\u00e9ration avec des compositrices, des\" \/>\n<meta name=\"robots\" content=\"index, follow, max-snippet:-1, max-image-preview:large, max-video-preview:-1\" \/>\n<link rel=\"canonical\" href=\"https:\/\/www.archiv-frau-musik.de\/en\/komponistinnen-welten\" \/>\n<meta property=\"og:locale\" content=\"en_US\" \/>\n<meta property=\"og:type\" content=\"article\" \/>\n<meta property=\"og:title\" content=\"Women Composers&#039; Worlds &#8211; Archiv Frau und Musik\" \/>\n<meta property=\"og:description\" content=\"Avec &quot;Univers des compositrices&quot;, nous souhaitons donner un aper\u00e7u th\u00e9matique de nos fonds en coop\u00e9ration avec des compositrices, des\" \/>\n<meta property=\"og:url\" content=\"https:\/\/www.archiv-frau-musik.de\/en\/komponistinnen-welten\" \/>\n<meta property=\"og:site_name\" content=\"Archiv Frau und Musik\" \/>\n<meta property=\"article:modified_time\" content=\"2022-11-12T17:38:39+00:00\" \/>\n<meta name=\"twitter:card\" content=\"summary_large_image\" \/>\n<meta name=\"twitter:label1\" content=\"Est. reading time\" \/>\n\t<meta name=\"twitter:data1\" content=\"1 minute\" \/>\n<script type=\"application\/ld+json\" class=\"yoast-schema-graph\">{\"@context\":\"https:\\\/\\\/schema.org\",\"@graph\":[{\"@type\":\"WebPage\",\"@id\":\"https:\\\/\\\/www.archiv-frau-musik.de\\\/en\\\/komponistinnen-welten\",\"url\":\"https:\\\/\\\/www.archiv-frau-musik.de\\\/en\\\/komponistinnen-welten\",\"name\":\"Women Composers' Worlds &#8211; Archiv Frau und Musik\",\"isPartOf\":{\"@id\":\"https:\\\/\\\/www.archiv-frau-musik.de\\\/en\\\/#website\"},\"datePublished\":\"2018-01-31T14:04:56+00:00\",\"dateModified\":\"2022-11-12T17:38:39+00:00\",\"description\":\"Avec \\\"Univers des compositrices\\\", nous souhaitons donner un aper\u00e7u th\u00e9matique de nos fonds en coop\u00e9ration avec des compositrices, des\",\"breadcrumb\":{\"@id\":\"https:\\\/\\\/www.archiv-frau-musik.de\\\/en\\\/komponistinnen-welten#breadcrumb\"},\"inLanguage\":\"en-US\",\"potentialAction\":[{\"@type\":\"ReadAction\",\"target\":[[\"https:\\\/\\\/www.archiv-frau-musik.de\\\/en\\\/komponistinnen-welten\"]]}]},{\"@type\":\"BreadcrumbList\",\"@id\":\"https:\\\/\\\/www.archiv-frau-musik.de\\\/en\\\/komponistinnen-welten#breadcrumb\",\"itemListElement\":[{\"@type\":\"ListItem\",\"position\":1,\"name\":\"Startseite\",\"item\":\"https:\\\/\\\/www.archiv-frau-musik.de\\\/en\\\/\"},{\"@type\":\"ListItem\",\"position\":2,\"name\":\"Komponistinnen-Welten\"}]},{\"@type\":\"WebSite\",\"@id\":\"https:\\\/\\\/www.archiv-frau-musik.de\\\/en\\\/#website\",\"url\":\"https:\\\/\\\/www.archiv-frau-musik.de\\\/en\\\/\",\"name\":\"Archiv Frau und Musik\",\"description\":\"\",\"potentialAction\":[{\"@type\":\"SearchAction\",\"target\":{\"@type\":\"EntryPoint\",\"urlTemplate\":\"https:\\\/\\\/www.archiv-frau-musik.de\\\/en\\\/?s={search_term_string}\"},\"query-input\":{\"@type\":\"PropertyValueSpecification\",\"valueRequired\":true,\"valueName\":\"search_term_string\"}}],\"inLanguage\":\"en-US\"}]}<\/script>\n<!-- \/ Yoast SEO plugin. -->","yoast_head_json":{"title":"Women Composers' Worlds &#8211; Archiv Frau und Musik","description":"Avec \"Univers des compositrices\", nous souhaitons donner un aper\u00e7u th\u00e9matique de nos fonds en coop\u00e9ration avec des compositrices, des","robots":{"index":"index","follow":"follow","max-snippet":"max-snippet:-1","max-image-preview":"max-image-preview:large","max-video-preview":"max-video-preview:-1"},"canonical":"https:\/\/www.archiv-frau-musik.de\/en\/komponistinnen-welten","og_locale":"en_US","og_type":"article","og_title":"Women Composers' Worlds &#8211; Archiv Frau und Musik","og_description":"Avec \"Univers des compositrices\", nous souhaitons donner un aper\u00e7u th\u00e9matique de nos fonds en coop\u00e9ration avec des compositrices, des","og_url":"https:\/\/www.archiv-frau-musik.de\/en\/komponistinnen-welten","og_site_name":"Archiv Frau und Musik","article_modified_time":"2022-11-12T17:38:39+00:00","twitter_card":"summary_large_image","twitter_misc":{"Est. reading time":"1 minute"},"schema":{"@context":"https:\/\/schema.org","@graph":[{"@type":"WebPage","@id":"https:\/\/www.archiv-frau-musik.de\/en\/komponistinnen-welten","url":"https:\/\/www.archiv-frau-musik.de\/en\/komponistinnen-welten","name":"Women Composers' Worlds &#8211; Archiv Frau und Musik","isPartOf":{"@id":"https:\/\/www.archiv-frau-musik.de\/en\/#website"},"datePublished":"2018-01-31T14:04:56+00:00","dateModified":"2022-11-12T17:38:39+00:00","description":"Avec \"Univers des compositrices\", nous souhaitons donner un aper\u00e7u th\u00e9matique de nos fonds en coop\u00e9ration avec des compositrices, des","breadcrumb":{"@id":"https:\/\/www.archiv-frau-musik.de\/en\/komponistinnen-welten#breadcrumb"},"inLanguage":"en-US","potentialAction":[{"@type":"ReadAction","target":[["https:\/\/www.archiv-frau-musik.de\/en\/komponistinnen-welten"]]}]},{"@type":"BreadcrumbList","@id":"https:\/\/www.archiv-frau-musik.de\/en\/komponistinnen-welten#breadcrumb","itemListElement":[{"@type":"ListItem","position":1,"name":"Startseite","item":"https:\/\/www.archiv-frau-musik.de\/en\/"},{"@type":"ListItem","position":2,"name":"Komponistinnen-Welten"}]},{"@type":"WebSite","@id":"https:\/\/www.archiv-frau-musik.de\/en\/#website","url":"https:\/\/www.archiv-frau-musik.de\/en\/","name":"Archiv Frau und Musik","description":"","potentialAction":[{"@type":"SearchAction","target":{"@type":"EntryPoint","urlTemplate":"https:\/\/www.archiv-frau-musik.de\/en\/?s={search_term_string}"},"query-input":{"@type":"PropertyValueSpecification","valueRequired":true,"valueName":"search_term_string"}}],"inLanguage":"en-US"}]}},"_links":{"self":[{"href":"https:\/\/www.archiv-frau-musik.de\/en\/wp-json\/wp\/v2\/pages\/4862","targetHints":{"allow":["GET"]}}],"collection":[{"href":"https:\/\/www.archiv-frau-musik.de\/en\/wp-json\/wp\/v2\/pages"}],"about":[{"href":"https:\/\/www.archiv-frau-musik.de\/en\/wp-json\/wp\/v2\/types\/page"}],"author":[{"embeddable":true,"href":"https:\/\/www.archiv-frau-musik.de\/en\/wp-json\/wp\/v2\/users\/5"}],"replies":[{"embeddable":true,"href":"https:\/\/www.archiv-frau-musik.de\/en\/wp-json\/wp\/v2\/comments?post=4862"}],"version-history":[{"count":22,"href":"https:\/\/www.archiv-frau-musik.de\/en\/wp-json\/wp\/v2\/pages\/4862\/revisions"}],"predecessor-version":[{"id":9624,"href":"https:\/\/www.archiv-frau-musik.de\/en\/wp-json\/wp\/v2\/pages\/4862\/revisions\/9624"}],"wp:attachment":[{"href":"https:\/\/www.archiv-frau-musik.de\/en\/wp-json\/wp\/v2\/media?parent=4862"}],"curies":[{"name":"wp","href":"https:\/\/api.w.org\/{rel}","templated":true}]}}

<p>With <em>Women Composers&#8217; Worlds</em> we&#8217;d like to offer themed glimpses into our inventory in cooperation with composers, musicians, ensembles and conductors.</p>
<p>We started last year with the celebrations for Tsippi Fleischer&#8217;s 70th birthday in the hall at <em>hoffmanns höre</em>. This included the debut of her video opera, Adapa.</p>
<p>In January 2018 the theme of <em>Women Composer&#8217;s Worlds</em> was choral music by women composers. For this, a workshop choir came together for one weekend. Under the direction of Mary Ellen Kitchens and Mareike Hilbrig, they gave a closing concert at <em>hoffmanns höfe</em> featuring selected works from the Archiv Frau und Musik.</p>

<p>With Women Composers&#8217; Worlds we&#8217;d like to offer themed glimpses into our inventory in cooperation with composers, musicians, ensembles and conductors. We started last year with the celebrations for Tsippi Fleischer&#8217;s 70th birthday in the hall at hoffmanns höre. This included the debut of her video opera, Adapa. In January 2018 the theme of Women &#8230; <a title="Women Composers&#8217; Worlds" class="read-more" href="https://www.archiv-frau-musik.de/en/komponistinnen-welten" aria-label="Read more about Women Composers&#8217; Worlds">Weiterlesen &#8230;</a></p>

<!-- This site is optimized with the Yoast SEO plugin v27.5 - https://yoast.com/product/yoast-seo-wordpress/ -->
<title>Women Composers&#039; Worlds &#8211; Archiv Frau und Musik</title>
<meta name="description" content="Avec &quot;Univers des compositrices&quot;, nous souhaitons donner un aperçu thématique de nos fonds en coopération avec des compositrices, des" />
<meta name="robots" content="index, follow, max-snippet:-1, max-image-preview:large, max-video-preview:-1" />
<link rel="canonical" href="https://www.archiv-frau-musik.de/en/komponistinnen-welten" />
<meta property="og:locale" content="en_US" />
<meta property="og:type" content="article" />
<meta property="og:title" content="Women Composers&#039; Worlds &#8211; Archiv Frau und Musik" />
<meta property="og:description" content="Avec &quot;Univers des compositrices&quot;, nous souhaitons donner un aperçu thématique de nos fonds en coopération avec des compositrices, des" />
<meta property="og:url" content="https://www.archiv-frau-musik.de/en/komponistinnen-welten" />
<meta property="og:site_name" content="Archiv Frau und Musik" />
<meta property="article:modified_time" content="2022-11-12T17:38:39+00:00" />
<meta name="twitter:card" content="summary_large_image" />
<meta name="twitter:label1" content="Est. reading time" />
	<meta name="twitter:data1" content="1 minute" />
<script type="application/ld+json" class="yoast-schema-graph">{"@context":"https:\/\/schema.org","@graph":[{"@type":"WebPage","@id":"https:\/\/www.archiv-frau-musik.de\/en\/komponistinnen-welten","url":"https:\/\/www.archiv-frau-musik.de\/en\/komponistinnen-welten","name":"Women Composers' Worlds &#8211; Archiv Frau und Musik","isPartOf":{"@id":"https:\/\/www.archiv-frau-musik.de\/en\/#website"},"datePublished":"2018-01-31T14:04:56+00:00","dateModified":"2022-11-12T17:38:39+00:00","description":"Avec \"Univers des compositrices\", nous souhaitons donner un aperçu thématique de nos fonds en coopération avec des compositrices, des","breadcrumb":{"@id":"https:\/\/www.archiv-frau-musik.de\/en\/komponistinnen-welten#breadcrumb"},"inLanguage":"en-US","potentialAction":[{"@type":"ReadAction","target":[["https:\/\/www.archiv-frau-musik.de\/en\/komponistinnen-welten"]]}]},{"@type":"BreadcrumbList","@id":"https:\/\/www.archiv-frau-musik.de\/en\/komponistinnen-welten#breadcrumb","itemListElement":[{"@type":"ListItem","position":1,"name":"Startseite","item":"https:\/\/www.archiv-frau-musik.de\/en\/"},{"@type":"ListItem","position":2,"name":"Komponistinnen-Welten"}]},{"@type":"WebSite","@id":"https:\/\/www.archiv-frau-musik.de\/en\/#website","url":"https:\/\/www.archiv-frau-musik.de\/en\/","name":"Archiv Frau und Musik","description":"","potentialAction":[{"@type":"SearchAction","target":{"@type":"EntryPoint","urlTemplate":"https:\/\/www.archiv-frau-musik.de\/en\/?s={search_term_string}"},"query-input":{"@type":"PropertyValueSpecification","valueRequired":true,"valueName":"search_term_string"}}],"inLanguage":"en-US"}]}</script>
<!-- / Yoast SEO plugin. -->

Avec "Univers des compositrices", nous souhaitons donner un aperçu thématique de nos fonds en coopération avec des compositrices, des
