{"id":4818,"date":"2018-01-31T13:27:39","date_gmt":"2018-01-31T12:27:39","guid":{"rendered":"http:\/\/www.archiv-frau-musik.de\/?page_id=4818"},"modified":"2022-10-17T16:06:07","modified_gmt":"2022-10-17T14:06:07","slug":"kontakt","status":"publish","type":"page","link":"https:\/\/www.archiv-frau-musik.de\/en\/kontakt","title":{"rendered":"Contact us"},"content":{"rendered":"<p><\/p>\n<h2>Kontaktformular | Contact form<\/h2>\n\n<div class=\"wpcf7 no-js\" id=\"wpcf7-f4812-o2\" lang=\"de-DE\" dir=\"ltr\" data-wpcf7-id=\"4812\">\n<div class=\"screen-reader-response\"><p role=\"status\" aria-live=\"polite\" aria-atomic=\"true\"><\/p> <ul><\/ul><\/div>\n<form action=\"\/en\/wp-json\/wp\/v2\/pages\/4818#wpcf7-f4812-o2\" method=\"post\" class=\"wpcf7-form init\" aria-label=\"Kontaktformular\" novalidate=\"novalidate\" data-status=\"init\">\n<fieldset class=\"hidden-fields-container\"><input type=\"hidden\" name=\"_wpcf7\" value=\"4812\" \/><input type=\"hidden\" name=\"_wpcf7_version\" value=\"6.1.5\" \/><input type=\"hidden\" name=\"_wpcf7_locale\" value=\"de_DE\" \/><input type=\"hidden\" name=\"_wpcf7_unit_tag\" value=\"wpcf7-f4812-o2\" \/><input type=\"hidden\" name=\"_wpcf7_container_post\" value=\"0\" \/><input type=\"hidden\" name=\"_wpcf7_posted_data_hash\" value=\"\" \/>\n<\/fieldset>\n<p><label> Name* | Name* | Nom*<br \/>\n<span class=\"wpcf7-form-control-wrap\" data-name=\"your-name\"><input size=\"40\" maxlength=\"400\" class=\"wpcf7-form-control wpcf7-text wpcf7-validates-as-required\" aria-required=\"true\" aria-invalid=\"false\" value=\"\" type=\"text\" name=\"your-name\" \/><\/span> <\/label>\n<\/p>\n<p><label>E-Mail* | E-Mail* | E-mail*<br \/>\n<span class=\"wpcf7-form-control-wrap\" data-name=\"your-email\"><input size=\"40\" maxlength=\"400\" class=\"wpcf7-form-control wpcf7-email wpcf7-validates-as-required wpcf7-text wpcf7-validates-as-email\" aria-required=\"true\" aria-invalid=\"false\" value=\"\" type=\"email\" name=\"your-email\" \/><\/span> <\/label>\n<\/p>\n<p><label> Betreff | Subject | Sujet<br \/>\n<span class=\"wpcf7-form-control-wrap\" data-name=\"your-subject\"><input size=\"40\" maxlength=\"400\" class=\"wpcf7-form-control wpcf7-text\" aria-invalid=\"false\" value=\"\" type=\"text\" name=\"your-subject\" \/><\/span> <\/label>\n<\/p>\n<p><label> Ihre Nachricht | Your Message | Votre message<br \/>\n<span class=\"wpcf7-form-control-wrap\" data-name=\"your-message\"><textarea cols=\"40\" rows=\"10\" maxlength=\"2000\" class=\"wpcf7-form-control wpcf7-textarea\" aria-invalid=\"false\" name=\"your-message\"><\/textarea><\/span> <\/label>\n<\/p>\n<p><span class=\"wpcf7-form-control-wrap\" data-name=\"checkbox-445\"><span class=\"wpcf7-form-control wpcf7-checkbox wpcf7-validates-as-required wpcf7-exclusive-checkbox\"><span class=\"wpcf7-list-item first last\"><input type=\"checkbox\" name=\"checkbox-445\" value=\"Ich habe die folgende Vereinbarung gelesen und verstanden\/I have read and accepted the following:\" \/><span class=\"wpcf7-list-item-label\">Ich habe die folgende Vereinbarung gelesen und verstanden\/I have read and accepted the following:<\/span><\/span><\/span><\/span> Wenn Sie dem Betreiber per Kontaktformular Anfragen zukommen lassen, werden Ihre Angaben aus dem Anfrageformular inklusive der von Ihnen dort angegebenen Kontaktdaten zwecks Bearbeitung der Anfrage und f\u00fcr den Fall von Anschlussfragen gespeichert. Diese Daten werden nicht ohne Ihre Einwilligung weitergegeben | If you send inquiries to the operator via the contact form, your details will be saved from the request form including the contact details you provided there for the purpose of processing the request and in case of follow-up questions. These data will not be shared without your consent | Si vous envoyez des demandes \u00e0 l'exploitant par le biais du formulaire de contact, vos donn\u00e9es du formulaire de demande, y compris les donn\u00e9es de contact que vous y avez indiqu\u00e9es, sont enregistr\u00e9es dans le but de traiter la demande et en cas de questions de suivi. Ces donn\u00e9es ne sont pas transmises sans votre consentement.\n<\/p>\n<p>Adresse | Address | Adresse<br \/>\nArchiv Frau und Musik \u2013 Internationale Forschungsst\u00e4tte<br \/>\nHeinrich-Hoffmann-Str. 3<br \/>\n60528 Frankfurt am Main<br \/>\nTel.: +49-(0)69-95 92 86 85<br \/>\nFax: +49-(0)69-95 92 86 90<br \/>\nE-Mail: info(at)archiv-frau-musik.de\n<\/p>\n<p><span class=\"wpcf7-form-control-wrap\" data-name=\"quiz-938\"><label><span class=\"wpcf7-quiz-label\">4+3=?<\/span> <input size=\"40\" class=\"wpcf7-form-control wpcf7-quiz\" autocomplete=\"off\" aria-required=\"true\" aria-invalid=\"false\" type=\"text\" name=\"quiz-938\" \/><\/label><input type=\"hidden\" name=\"_wpcf7_quiz_answer_quiz-938\" value=\"8f6180b1c5875ce8789ea3613bcc8b5c\" \/><\/span><br \/>\n<span id=\"wpcf7-69edf66ae0e5f-wrapper\" class=\"wpcf7-form-control-wrap altname-wrap\" style=\"display:none !important; visibility:hidden !important;\"><input type=\"hidden\" name=\"altname-time-start\" value=\"1777202794\"><input type=\"hidden\" name=\"altname-time-check\" value=\"4\"><label for=\"wpcf7-69edf66ae0e5f-field\" class=\"hp-message\">Bitte lasse dieses Feld leer.<\/label><input id=\"wpcf7-69edf66ae0e5f-field\"  class=\"wpcf7-form-control wpcf7-text\" type=\"text\" name=\"altname\" value=\"\" size=\"40\" tabindex=\"-1\" autocomplete=\"new-password\" \/><\/span><br \/>\n<input class=\"wpcf7-form-control wpcf7-submit has-spinner\" type=\"submit\" value=\"Send\" \/>\n<\/p><div class=\"wpcf7-response-output\" aria-hidden=\"true\"><\/div>\n<\/form>\n<\/div>\n\n<p>&nbsp;<\/p>","protected":false},"excerpt":{"rendered":"<p>Kontaktformular | Contact form &nbsp;<\/p>\n","protected":false},"author":6,"featured_media":0,"parent":0,"menu_order":0,"comment_status":"closed","ping_status":"closed","template":"","meta":{"generate_page_header":"","footnotes":""},"class_list":["post-4818","page","type-page","status-publish"],"yoast_head":"<!-- This site is optimized with the Yoast SEO plugin v27.4 - https:\/\/yoast.com\/product\/yoast-seo-wordpress\/ -->\n<title>Contact us &#8211; Archiv Frau und Musik<\/title>\n<meta name=\"robots\" content=\"index, follow, max-snippet:-1, max-image-preview:large, max-video-preview:-1\" \/>\n<link rel=\"canonical\" href=\"https:\/\/www.archiv-frau-musik.de\/en\/kontakt\" \/>\n<meta property=\"og:locale\" content=\"en_US\" \/>\n<meta property=\"og:type\" content=\"article\" \/>\n<meta property=\"og:title\" content=\"Contact us &#8211; Archiv Frau und Musik\" \/>\n<meta property=\"og:description\" content=\"Kontaktformular | Contact form &nbsp;\" \/>\n<meta property=\"og:url\" content=\"https:\/\/www.archiv-frau-musik.de\/en\/kontakt\" \/>\n<meta property=\"og:site_name\" content=\"Archiv Frau und Musik\" \/>\n<meta property=\"article:modified_time\" content=\"2022-10-17T14:06:07+00:00\" \/>\n<meta name=\"twitter:card\" content=\"summary_large_image\" \/>\n<meta name=\"twitter:label1\" content=\"Est. reading time\" \/>\n\t<meta name=\"twitter:data1\" content=\"1 minute\" \/>\n<script type=\"application\/ld+json\" class=\"yoast-schema-graph\">{\"@context\":\"https:\\\/\\\/schema.org\",\"@graph\":[{\"@type\":\"WebPage\",\"@id\":\"https:\\\/\\\/www.archiv-frau-musik.de\\\/en\\\/kontakt\",\"url\":\"https:\\\/\\\/www.archiv-frau-musik.de\\\/en\\\/kontakt\",\"name\":\"Contact us &#8211; Archiv Frau und Musik\",\"isPartOf\":{\"@id\":\"https:\\\/\\\/www.archiv-frau-musik.de\\\/en\\\/#website\"},\"datePublished\":\"2018-01-31T12:27:39+00:00\",\"dateModified\":\"2022-10-17T14:06:07+00:00\",\"breadcrumb\":{\"@id\":\"https:\\\/\\\/www.archiv-frau-musik.de\\\/en\\\/kontakt#breadcrumb\"},\"inLanguage\":\"en-US\",\"potentialAction\":[{\"@type\":\"ReadAction\",\"target\":[[\"https:\\\/\\\/www.archiv-frau-musik.de\\\/en\\\/kontakt\"]]}]},{\"@type\":\"BreadcrumbList\",\"@id\":\"https:\\\/\\\/www.archiv-frau-musik.de\\\/en\\\/kontakt#breadcrumb\",\"itemListElement\":[{\"@type\":\"ListItem\",\"position\":1,\"name\":\"Startseite\",\"item\":\"https:\\\/\\\/www.archiv-frau-musik.de\\\/en\\\/\"},{\"@type\":\"ListItem\",\"position\":2,\"name\":\"Kontakt\"}]},{\"@type\":\"WebSite\",\"@id\":\"https:\\\/\\\/www.archiv-frau-musik.de\\\/en\\\/#website\",\"url\":\"https:\\\/\\\/www.archiv-frau-musik.de\\\/en\\\/\",\"name\":\"Archiv Frau und Musik\",\"description\":\"\",\"potentialAction\":[{\"@type\":\"SearchAction\",\"target\":{\"@type\":\"EntryPoint\",\"urlTemplate\":\"https:\\\/\\\/www.archiv-frau-musik.de\\\/en\\\/?s={search_term_string}\"},\"query-input\":{\"@type\":\"PropertyValueSpecification\",\"valueRequired\":true,\"valueName\":\"search_term_string\"}}],\"inLanguage\":\"en-US\"}]}<\/script>\n<!-- \/ Yoast SEO plugin. -->","yoast_head_json":{"title":"Contact us &#8211; Archiv Frau und Musik","robots":{"index":"index","follow":"follow","max-snippet":"max-snippet:-1","max-image-preview":"max-image-preview:large","max-video-preview":"max-video-preview:-1"},"canonical":"https:\/\/www.archiv-frau-musik.de\/en\/kontakt","og_locale":"en_US","og_type":"article","og_title":"Contact us &#8211; Archiv Frau und Musik","og_description":"Kontaktformular | Contact form &nbsp;","og_url":"https:\/\/www.archiv-frau-musik.de\/en\/kontakt","og_site_name":"Archiv Frau und Musik","article_modified_time":"2022-10-17T14:06:07+00:00","twitter_card":"summary_large_image","twitter_misc":{"Est. reading time":"1 minute"},"schema":{"@context":"https:\/\/schema.org","@graph":[{"@type":"WebPage","@id":"https:\/\/www.archiv-frau-musik.de\/en\/kontakt","url":"https:\/\/www.archiv-frau-musik.de\/en\/kontakt","name":"Contact us &#8211; Archiv Frau und Musik","isPartOf":{"@id":"https:\/\/www.archiv-frau-musik.de\/en\/#website"},"datePublished":"2018-01-31T12:27:39+00:00","dateModified":"2022-10-17T14:06:07+00:00","breadcrumb":{"@id":"https:\/\/www.archiv-frau-musik.de\/en\/kontakt#breadcrumb"},"inLanguage":"en-US","potentialAction":[{"@type":"ReadAction","target":[["https:\/\/www.archiv-frau-musik.de\/en\/kontakt"]]}]},{"@type":"BreadcrumbList","@id":"https:\/\/www.archiv-frau-musik.de\/en\/kontakt#breadcrumb","itemListElement":[{"@type":"ListItem","position":1,"name":"Startseite","item":"https:\/\/www.archiv-frau-musik.de\/en\/"},{"@type":"ListItem","position":2,"name":"Kontakt"}]},{"@type":"WebSite","@id":"https:\/\/www.archiv-frau-musik.de\/en\/#website","url":"https:\/\/www.archiv-frau-musik.de\/en\/","name":"Archiv Frau und Musik","description":"","potentialAction":[{"@type":"SearchAction","target":{"@type":"EntryPoint","urlTemplate":"https:\/\/www.archiv-frau-musik.de\/en\/?s={search_term_string}"},"query-input":{"@type":"PropertyValueSpecification","valueRequired":true,"valueName":"search_term_string"}}],"inLanguage":"en-US"}]}},"_links":{"self":[{"href":"https:\/\/www.archiv-frau-musik.de\/en\/wp-json\/wp\/v2\/pages\/4818","targetHints":{"allow":["GET"]}}],"collection":[{"href":"https:\/\/www.archiv-frau-musik.de\/en\/wp-json\/wp\/v2\/pages"}],"about":[{"href":"https:\/\/www.archiv-frau-musik.de\/en\/wp-json\/wp\/v2\/types\/page"}],"author":[{"embeddable":true,"href":"https:\/\/www.archiv-frau-musik.de\/en\/wp-json\/wp\/v2\/users\/6"}],"replies":[{"embeddable":true,"href":"https:\/\/www.archiv-frau-musik.de\/en\/wp-json\/wp\/v2\/comments?post=4818"}],"version-history":[{"count":11,"href":"https:\/\/www.archiv-frau-musik.de\/en\/wp-json\/wp\/v2\/pages\/4818\/revisions"}],"predecessor-version":[{"id":9364,"href":"https:\/\/www.archiv-frau-musik.de\/en\/wp-json\/wp\/v2\/pages\/4818\/revisions\/9364"}],"wp:attachment":[{"href":"https:\/\/www.archiv-frau-musik.de\/en\/wp-json\/wp\/v2\/media?parent=4818"}],"curies":[{"name":"wp","href":"https:\/\/api.w.org\/{rel}","templated":true}]}}

<p></p>
<h2>Kontaktformular | Contact form</h2>

<div class="wpcf7 no-js" id="wpcf7-f4812-o2" lang="de-DE" dir="ltr" data-wpcf7-id="4812">
<div class="screen-reader-response"><p role="status" aria-live="polite" aria-atomic="true"></p> <ul></ul></div>
<form action="/en/wp-json/wp/v2/pages/4818#wpcf7-f4812-o2" method="post" class="wpcf7-form init" aria-label="Kontaktformular" novalidate="novalidate" data-status="init">
<fieldset class="hidden-fields-container"><input type="hidden" name="_wpcf7" value="4812" /><input type="hidden" name="_wpcf7_version" value="6.1.5" /><input type="hidden" name="_wpcf7_locale" value="de_DE" /><input type="hidden" name="_wpcf7_unit_tag" value="wpcf7-f4812-o2" /><input type="hidden" name="_wpcf7_container_post" value="0" /><input type="hidden" name="_wpcf7_posted_data_hash" value="" />
</fieldset>
<p><label> Name* | Name* | Nom*<br />
<span class="wpcf7-form-control-wrap" data-name="your-name"><input size="40" maxlength="400" class="wpcf7-form-control wpcf7-text wpcf7-validates-as-required" aria-required="true" aria-invalid="false" value="" type="text" name="your-name" /></span> </label>
</p>
<p><label>E-Mail* | E-Mail* | E-mail*<br />
<span class="wpcf7-form-control-wrap" data-name="your-email"><input size="40" maxlength="400" class="wpcf7-form-control wpcf7-email wpcf7-validates-as-required wpcf7-text wpcf7-validates-as-email" aria-required="true" aria-invalid="false" value="" type="email" name="your-email" /></span> </label>
</p>
<p><label> Betreff | Subject | Sujet<br />
<span class="wpcf7-form-control-wrap" data-name="your-subject"><input size="40" maxlength="400" class="wpcf7-form-control wpcf7-text" aria-invalid="false" value="" type="text" name="your-subject" /></span> </label>
</p>
<p><label> Ihre Nachricht | Your Message | Votre message<br />
<span class="wpcf7-form-control-wrap" data-name="your-message"><textarea cols="40" rows="10" maxlength="2000" class="wpcf7-form-control wpcf7-textarea" aria-invalid="false" name="your-message"></textarea></span> </label>
</p>
<p><span class="wpcf7-form-control-wrap" data-name="checkbox-445"><span class="wpcf7-form-control wpcf7-checkbox wpcf7-validates-as-required wpcf7-exclusive-checkbox"><span class="wpcf7-list-item first last"><input type="checkbox" name="checkbox-445" value="Ich habe die folgende Vereinbarung gelesen und verstanden/I have read and accepted the following:" /><span class="wpcf7-list-item-label">Ich habe die folgende Vereinbarung gelesen und verstanden/I have read and accepted the following:</span></span></span></span> Wenn Sie dem Betreiber per Kontaktformular Anfragen zukommen lassen, werden Ihre Angaben aus dem Anfrageformular inklusive der von Ihnen dort angegebenen Kontaktdaten zwecks Bearbeitung der Anfrage und für den Fall von Anschlussfragen gespeichert. Diese Daten werden nicht ohne Ihre Einwilligung weitergegeben | If you send inquiries to the operator via the contact form, your details will be saved from the request form including the contact details you provided there for the purpose of processing the request and in case of follow-up questions. These data will not be shared without your consent | Si vous envoyez des demandes à l'exploitant par le biais du formulaire de contact, vos données du formulaire de demande, y compris les données de contact que vous y avez indiquées, sont enregistrées dans le but de traiter la demande et en cas de questions de suivi. Ces données ne sont pas transmises sans votre consentement.
</p>
<p>Adresse | Address | Adresse<br />
Archiv Frau und Musik – Internationale Forschungsstätte<br />
Heinrich-Hoffmann-Str. 3<br />
60528 Frankfurt am Main<br />
Tel.: +49-(0)69-95 92 86 85<br />
Fax: +49-(0)69-95 92 86 90<br />
E-Mail: info(at)archiv-frau-musik.de
</p>
<p><span class="wpcf7-form-control-wrap" data-name="quiz-938"><label><span class="wpcf7-quiz-label">4+3=?</span> <input size="40" class="wpcf7-form-control wpcf7-quiz" autocomplete="off" aria-required="true" aria-invalid="false" type="text" name="quiz-938" /></label><input type="hidden" name="_wpcf7_quiz_answer_quiz-938" value="8f6180b1c5875ce8789ea3613bcc8b5c" /></span><br />
<span id="wpcf7-69edf66ae0e5f-wrapper" class="wpcf7-form-control-wrap altname-wrap" style="display:none !important; visibility:hidden !important;"><input type="hidden" name="altname-time-start" value="1777202794"><input type="hidden" name="altname-time-check" value="4"><label for="wpcf7-69edf66ae0e5f-field" class="hp-message">Bitte lasse dieses Feld leer.</label><input id="wpcf7-69edf66ae0e5f-field"  class="wpcf7-form-control wpcf7-text" type="text" name="altname" value="" size="40" tabindex="-1" autocomplete="new-password" /></span><br />
<input class="wpcf7-form-control wpcf7-submit has-spinner" type="submit" value="Send" />
</p><div class="wpcf7-response-output" aria-hidden="true"></div>
</form>
</div>

<p>&nbsp;</p>
